{"id":7420,"date":"2025-08-11T09:35:25","date_gmt":"2025-08-11T09:35:25","guid":{"rendered":"https:\/\/proplaystore.lu\/?page_id=7420"},"modified":"2025-08-16T14:29:49","modified_gmt":"2025-08-16T14:29:49","slug":"service-de-nettoyage-dordinateurs","status":"publish","type":"page","link":"https:\/\/proplaystore.lu\/index.php\/service-de-nettoyage-dordinateurs\/","title":{"rendered":"Service de Nettoyage d\u2019Ordinateurs"},"content":{"rendered":"\t\t<div data-elementor-type=\"wp-page\" data-elementor-id=\"7420\" class=\"elementor elementor-7420\">\n\t\t\t\t<div class=\"elementor-element elementor-element-1e5a975e e-flex e-con-boxed kitify-col-width-auto-no ignore-docs-style-no kitify-disable-relative-no e-root-container elementor-top-section e-con e-parent\" data-id=\"1e5a975e\" data-element_type=\"container\">\n\t\t\t\t\t<div class=\"e-con-inner\">\n\t\t\t\t<div class=\"elementor-element elementor-element-cd7591e elementor-widget elementor-widget-heading\" data-id=\"cd7591e\" data-element_type=\"widget\" data-widget_type=\"heading.default\">\n\t\t\t\t\t<h1 class=\"elementor-heading-title elementor-size-default\">Service de Nettoyage d\u2019Ordinateurs<\/h1>\t\t\t\t<\/div>\n\t\t\t\t<div class=\"elementor-element elementor-element-1a94317c elementor-widget elementor-widget-text-editor\" data-id=\"1a94317c\" data-element_type=\"widget\" data-widget_type=\"text-editor.default\">\n\t\t\t\t\t\t\t\t\t\n<p>Gardez votre ordinateur au maximum de ses performances et prot\u00e9g\u00e9 contre la poussi\u00e8re et la surchauffe gr\u00e2ce \u00e0 notre\u00a0<strong>service de nettoyage trimestriel<\/strong>.<\/p>\n\n<p>Tous les\u00a0<strong>3 mois<\/strong>, notre \u00e9quipe sp\u00e9cialis\u00e9e effectue un nettoyage complet, garantissant que tous les composants internes soient exempts de poussi\u00e8re, de r\u00e9sidus et d\u2019obstructions pouvant compromettre le bon fonctionnement de la machine.<\/p>\n\n<p><strong>Ce qui est inclus dans le service :<\/strong><\/p>\n\n<ul class=\"wp-block-list\">\n<li>Nettoyage interne de tous les composants (carte m\u00e8re, processeur, carte graphique, alimentation, m\u00e9moire, ventilateurs).<\/li>\n\n<li>\u00c9limination de la poussi\u00e8re et des r\u00e9sidus avec air comprim\u00e9 et brosses antistatiques.<\/li>\n\n<li>Remplacement de la p\u00e2te thermique du processeur (si n\u00e9cessaire).<\/li>\n\n<li>V\u00e9rification g\u00e9n\u00e9rale du mat\u00e9riel pour d\u00e9tecter d\u2019\u00e9ventuels probl\u00e8mes.<\/li>\n\n<li>Nettoyage ext\u00e9rieur du bo\u00eetier et des p\u00e9riph\u00e9riques.<\/li>\n<\/ul>\n\n<p><strong>Avantages du forfait :<\/strong><\/p>\n\n<ul class=\"wp-block-list\">\n<li>Augmentation de la dur\u00e9e de vie de l\u2019ordinateur.<\/li>\n\n<li>R\u00e9duction du bruit et des temp\u00e9ratures internes.<\/li>\n\n<li>Meilleures performances et stabilit\u00e9.<\/li>\n\n<li>Pr\u00e9vention des pannes dues \u00e0 la surchauffe.<\/li>\n<\/ul>\n\n<p>Id\u00e9al pour\u00a0<strong>les gamers, les entreprises et les professionnels<\/strong>\u00a0qui utilisent leur ordinateur quotidiennement et souhaitent \u00e9viter les mauvaises surprises.<\/p>\n\n<p>\u00a0<\/p>\n\t\t\t\t\t\t\t\t<\/div>\n\t\t\t\t<div class=\"elementor-element elementor-element-73e202d elementor-widget elementor-widget-button\" data-id=\"73e202d\" data-element_type=\"widget\" data-widget_type=\"button.default\">\n\t\t\t\t\t\t\t\t\t\t<a class=\"elementor-button elementor-button-link elementor-size-sm\" href=\"#\">\n\t\t\t\t\t\t<span class=\"elementor-button-content-wrapper\">\n\t\t\t\t\t\t\t\t\t<span class=\"elementor-button-text\">ABONNEZ-VOUS 9,90 \u20ac \/ MOIS  <\/span>\n\t\t\t\t\t<\/span>\n\t\t\t\t\t<\/a>\n\t\t\t\t\t\t\t\t<\/div>\n\t\t\t\t\t<\/div>\n\t\t\t\t<\/div>\n\t\t<div class=\"elementor-element elementor-element-186e5d6 e-flex e-con-boxed kitify-col-width-auto-no ignore-docs-style-no kitify-disable-relative-no e-root-container elementor-top-section e-con e-parent\" data-id=\"186e5d6\" data-element_type=\"container\">\n\t\t\t\t\t<div class=\"e-con-inner\">\n\t\t\t\t\t<\/div>\n\t\t\t\t<\/div>\n\t\t<div class=\"elementor-element elementor-element-57b020b e-flex e-con-boxed kitify-col-width-auto-no ignore-docs-style-no kitify-disable-relative-no e-root-container elementor-top-section e-con e-parent\" data-id=\"57b020b\" data-element_type=\"container\">\n\t\t\t\t\t<div class=\"e-con-inner\">\n\t\t\t\t\t<\/div>\n\t\t\t\t<\/div>\n\t\t\t\t<\/div>\n\t\t","protected":false},"excerpt":{"rendered":"<p>Service de Nettoyage d\u2019Ordinateurs Gardez votre ordinateur au maximum de ses performances et prot\u00e9g\u00e9 contre la poussi\u00e8re et la surchauffe gr\u00e2ce \u00e0 notre\u00a0service de nettoyage trimestriel. Tous les\u00a03 mois, notre \u00e9quipe sp\u00e9cialis\u00e9e effectue un nettoyage complet, garantissant que tous les composants internes soient exempts de poussi\u00e8re, de r\u00e9sidus et d\u2019obstructions pouvant compromettre le bon fonctionnement de la machine. Ce qui\u2026<\/p>\n","protected":false},"author":1,"featured_media":0,"parent":0,"menu_order":0,"comment_status":"closed","ping_status":"closed","template":"","meta":{"footnotes":""},"class_list":["post-7420","page","type-page","status-publish","hentry"],"yoast_head":"<!-- This site is optimized with the Yoast SEO plugin v26.4 - https:\/\/yoast.com\/wordpress\/plugins\/seo\/ -->\n<title>Service de Nettoyage d\u2019Ordinateurs - ProPlaystore<\/title>\n<meta name=\"robots\" content=\"index, follow, max-snippet:-1, max-image-preview:large, max-video-preview:-1\" \/>\n<link rel=\"canonical\" href=\"https:\/\/proplaystore.lu\/index.php\/service-de-nettoyage-dordinateurs\/\" \/>\n<meta property=\"og:locale\" content=\"en_US\" \/>\n<meta property=\"og:type\" content=\"article\" \/>\n<meta property=\"og:title\" content=\"Service de Nettoyage d\u2019Ordinateurs - ProPlaystore\" \/>\n<meta property=\"og:description\" content=\"Service de Nettoyage d\u2019Ordinateurs Gardez votre ordinateur au maximum de ses performances et prot\u00e9g\u00e9 contre la poussi\u00e8re et la surchauffe gr\u00e2ce \u00e0 notre\u00a0service de nettoyage trimestriel. Tous les\u00a03 mois, notre \u00e9quipe sp\u00e9cialis\u00e9e effectue un nettoyage complet, garantissant que tous les composants internes soient exempts de poussi\u00e8re, de r\u00e9sidus et d\u2019obstructions pouvant compromettre le bon fonctionnement de la machine. Ce qui\u2026\" \/>\n<meta property=\"og:url\" content=\"https:\/\/proplaystore.lu\/index.php\/service-de-nettoyage-dordinateurs\/\" \/>\n<meta property=\"og:site_name\" content=\"ProPlaystore\" \/>\n<meta property=\"article:modified_time\" content=\"2025-08-16T14:29:49+00:00\" \/>\n<meta name=\"twitter:card\" content=\"summary_large_image\" \/>\n<meta name=\"twitter:label1\" content=\"Est. reading time\" \/>\n\t<meta name=\"twitter:data1\" content=\"1 minute\" \/>\n<script type=\"application\/ld+json\" class=\"yoast-schema-graph\">{\"@context\":\"https:\/\/schema.org\",\"@graph\":[{\"@type\":\"WebPage\",\"@id\":\"https:\/\/proplaystore.lu\/index.php\/service-de-nettoyage-dordinateurs\/\",\"url\":\"https:\/\/proplaystore.lu\/index.php\/service-de-nettoyage-dordinateurs\/\",\"name\":\"Service de Nettoyage d\u2019Ordinateurs - ProPlaystore\",\"isPartOf\":{\"@id\":\"https:\/\/proplaystore.lu\/#website\"},\"datePublished\":\"2025-08-11T09:35:25+00:00\",\"dateModified\":\"2025-08-16T14:29:49+00:00\",\"breadcrumb\":{\"@id\":\"https:\/\/proplaystore.lu\/index.php\/service-de-nettoyage-dordinateurs\/#breadcrumb\"},\"inLanguage\":\"en-US\",\"potentialAction\":[{\"@type\":\"ReadAction\",\"target\":[\"https:\/\/proplaystore.lu\/index.php\/service-de-nettoyage-dordinateurs\/\"]}]},{\"@type\":\"BreadcrumbList\",\"@id\":\"https:\/\/proplaystore.lu\/index.php\/service-de-nettoyage-dordinateurs\/#breadcrumb\",\"itemListElement\":[{\"@type\":\"ListItem\",\"position\":1,\"name\":\"Accueil\",\"item\":\"https:\/\/proplaystore.lu\/\"},{\"@type\":\"ListItem\",\"position\":2,\"name\":\"Service de Nettoyage d\u2019Ordinateurs\"}]},{\"@type\":\"WebSite\",\"@id\":\"https:\/\/proplaystore.lu\/#website\",\"url\":\"https:\/\/proplaystore.lu\/\",\"name\":\"ProPlaystore\",\"description\":\"proplaysre\",\"potentialAction\":[{\"@type\":\"SearchAction\",\"target\":{\"@type\":\"EntryPoint\",\"urlTemplate\":\"https:\/\/proplaystore.lu\/?s={search_term_string}\"},\"query-input\":{\"@type\":\"PropertyValueSpecification\",\"valueRequired\":true,\"valueName\":\"search_term_string\"}}],\"inLanguage\":\"en-US\"}]}<\/script>\n<!-- \/ Yoast SEO plugin. -->","yoast_head_json":{"title":"Service de Nettoyage d\u2019Ordinateurs - ProPlaystore","robots":{"index":"index","follow":"follow","max-snippet":"max-snippet:-1","max-image-preview":"max-image-preview:large","max-video-preview":"max-video-preview:-1"},"canonical":"https:\/\/proplaystore.lu\/index.php\/service-de-nettoyage-dordinateurs\/","og_locale":"en_US","og_type":"article","og_title":"Service de Nettoyage d\u2019Ordinateurs - ProPlaystore","og_description":"Service de Nettoyage d\u2019Ordinateurs Gardez votre ordinateur au maximum de ses performances et prot\u00e9g\u00e9 contre la poussi\u00e8re et la surchauffe gr\u00e2ce \u00e0 notre\u00a0service de nettoyage trimestriel. Tous les\u00a03 mois, notre \u00e9quipe sp\u00e9cialis\u00e9e effectue un nettoyage complet, garantissant que tous les composants internes soient exempts de poussi\u00e8re, de r\u00e9sidus et d\u2019obstructions pouvant compromettre le bon fonctionnement de la machine. Ce qui\u2026","og_url":"https:\/\/proplaystore.lu\/index.php\/service-de-nettoyage-dordinateurs\/","og_site_name":"ProPlaystore","article_modified_time":"2025-08-16T14:29:49+00:00","twitter_card":"summary_large_image","twitter_misc":{"Est. reading time":"1 minute"},"schema":{"@context":"https:\/\/schema.org","@graph":[{"@type":"WebPage","@id":"https:\/\/proplaystore.lu\/index.php\/service-de-nettoyage-dordinateurs\/","url":"https:\/\/proplaystore.lu\/index.php\/service-de-nettoyage-dordinateurs\/","name":"Service de Nettoyage d\u2019Ordinateurs - ProPlaystore","isPartOf":{"@id":"https:\/\/proplaystore.lu\/#website"},"datePublished":"2025-08-11T09:35:25+00:00","dateModified":"2025-08-16T14:29:49+00:00","breadcrumb":{"@id":"https:\/\/proplaystore.lu\/index.php\/service-de-nettoyage-dordinateurs\/#breadcrumb"},"inLanguage":"en-US","potentialAction":[{"@type":"ReadAction","target":["https:\/\/proplaystore.lu\/index.php\/service-de-nettoyage-dordinateurs\/"]}]},{"@type":"BreadcrumbList","@id":"https:\/\/proplaystore.lu\/index.php\/service-de-nettoyage-dordinateurs\/#breadcrumb","itemListElement":[{"@type":"ListItem","position":1,"name":"Accueil","item":"https:\/\/proplaystore.lu\/"},{"@type":"ListItem","position":2,"name":"Service de Nettoyage d\u2019Ordinateurs"}]},{"@type":"WebSite","@id":"https:\/\/proplaystore.lu\/#website","url":"https:\/\/proplaystore.lu\/","name":"ProPlaystore","description":"proplaysre","potentialAction":[{"@type":"SearchAction","target":{"@type":"EntryPoint","urlTemplate":"https:\/\/proplaystore.lu\/?s={search_term_string}"},"query-input":{"@type":"PropertyValueSpecification","valueRequired":true,"valueName":"search_term_string"}}],"inLanguage":"en-US"}]}},"_links":{"self":[{"href":"https:\/\/proplaystore.lu\/index.php\/wp-json\/wp\/v2\/pages\/7420","targetHints":{"allow":["GET"]}}],"collection":[{"href":"https:\/\/proplaystore.lu\/index.php\/wp-json\/wp\/v2\/pages"}],"about":[{"href":"https:\/\/proplaystore.lu\/index.php\/wp-json\/wp\/v2\/types\/page"}],"author":[{"embeddable":true,"href":"https:\/\/proplaystore.lu\/index.php\/wp-json\/wp\/v2\/users\/1"}],"replies":[{"embeddable":true,"href":"https:\/\/proplaystore.lu\/index.php\/wp-json\/wp\/v2\/comments?post=7420"}],"version-history":[{"count":19,"href":"https:\/\/proplaystore.lu\/index.php\/wp-json\/wp\/v2\/pages\/7420\/revisions"}],"predecessor-version":[{"id":7570,"href":"https:\/\/proplaystore.lu\/index.php\/wp-json\/wp\/v2\/pages\/7420\/revisions\/7570"}],"wp:attachment":[{"href":"https:\/\/proplaystore.lu\/index.php\/wp-json\/wp\/v2\/media?parent=7420"}],"curies":[{"name":"wp","href":"https:\/\/api.w.org\/{rel}","templated":true}]}}