{"id":7243,"date":"2025-08-10T14:39:09","date_gmt":"2025-08-10T14:39:09","guid":{"rendered":"https:\/\/proplaystore.lu\/?post_type=product&#038;p=7243"},"modified":"2025-08-11T00:15:06","modified_gmt":"2025-08-11T00:15:06","slug":"proplay-muse3050","status":"publish","type":"product","link":"https:\/\/proplaystore.lu\/index.php\/produit\/proplay-muse3050\/","title":{"rendered":"ProPlay Muse3050 PC ATX, 32 ran, AMD Ryzen 5 7600X, MSI NVIDIA GeForce RTX 3050 Ventus 8G"},"content":{"rendered":"<h2 data-start=\"186\" data-end=\"230\"><strong data-start=\"192\" data-end=\"230\">ProPlay Muse3050 \u2013 T\u00e9cnica de ficha<\/strong><\/h2>\n<div class=\"_tableContainer_1rjym_1\">\n<div class=\"_tableWrapper_1rjym_13 group flex w-fit flex-col-reverse\" tabindex=\"-1\">\n<table class=\"w-fit min-w-(--thread-content-width)\" data-start=\"231\" data-end=\"1176\">\n<thead data-start=\"231\" data-end=\"269\">\n<tr data-start=\"231\" data-end=\"269\">\n<th data-start=\"231\" data-end=\"254\" data-col-size=\"sm\"><strong data-start=\"233\" data-end=\"246\">Componente<\/strong><\/th>\n<th data-start=\"254\" data-end=\"269\" data-col-size=\"md\"><strong data-start=\"256\" data-end=\"267\">Detalhes<\/strong><\/th>\n<\/tr>\n<\/thead>\n<tbody data-start=\"309\" data-end=\"1176\">\n<tr data-start=\"309\" data-end=\"420\">\n<td data-start=\"309\" data-end=\"332\" data-col-size=\"sm\"><strong data-start=\"311\" data-end=\"322\">Bo\u00eetier<\/strong><\/td>\n<td data-col-size=\"md\" data-start=\"332\" data-end=\"420\">MUSETEX ATX \u2013 design moderne, panneau lat\u00e9ral en verre tremp\u00e9, ventila\u00e7\u00e3o optimis\u00e9e<\/td>\n<\/tr>\n<tr data-start=\"421\" data-end=\"521\">\n<td data-start=\"421\" data-end=\"444\" data-col-size=\"sm\"><strong data-start=\"423\" data-end=\"437\">Processeur<\/strong><\/td>\n<td data-col-size=\"md\" data-start=\"444\" data-end=\"521\">AMD Ryzen 5 7600X \u2013 6 c\u0153urs \/ 12 threads, fr\u00e9quence boost jusqu&#8217;\u00e0 5,3 GHz<\/td>\n<\/tr>\n<tr data-start=\"522\" data-end=\"620\">\n<td data-start=\"522\" data-end=\"545\" data-col-size=\"sm\"><strong data-start=\"524\" data-end=\"543\">Carta Gr\u00e1fica<\/strong><\/td>\n<td data-col-size=\"md\" data-start=\"545\" data-end=\"620\">MSI NVIDIA GeForce RTX 3050 Ventus 8G \u2013 8 Go GDDR6, ray tracing et DLSS<\/td>\n<\/tr>\n<tr data-start=\"621\" data-end=\"700\">\n<td data-start=\"621\" data-end=\"644\" data-col-size=\"sm\"><strong data-start=\"623\" data-end=\"639\">M\u00e9moire vive<\/strong><\/td>\n<td data-col-size=\"md\" data-start=\"644\" data-end=\"700\">32 Go DDR4 \u2013 haute vitesse pour gaming et multit\u00e2che<\/td>\n<\/tr>\n<tr data-start=\"701\" data-end=\"792\">\n<td data-start=\"701\" data-end=\"724\" data-col-size=\"sm\"><strong data-start=\"703\" data-end=\"715\">Estoque<\/strong><\/td>\n<td data-start=\"724\" data-end=\"792\" data-col-size=\"md\">SSD NVMe 1 To \u2013 d\u00e9marrage rapide, chargement instantan\u00e9 des jeux<\/td>\n<\/tr>\n<tr data-start=\"793\" data-end=\"872\">\n<td data-start=\"793\" data-end=\"816\" data-col-size=\"sm\"><strong data-start=\"795\" data-end=\"814\">Refroidissement<\/strong><\/td>\n<td data-start=\"816\" data-end=\"872\" data-col-size=\"md\">Ventila\u00e7\u00e3o multi-ventiladores + fluxo de ar optimis\u00e9<\/td>\n<\/tr>\n<tr data-start=\"873\" data-end=\"944\">\n<td data-start=\"873\" data-end=\"902\" data-col-size=\"sm\"><strong data-start=\"875\" data-end=\"901\">Syst\u00e8me d&#8217;exploitation<\/strong><\/td>\n<td data-col-size=\"md\" data-start=\"902\" data-end=\"944\">Windows 11 Pro (pr\u00e9install\u00e9 et activ\u00e9)<\/td>\n<\/tr>\n<tr data-start=\"945\" data-end=\"1023\">\n<td data-start=\"945\" data-end=\"968\" data-col-size=\"sm\"><strong data-start=\"947\" data-end=\"963\">Connectivit\u00e9<\/strong><\/td>\n<td data-col-size=\"md\" data-start=\"968\" data-end=\"1023\">USB 3.2, HDMI, DisplayPort, Ethernet Gigabit, Wi-Fi<\/td>\n<\/tr>\n<tr data-start=\"1024\" data-end=\"1097\">\n<td data-start=\"1024\" data-end=\"1047\" data-col-size=\"sm\"><strong data-start=\"1026\" data-end=\"1042\">Alimenta\u00e7\u00e3o<\/strong><\/td>\n<td data-col-size=\"md\" data-start=\"1047\" data-end=\"1097\">650W certifi\u00e9e 80+ Bronze \u2013 efic\u00e1cia e estabilidade<\/td>\n<\/tr>\n<tr data-start=\"1098\" data-end=\"1176\">\n<td data-start=\"1098\" data-end=\"1121\" data-col-size=\"sm\"><strong data-start=\"1100\" data-end=\"1114\">Dimens\u00f5es<\/strong><\/td>\n<td data-col-size=\"md\" data-start=\"1121\" data-end=\"1176\">Format ATX \u2013 compatibilit\u00e9 large avec p\u00e9riph\u00e9riques<\/td>\n<\/tr>\n<\/tbody>\n<\/table>\n<\/div>\n<\/div>\n","protected":false},"excerpt":{"rendered":"<p data-start=\"112\" data-end=\"420\">Le <strong data-start=\"135\" data-end=\"155\">ProPlay Muse3050<\/strong> est un PC gamer \u00e9l\u00e9gant et puissant, con\u00e7u pour offrir une exp\u00e9rience fluide et immersive dans tous vos jeux favoris. Install\u00e9 dans un <strong data-start=\"291\" data-end=\"314\">bo\u00eetier MUSETEX ATX<\/strong> au design moderne, il allie performance et style gr\u00e2ce \u00e0 un \u00e9clairage subtil et un flux d&#8217;air optimis\u00e9.<\/p>\n<p data-start=\"422\" data-end=\"874\">\ud83d\udd39 <strong data-start=\"425\" data-end=\"439\">Processador<\/strong> : AMD Ryzen 5 7600X \u2013 6 c\u0153urs \/ 12 threads, id\u00e9al pour le gaming et le multit\u00e2che<br data-start=\"521\" data-end=\"524\" \/>\ud83d\udd39 <strong data-start=\"527\" data-end=\"546\">Carte graphique<\/strong> : MSI NVIDIA GeForce RTX 3050 Ventus 8G \u2013 jouez en Full HD avec ray tracing<br data-start=\"622\" data-end=\"625\" \/>\ud83d\udd39 <strong data-start=\"628\" data-end=\"644\">Mem\u00f3ria :<\/strong> 32 Go RAM \u2013 rapidit\u00e9 et fluidit\u00e9 m\u00eame sur les t\u00e2ches lourdes<br data-start=\"707\" data-end=\"710\" \/>\ud83d\udd39 <strong data-start=\"713\" data-end=\"725\" data-is-only-node=\"\">Stockage<\/strong> : SSD NVMe 1 To \u2013 d\u00e9marrage ultra-rapide et chargement instantan\u00e9 des jeux<br data-start=\"800\" data-end=\"803\" \/>\ud83d\udd39 <strong data-start=\"806\" data-end=\"817\">Bo\u00eetier<\/strong> : MUSETEX ATX \u2013 ventila\u00e7\u00e3o optimis\u00e9e et design soign\u00e9<\/p>\n<p data-start=\"876\" data-end=\"964\">Parfait pour les joueurs qui recherchent <strong data-start=\"917\" data-end=\"961\">puissance, r\u00e9activit\u00e9 et un look moderne<\/strong>.<\/p>\n<p data-start=\"966\" data-end=\"1007\"><em data-start=\"969\" data-end=\"1005\">Desempenho fiable \u2013 Style assur\u00e9.<\/em><\/p>\n","protected":false},"featured_media":7326,"comment_status":"open","ping_status":"closed","template":"","meta":[],"product_brand":[],"product_cat":[15,60],"product_tag":[53,54,55,56],"class_list":{"0":"post-7243","1":"product","2":"type-product","3":"status-publish","4":"has-post-thumbnail","6":"product_cat-non-classe","7":"product_cat-jeux-gamer","8":"product_tag-gamer","9":"product_tag-jouer","10":"product_tag-pc","11":"product_tag-rtx","13":"first","14":"instock","15":"sale","16":"shipping-taxable","17":"purchasable","18":"product-type-simple"},"yoast_head":"<!-- This site is optimized with the Yoast SEO plugin v26.4 - https:\/\/yoast.com\/wordpress\/plugins\/seo\/ -->\n<title>ProPlay Muse3050 PC ATX, 32 ran, AMD Ryzen 5 7600X, MSI NVIDIA GeForce RTX 3050 Ventus 8G - ProPlaystore<\/title>\n<meta name=\"robots\" content=\"index, follow, max-snippet:-1, max-image-preview:large, max-video-preview:-1\" \/>\n<link rel=\"canonical\" href=\"https:\/\/proplaystore.lu\/index.php\/produit\/proplay-muse3050\/\" \/>\n<meta property=\"og:locale\" content=\"en_US\" \/>\n<meta property=\"og:type\" content=\"article\" \/>\n<meta property=\"og:title\" content=\"ProPlay Muse3050 PC ATX, 32 ran, AMD Ryzen 5 7600X, MSI NVIDIA GeForce RTX 3050 Ventus 8G - ProPlaystore\" \/>\n<meta property=\"og:description\" content=\"Le ProPlay Muse3050 est un PC gamer \u00e9l\u00e9gant et puissant, con\u00e7u pour offrir une exp\u00e9rience fluide et immersive dans tous vos jeux favoris. Install\u00e9 dans un bo\u00eetier MUSETEX ATX au design moderne, il allie performance et style gr\u00e2ce \u00e0 un \u00e9clairage subtil et un flux d&#039;air optimis\u00e9. \ud83d\udd39 Processador : AMD Ryzen 5 7600X \u2013 6 c\u0153urs \/ 12 threads, id\u00e9al pour le gaming et le multit\u00e2che\ud83d\udd39 Carte graphique : MSI NVIDIA GeForce RTX 3050 Ventus 8G \u2013 jouez en Full HD avec ray tracing\ud83d\udd39 Mem\u00f3ria : 32 Go RAM \u2013 rapidit\u00e9 et fluidit\u00e9 m\u00eame sur les t\u00e2ches lourdes\ud83d\udd39 Stockage : SSD NVMe 1 To \u2013 d\u00e9marrage ultra-rapide et chargement instantan\u00e9 des jeux\ud83d\udd39 Bo\u00eetier : MUSETEX ATX \u2013 ventila\u00e7\u00e3o optimis\u00e9e et design soign\u00e9 Parfait pour les joueurs qui recherchent puissance, r\u00e9activit\u00e9 et un look moderne. Desempenho fiable \u2013 Style assur\u00e9.\" \/>\n<meta property=\"og:url\" content=\"https:\/\/proplaystore.lu\/index.php\/produit\/proplay-muse3050\/\" \/>\n<meta property=\"og:site_name\" content=\"ProPlaystore\" \/>\n<meta property=\"article:modified_time\" content=\"2025-08-11T00:15:06+00:00\" \/>\n<meta property=\"og:image\" content=\"https:\/\/proplaystore.lu\/wp-content\/uploads\/2025\/08\/Design-sem-nome-17-1024x1024.png\" \/>\n\t<meta property=\"og:image:width\" content=\"1024\" \/>\n\t<meta property=\"og:image:height\" content=\"1024\" \/>\n\t<meta property=\"og:image:type\" content=\"image\/png\" \/>\n<meta name=\"twitter:card\" content=\"summary_large_image\" \/>\n<meta name=\"twitter:label1\" content=\"Est. reading time\" \/>\n\t<meta name=\"twitter:data1\" content=\"1 minute\" \/>\n<script type=\"application\/ld+json\" class=\"yoast-schema-graph\">{\"@context\":\"https:\/\/schema.org\",\"@graph\":[{\"@type\":\"WebPage\",\"@id\":\"https:\/\/proplaystore.lu\/index.php\/produit\/proplay-muse3050\/\",\"url\":\"https:\/\/proplaystore.lu\/index.php\/produit\/proplay-muse3050\/\",\"name\":\"ProPlay Muse3050 PC ATX, 32 ran, AMD Ryzen 5 7600X, MSI NVIDIA GeForce RTX 3050 Ventus 8G - ProPlaystore\",\"isPartOf\":{\"@id\":\"https:\/\/proplaystore.lu\/#website\"},\"primaryImageOfPage\":{\"@id\":\"https:\/\/proplaystore.lu\/index.php\/produit\/proplay-muse3050\/#primaryimage\"},\"image\":{\"@id\":\"https:\/\/proplaystore.lu\/index.php\/produit\/proplay-muse3050\/#primaryimage\"},\"thumbnailUrl\":\"https:\/\/proplaystore.lu\/wp-content\/uploads\/2025\/08\/Design-sem-nome-17-scaled.png\",\"datePublished\":\"2025-08-10T14:39:09+00:00\",\"dateModified\":\"2025-08-11T00:15:06+00:00\",\"breadcrumb\":{\"@id\":\"https:\/\/proplaystore.lu\/index.php\/produit\/proplay-muse3050\/#breadcrumb\"},\"inLanguage\":\"en-US\",\"potentialAction\":[{\"@type\":\"ReadAction\",\"target\":[\"https:\/\/proplaystore.lu\/index.php\/produit\/proplay-muse3050\/\"]}]},{\"@type\":\"ImageObject\",\"inLanguage\":\"en-US\",\"@id\":\"https:\/\/proplaystore.lu\/index.php\/produit\/proplay-muse3050\/#primaryimage\",\"url\":\"https:\/\/proplaystore.lu\/wp-content\/uploads\/2025\/08\/Design-sem-nome-17-scaled.png\",\"contentUrl\":\"https:\/\/proplaystore.lu\/wp-content\/uploads\/2025\/08\/Design-sem-nome-17-scaled.png\",\"width\":2560,\"height\":2560},{\"@type\":\"BreadcrumbList\",\"@id\":\"https:\/\/proplaystore.lu\/index.php\/produit\/proplay-muse3050\/#breadcrumb\",\"itemListElement\":[{\"@type\":\"ListItem\",\"position\":1,\"name\":\"Accueil\",\"item\":\"https:\/\/proplaystore.lu\/\"},{\"@type\":\"ListItem\",\"position\":2,\"name\":\"Shop\",\"item\":\"https:\/\/proplaystore.lu\/index.php\/shop\/\"},{\"@type\":\"ListItem\",\"position\":3,\"name\":\"ProPlay Muse3050 PC ATX, 32 ran, AMD Ryzen 5 7600X, MSI NVIDIA GeForce RTX 3050 Ventus 8G\"}]},{\"@type\":\"WebSite\",\"@id\":\"https:\/\/proplaystore.lu\/#website\",\"url\":\"https:\/\/proplaystore.lu\/\",\"name\":\"ProPlaystore\",\"description\":\"proplaysre\",\"potentialAction\":[{\"@type\":\"SearchAction\",\"target\":{\"@type\":\"EntryPoint\",\"urlTemplate\":\"https:\/\/proplaystore.lu\/?s={search_term_string}\"},\"query-input\":{\"@type\":\"PropertyValueSpecification\",\"valueRequired\":true,\"valueName\":\"search_term_string\"}}],\"inLanguage\":\"en-US\"}]}<\/script>\n<!-- \/ Yoast SEO plugin. -->","yoast_head_json":{"title":"ProPlay Muse3050 PC ATX, 32 ran, AMD Ryzen 5 7600X, MSI NVIDIA GeForce RTX 3050 Ventus 8G - ProPlaystore","robots":{"index":"index","follow":"follow","max-snippet":"max-snippet:-1","max-image-preview":"max-image-preview:large","max-video-preview":"max-video-preview:-1"},"canonical":"https:\/\/proplaystore.lu\/index.php\/produit\/proplay-muse3050\/","og_locale":"en_US","og_type":"article","og_title":"ProPlay Muse3050 PC ATX, 32 ran, AMD Ryzen 5 7600X, MSI NVIDIA GeForce RTX 3050 Ventus 8G - ProPlaystore","og_description":"Le ProPlay Muse3050 est un PC gamer \u00e9l\u00e9gant et puissant, con\u00e7u pour offrir une exp\u00e9rience fluide et immersive dans tous vos jeux favoris. Install\u00e9 dans un bo\u00eetier MUSETEX ATX au design moderne, il allie performance et style gr\u00e2ce \u00e0 un \u00e9clairage subtil et un flux d'air optimis\u00e9. \ud83d\udd39 Processador : AMD Ryzen 5 7600X \u2013 6 c\u0153urs \/ 12 threads, id\u00e9al pour le gaming et le multit\u00e2che\ud83d\udd39 Carte graphique : MSI NVIDIA GeForce RTX 3050 Ventus 8G \u2013 jouez en Full HD avec ray tracing\ud83d\udd39 Mem\u00f3ria : 32 Go RAM \u2013 rapidit\u00e9 et fluidit\u00e9 m\u00eame sur les t\u00e2ches lourdes\ud83d\udd39 Stockage : SSD NVMe 1 To \u2013 d\u00e9marrage ultra-rapide et chargement instantan\u00e9 des jeux\ud83d\udd39 Bo\u00eetier : MUSETEX ATX \u2013 ventila\u00e7\u00e3o optimis\u00e9e et design soign\u00e9 Parfait pour les joueurs qui recherchent puissance, r\u00e9activit\u00e9 et un look moderne. Desempenho fiable \u2013 Style assur\u00e9.","og_url":"https:\/\/proplaystore.lu\/index.php\/produit\/proplay-muse3050\/","og_site_name":"ProPlaystore","article_modified_time":"2025-08-11T00:15:06+00:00","og_image":[{"width":1024,"height":1024,"url":"https:\/\/proplaystore.lu\/wp-content\/uploads\/2025\/08\/Design-sem-nome-17-1024x1024.png","type":"image\/png"}],"twitter_card":"summary_large_image","twitter_misc":{"Est. reading time":"1 minute"},"schema":{"@context":"https:\/\/schema.org","@graph":[{"@type":"WebPage","@id":"https:\/\/proplaystore.lu\/index.php\/produit\/proplay-muse3050\/","url":"https:\/\/proplaystore.lu\/index.php\/produit\/proplay-muse3050\/","name":"ProPlay Muse3050 PC ATX, 32 ran, AMD Ryzen 5 7600X, MSI NVIDIA GeForce RTX 3050 Ventus 8G - ProPlaystore","isPartOf":{"@id":"https:\/\/proplaystore.lu\/#website"},"primaryImageOfPage":{"@id":"https:\/\/proplaystore.lu\/index.php\/produit\/proplay-muse3050\/#primaryimage"},"image":{"@id":"https:\/\/proplaystore.lu\/index.php\/produit\/proplay-muse3050\/#primaryimage"},"thumbnailUrl":"https:\/\/proplaystore.lu\/wp-content\/uploads\/2025\/08\/Design-sem-nome-17-scaled.png","datePublished":"2025-08-10T14:39:09+00:00","dateModified":"2025-08-11T00:15:06+00:00","breadcrumb":{"@id":"https:\/\/proplaystore.lu\/index.php\/produit\/proplay-muse3050\/#breadcrumb"},"inLanguage":"en-US","potentialAction":[{"@type":"ReadAction","target":["https:\/\/proplaystore.lu\/index.php\/produit\/proplay-muse3050\/"]}]},{"@type":"ImageObject","inLanguage":"en-US","@id":"https:\/\/proplaystore.lu\/index.php\/produit\/proplay-muse3050\/#primaryimage","url":"https:\/\/proplaystore.lu\/wp-content\/uploads\/2025\/08\/Design-sem-nome-17-scaled.png","contentUrl":"https:\/\/proplaystore.lu\/wp-content\/uploads\/2025\/08\/Design-sem-nome-17-scaled.png","width":2560,"height":2560},{"@type":"BreadcrumbList","@id":"https:\/\/proplaystore.lu\/index.php\/produit\/proplay-muse3050\/#breadcrumb","itemListElement":[{"@type":"ListItem","position":1,"name":"Accueil","item":"https:\/\/proplaystore.lu\/"},{"@type":"ListItem","position":2,"name":"Shop","item":"https:\/\/proplaystore.lu\/index.php\/shop\/"},{"@type":"ListItem","position":3,"name":"ProPlay Muse3050 PC ATX, 32 ran, AMD Ryzen 5 7600X, MSI NVIDIA GeForce RTX 3050 Ventus 8G"}]},{"@type":"WebSite","@id":"https:\/\/proplaystore.lu\/#website","url":"https:\/\/proplaystore.lu\/","name":"ProPlaystore","description":"proplaysre","potentialAction":[{"@type":"SearchAction","target":{"@type":"EntryPoint","urlTemplate":"https:\/\/proplaystore.lu\/?s={search_term_string}"},"query-input":{"@type":"PropertyValueSpecification","valueRequired":true,"valueName":"search_term_string"}}],"inLanguage":"en-US"}]}},"_links":{"self":[{"href":"https:\/\/proplaystore.lu\/index.php\/wp-json\/wp\/v2\/product\/7243","targetHints":{"allow":["GET"]}}],"collection":[{"href":"https:\/\/proplaystore.lu\/index.php\/wp-json\/wp\/v2\/product"}],"about":[{"href":"https:\/\/proplaystore.lu\/index.php\/wp-json\/wp\/v2\/types\/product"}],"replies":[{"embeddable":true,"href":"https:\/\/proplaystore.lu\/index.php\/wp-json\/wp\/v2\/comments?post=7243"}],"wp:featuredmedia":[{"embeddable":true,"href":"https:\/\/proplaystore.lu\/index.php\/wp-json\/wp\/v2\/media\/7326"}],"wp:attachment":[{"href":"https:\/\/proplaystore.lu\/index.php\/wp-json\/wp\/v2\/media?parent=7243"}],"wp:term":[{"taxonomy":"product_brand","embeddable":true,"href":"https:\/\/proplaystore.lu\/index.php\/wp-json\/wp\/v2\/product_brand?post=7243"},{"taxonomy":"product_cat","embeddable":true,"href":"https:\/\/proplaystore.lu\/index.php\/wp-json\/wp\/v2\/product_cat?post=7243"},{"taxonomy":"product_tag","embeddable":true,"href":"https:\/\/proplaystore.lu\/index.php\/wp-json\/wp\/v2\/product_tag?post=7243"}],"curies":[{"name":"wp","href":"https:\/\/api.w.org\/{rel}","templated":true}]}}