{"id":7246,"date":"2025-08-10T14:39:09","date_gmt":"2025-08-10T14:39:09","guid":{"rendered":"https:\/\/proplaystore.lu\/?post_type=product&#038;p=7246"},"modified":"2025-08-11T00:52:03","modified_gmt":"2025-08-11T00:52:03","slug":"ninja-creami-ice-cream-maker-5-one-touch-programs","status":"publish","type":"product","link":"https:\/\/proplaystore.lu\/index.php\/produit\/ninja-creami-ice-cream-maker-5-one-touch-programs\/","title":{"rendered":"ProPlay Fractal3050 PC ITX black, 16ran, Intel\u00ae Core\u2122 i5-12600KF, MSI NVIDIA GeForce RTX 3050"},"content":{"rendered":"<h3 data-start=\"1265\" data-end=\"1286\">Fiche technique :<\/h3>\n<div class=\"_tableContainer_1rjym_1\">\n<div class=\"_tableWrapper_1rjym_13 group flex w-fit flex-col-reverse\" tabindex=\"-1\">\n<table class=\"w-fit min-w-(--thread-content-width)\" data-start=\"1288\" data-end=\"2442\">\n<thead data-start=\"1288\" data-end=\"1367\">\n<tr data-start=\"1288\" data-end=\"1367\">\n<th data-start=\"1288\" data-end=\"1317\" data-col-size=\"sm\">Composant<\/th>\n<th data-start=\"1317\" data-end=\"1367\" data-col-size=\"md\">Sp\u00e9cification<\/th>\n<\/tr>\n<\/thead>\n<tbody data-start=\"1447\" data-end=\"2442\">\n<tr data-start=\"1447\" data-end=\"1525\">\n<td data-start=\"1447\" data-end=\"1476\" data-col-size=\"sm\"><strong data-start=\"1449\" data-end=\"1459\">Mod\u00e8le<\/strong><\/td>\n<td data-col-size=\"md\" data-start=\"1476\" data-end=\"1525\">ProPlay Fractal3050<\/td>\n<\/tr>\n<tr data-start=\"1526\" data-end=\"1603\">\n<td data-start=\"1526\" data-end=\"1555\" data-col-size=\"sm\"><strong data-start=\"1528\" data-end=\"1539\">Bo\u00eetier<\/strong><\/td>\n<td data-col-size=\"md\" data-start=\"1555\" data-end=\"1603\">ITX, Noir<\/td>\n<\/tr>\n<tr data-start=\"1604\" data-end=\"1682\">\n<td data-start=\"1604\" data-end=\"1633\" data-col-size=\"sm\"><strong data-start=\"1606\" data-end=\"1626\">Processeur (CPU)<\/strong><\/td>\n<td data-col-size=\"md\" data-start=\"1633\" data-end=\"1682\">Intel\u00ae Core\u2122 i5-12600KF<\/td>\n<\/tr>\n<tr data-start=\"1683\" data-end=\"1760\">\n<td data-start=\"1683\" data-end=\"1712\" data-col-size=\"sm\"><strong data-start=\"1685\" data-end=\"1700\">M\u00e9moire RAM<\/strong><\/td>\n<td data-col-size=\"md\" data-start=\"1712\" data-end=\"1760\">16 Go DDR4<\/td>\n<\/tr>\n<tr data-start=\"1761\" data-end=\"1838\">\n<td data-start=\"1761\" data-end=\"1790\" data-col-size=\"sm\"><strong data-start=\"1763\" data-end=\"1788\">Carte graphique (GPU)<\/strong><\/td>\n<td data-col-size=\"md\" data-start=\"1790\" data-end=\"1838\">MSI NVIDIA GeForce RTX 3050 Ventus 8G<\/td>\n<\/tr>\n<tr data-start=\"1839\" data-end=\"1916\">\n<td data-start=\"1839\" data-end=\"1868\" data-col-size=\"sm\"><strong data-start=\"1841\" data-end=\"1853\">Stockage<\/strong><\/td>\n<td data-col-size=\"md\" data-start=\"1868\" data-end=\"1916\">SSD NVMe 1 To<\/td>\n<\/tr>\n<tr data-start=\"1917\" data-end=\"2020\">\n<td data-start=\"1917\" data-end=\"1950\" data-col-size=\"sm\"><strong data-start=\"1919\" data-end=\"1949\">Syst\u00e8me de refroidissement<\/strong><\/td>\n<td data-col-size=\"md\" data-start=\"1950\" data-end=\"2020\">Thermalright Frozen Notte 240 Black ARGB (refroidissement liquide)<\/td>\n<\/tr>\n<tr data-start=\"2021\" data-end=\"2098\">\n<td data-start=\"2021\" data-end=\"2050\" data-col-size=\"sm\"><strong data-start=\"2023\" data-end=\"2037\">Carte m\u00e8re<\/strong><\/td>\n<td data-col-size=\"md\" data-start=\"2050\" data-end=\"2098\">Compatible Intel LGA 1700 (mod\u00e8le variable)<\/td>\n<\/tr>\n<tr data-start=\"2099\" data-end=\"2176\">\n<td data-start=\"2099\" data-end=\"2128\" data-col-size=\"sm\"><strong data-start=\"2101\" data-end=\"2117\">Alimentation<\/strong><\/td>\n<td data-col-size=\"md\" data-start=\"2128\" data-end=\"2176\">(recommand\u00e9e : 550W ou plus, mod\u00e8le variable)<\/td>\n<\/tr>\n<tr data-start=\"2177\" data-end=\"2271\">\n<td data-start=\"2177\" data-end=\"2206\" data-col-size=\"sm\"><strong data-start=\"2179\" data-end=\"2195\">Connectivit\u00e9<\/strong><\/td>\n<td data-col-size=\"md\" data-start=\"2206\" data-end=\"2271\">USB 3.0, USB 2.0, HDMI, DisplayPort (selon carte m\u00e8re et GPU)<\/td>\n<\/tr>\n<tr data-start=\"2272\" data-end=\"2357\">\n<td data-start=\"2272\" data-end=\"2301\" data-col-size=\"sm\"><strong data-start=\"2274\" data-end=\"2300\">Syst\u00e8me d\u2019exploitation<\/strong><\/td>\n<td data-col-size=\"md\" data-start=\"2301\" data-end=\"2357\">(\u00e0 confirmer, g\u00e9n\u00e9ralement Windows 10\/11 ou sans OS)<\/td>\n<\/tr>\n<tr data-start=\"2358\" data-end=\"2442\">\n<td data-start=\"2358\" data-end=\"2387\" data-col-size=\"sm\"><strong data-start=\"2360\" data-end=\"2370\">Extras<\/strong><\/td>\n<td data-start=\"2387\" data-end=\"2442\" data-col-size=\"md\">\u00c9clairage ARGB personnalisable sur le refroidisseur<\/td>\n<\/tr>\n<\/tbody>\n<\/table>\n<\/div>\n<\/div>\n","protected":false},"excerpt":{"rendered":"<p data-start=\"145\" data-end=\"444\">Le <strong data-start=\"148\" data-end=\"171\">ProPlay Fractal3050<\/strong> est un PC compact et performant, id\u00e9al pour ceux qui recherchent une haute performance dans un format ITX moderne et \u00e9l\u00e9gant. \u00c9quip\u00e9 du processeur <strong data-start=\"319\" data-end=\"346\">Intel\u00ae Core\u2122 i5-12600KF<\/strong>, ce bureau offre des performances solides pour les jeux, la cr\u00e9ation de contenu et le multit\u00e2che.<\/p>\n<p data-start=\"446\" data-end=\"668\">La carte graphique <strong data-start=\"465\" data-end=\"506\">MSI NVIDIA GeForce RTX 3050 Ventus 8G<\/strong> garantit des graphismes nets et une fluidit\u00e9 dans les jeux actuels, supportant des technologies comme le ray tracing pour une exp\u00e9rience visuelle plus immersive.<\/p>\n<p data-start=\"670\" data-end=\"886\">Avec <strong data-start=\"675\" data-end=\"699\">16 Go de m\u00e9moire RAM<\/strong>, le syst\u00e8me ex\u00e9cute plusieurs applications sans ralentissement, tandis que le stockage rapide <strong data-start=\"794\" data-end=\"814\">SSD NVMe de 1 To<\/strong> assure des temps de chargement rapides pour vos programmes et fichiers.<\/p>\n<p data-start=\"888\" data-end=\"1121\">Le syst\u00e8me de refroidissement liquide <strong data-start=\"926\" data-end=\"970\">Thermalright Frozen Notte 240 Black ARGB<\/strong> maintient le processeur \u00e0 des temp\u00e9ratures id\u00e9ales, m\u00eame sous charge intense, en ajoutant une touche de style avec son \u00e9clairage ARGB personnalisable.<\/p>\n<p data-start=\"1123\" data-end=\"1258\">Le bo\u00eetier ITX noir offre un design minimaliste, parfait pour ceux qui veulent un PC compact sans sacrifier la puissance et la qualit\u00e9.<\/p>\n","protected":false},"featured_media":7365,"comment_status":"open","ping_status":"closed","template":"","meta":[],"product_brand":[],"product_cat":[61],"product_tag":[53,55],"class_list":{"0":"post-7246","1":"product","2":"type-product","3":"status-publish","4":"has-post-thumbnail","6":"product_cat-minimaliste-usage-basique","7":"product_tag-gamer","8":"product_tag-pc","10":"first","11":"instock","12":"shipping-taxable","13":"purchasable","14":"product-type-simple"},"yoast_head":"<!-- This site is optimized with the Yoast SEO plugin v26.4 - https:\/\/yoast.com\/wordpress\/plugins\/seo\/ -->\n<title>ProPlay Fractal3050 PC ITX black, 16ran, Intel\u00ae Core\u2122 i5-12600KF, MSI NVIDIA GeForce RTX 3050 - ProPlaystore<\/title>\n<meta name=\"robots\" content=\"index, follow, max-snippet:-1, max-image-preview:large, max-video-preview:-1\" \/>\n<link rel=\"canonical\" href=\"https:\/\/proplaystore.lu\/index.php\/produit\/ninja-creami-ice-cream-maker-5-one-touch-programs\/\" \/>\n<meta property=\"og:locale\" content=\"en_US\" \/>\n<meta property=\"og:type\" content=\"article\" \/>\n<meta property=\"og:title\" content=\"ProPlay Fractal3050 PC ITX black, 16ran, Intel\u00ae Core\u2122 i5-12600KF, MSI NVIDIA GeForce RTX 3050 - ProPlaystore\" \/>\n<meta property=\"og:description\" content=\"Le ProPlay Fractal3050 est un PC compact et performant, id\u00e9al pour ceux qui recherchent une haute performance dans un format ITX moderne et \u00e9l\u00e9gant. \u00c9quip\u00e9 du processeur Intel\u00ae Core\u2122 i5-12600KF, ce bureau offre des performances solides pour les jeux, la cr\u00e9ation de contenu et le multit\u00e2che. La carte graphique MSI NVIDIA GeForce RTX 3050 Ventus 8G garantit des graphismes nets et une fluidit\u00e9 dans les jeux actuels, supportant des technologies comme le ray tracing pour une exp\u00e9rience visuelle plus immersive. Avec 16 Go de m\u00e9moire RAM, le syst\u00e8me ex\u00e9cute plusieurs applications sans ralentissement, tandis que le stockage rapide SSD NVMe de 1 To assure des temps de chargement rapides pour vos programmes et fichiers. Le syst\u00e8me de refroidissement liquide Thermalright Frozen Notte 240 Black ARGB maintient le processeur \u00e0 des temp\u00e9ratures id\u00e9ales, m\u00eame sous charge intense, en ajoutant une touche de style avec son \u00e9clairage ARGB personnalisable. Le bo\u00eetier ITX noir offre un design minimaliste, parfait pour ceux qui veulent un PC compact sans sacrifier la puissance et la qualit\u00e9.\" \/>\n<meta property=\"og:url\" content=\"https:\/\/proplaystore.lu\/index.php\/produit\/ninja-creami-ice-cream-maker-5-one-touch-programs\/\" \/>\n<meta property=\"og:site_name\" content=\"ProPlaystore\" \/>\n<meta property=\"article:modified_time\" content=\"2025-08-11T00:52:03+00:00\" \/>\n<meta property=\"og:image\" content=\"https:\/\/proplaystore.lu\/wp-content\/uploads\/2025\/08\/Design-sem-nome-28-scaled.png\" \/>\n\t<meta property=\"og:image:width\" content=\"2560\" \/>\n\t<meta property=\"og:image:height\" content=\"2560\" \/>\n\t<meta property=\"og:image:type\" content=\"image\/png\" \/>\n<meta name=\"twitter:card\" content=\"summary_large_image\" \/>\n<meta name=\"twitter:label1\" content=\"Est. reading time\" \/>\n\t<meta name=\"twitter:data1\" content=\"1 minute\" \/>\n<script type=\"application\/ld+json\" class=\"yoast-schema-graph\">{\"@context\":\"https:\/\/schema.org\",\"@graph\":[{\"@type\":\"WebPage\",\"@id\":\"https:\/\/proplaystore.lu\/index.php\/produit\/ninja-creami-ice-cream-maker-5-one-touch-programs\/\",\"url\":\"https:\/\/proplaystore.lu\/index.php\/produit\/ninja-creami-ice-cream-maker-5-one-touch-programs\/\",\"name\":\"ProPlay Fractal3050 PC ITX black, 16ran, Intel\u00ae Core\u2122 i5-12600KF, MSI NVIDIA GeForce RTX 3050 - ProPlaystore\",\"isPartOf\":{\"@id\":\"https:\/\/proplaystore.lu\/#website\"},\"primaryImageOfPage\":{\"@id\":\"https:\/\/proplaystore.lu\/index.php\/produit\/ninja-creami-ice-cream-maker-5-one-touch-programs\/#primaryimage\"},\"image\":{\"@id\":\"https:\/\/proplaystore.lu\/index.php\/produit\/ninja-creami-ice-cream-maker-5-one-touch-programs\/#primaryimage\"},\"thumbnailUrl\":\"https:\/\/proplaystore.lu\/wp-content\/uploads\/2025\/08\/Design-sem-nome-28-scaled.png\",\"datePublished\":\"2025-08-10T14:39:09+00:00\",\"dateModified\":\"2025-08-11T00:52:03+00:00\",\"breadcrumb\":{\"@id\":\"https:\/\/proplaystore.lu\/index.php\/produit\/ninja-creami-ice-cream-maker-5-one-touch-programs\/#breadcrumb\"},\"inLanguage\":\"en-US\",\"potentialAction\":[{\"@type\":\"ReadAction\",\"target\":[\"https:\/\/proplaystore.lu\/index.php\/produit\/ninja-creami-ice-cream-maker-5-one-touch-programs\/\"]}]},{\"@type\":\"ImageObject\",\"inLanguage\":\"en-US\",\"@id\":\"https:\/\/proplaystore.lu\/index.php\/produit\/ninja-creami-ice-cream-maker-5-one-touch-programs\/#primaryimage\",\"url\":\"https:\/\/proplaystore.lu\/wp-content\/uploads\/2025\/08\/Design-sem-nome-28-scaled.png\",\"contentUrl\":\"https:\/\/proplaystore.lu\/wp-content\/uploads\/2025\/08\/Design-sem-nome-28-scaled.png\",\"width\":2560,\"height\":2560},{\"@type\":\"BreadcrumbList\",\"@id\":\"https:\/\/proplaystore.lu\/index.php\/produit\/ninja-creami-ice-cream-maker-5-one-touch-programs\/#breadcrumb\",\"itemListElement\":[{\"@type\":\"ListItem\",\"position\":1,\"name\":\"Accueil\",\"item\":\"https:\/\/proplaystore.lu\/\"},{\"@type\":\"ListItem\",\"position\":2,\"name\":\"Shop\",\"item\":\"https:\/\/proplaystore.lu\/index.php\/shop\/\"},{\"@type\":\"ListItem\",\"position\":3,\"name\":\"ProPlay Fractal3050 PC ITX black, 16ran, Intel\u00ae Core\u2122 i5-12600KF, MSI NVIDIA GeForce RTX 3050\"}]},{\"@type\":\"WebSite\",\"@id\":\"https:\/\/proplaystore.lu\/#website\",\"url\":\"https:\/\/proplaystore.lu\/\",\"name\":\"ProPlaystore\",\"description\":\"proplaysre\",\"potentialAction\":[{\"@type\":\"SearchAction\",\"target\":{\"@type\":\"EntryPoint\",\"urlTemplate\":\"https:\/\/proplaystore.lu\/?s={search_term_string}\"},\"query-input\":{\"@type\":\"PropertyValueSpecification\",\"valueRequired\":true,\"valueName\":\"search_term_string\"}}],\"inLanguage\":\"en-US\"}]}<\/script>\n<!-- \/ Yoast SEO plugin. -->","yoast_head_json":{"title":"ProPlay Fractal3050 PC ITX black, 16ran, Intel\u00ae Core\u2122 i5-12600KF, MSI NVIDIA GeForce RTX 3050 - ProPlaystore","robots":{"index":"index","follow":"follow","max-snippet":"max-snippet:-1","max-image-preview":"max-image-preview:large","max-video-preview":"max-video-preview:-1"},"canonical":"https:\/\/proplaystore.lu\/index.php\/produit\/ninja-creami-ice-cream-maker-5-one-touch-programs\/","og_locale":"en_US","og_type":"article","og_title":"ProPlay Fractal3050 PC ITX black, 16ran, Intel\u00ae Core\u2122 i5-12600KF, MSI NVIDIA GeForce RTX 3050 - ProPlaystore","og_description":"Le ProPlay Fractal3050 est un PC compact et performant, id\u00e9al pour ceux qui recherchent une haute performance dans un format ITX moderne et \u00e9l\u00e9gant. \u00c9quip\u00e9 du processeur Intel\u00ae Core\u2122 i5-12600KF, ce bureau offre des performances solides pour les jeux, la cr\u00e9ation de contenu et le multit\u00e2che. La carte graphique MSI NVIDIA GeForce RTX 3050 Ventus 8G garantit des graphismes nets et une fluidit\u00e9 dans les jeux actuels, supportant des technologies comme le ray tracing pour une exp\u00e9rience visuelle plus immersive. Avec 16 Go de m\u00e9moire RAM, le syst\u00e8me ex\u00e9cute plusieurs applications sans ralentissement, tandis que le stockage rapide SSD NVMe de 1 To assure des temps de chargement rapides pour vos programmes et fichiers. Le syst\u00e8me de refroidissement liquide Thermalright Frozen Notte 240 Black ARGB maintient le processeur \u00e0 des temp\u00e9ratures id\u00e9ales, m\u00eame sous charge intense, en ajoutant une touche de style avec son \u00e9clairage ARGB personnalisable. Le bo\u00eetier ITX noir offre un design minimaliste, parfait pour ceux qui veulent un PC compact sans sacrifier la puissance et la qualit\u00e9.","og_url":"https:\/\/proplaystore.lu\/index.php\/produit\/ninja-creami-ice-cream-maker-5-one-touch-programs\/","og_site_name":"ProPlaystore","article_modified_time":"2025-08-11T00:52:03+00:00","og_image":[{"width":2560,"height":2560,"url":"https:\/\/proplaystore.lu\/wp-content\/uploads\/2025\/08\/Design-sem-nome-28-scaled.png","type":"image\/png"}],"twitter_card":"summary_large_image","twitter_misc":{"Est. reading time":"1 minute"},"schema":{"@context":"https:\/\/schema.org","@graph":[{"@type":"WebPage","@id":"https:\/\/proplaystore.lu\/index.php\/produit\/ninja-creami-ice-cream-maker-5-one-touch-programs\/","url":"https:\/\/proplaystore.lu\/index.php\/produit\/ninja-creami-ice-cream-maker-5-one-touch-programs\/","name":"ProPlay Fractal3050 PC ITX black, 16ran, Intel\u00ae Core\u2122 i5-12600KF, MSI NVIDIA GeForce RTX 3050 - ProPlaystore","isPartOf":{"@id":"https:\/\/proplaystore.lu\/#website"},"primaryImageOfPage":{"@id":"https:\/\/proplaystore.lu\/index.php\/produit\/ninja-creami-ice-cream-maker-5-one-touch-programs\/#primaryimage"},"image":{"@id":"https:\/\/proplaystore.lu\/index.php\/produit\/ninja-creami-ice-cream-maker-5-one-touch-programs\/#primaryimage"},"thumbnailUrl":"https:\/\/proplaystore.lu\/wp-content\/uploads\/2025\/08\/Design-sem-nome-28-scaled.png","datePublished":"2025-08-10T14:39:09+00:00","dateModified":"2025-08-11T00:52:03+00:00","breadcrumb":{"@id":"https:\/\/proplaystore.lu\/index.php\/produit\/ninja-creami-ice-cream-maker-5-one-touch-programs\/#breadcrumb"},"inLanguage":"en-US","potentialAction":[{"@type":"ReadAction","target":["https:\/\/proplaystore.lu\/index.php\/produit\/ninja-creami-ice-cream-maker-5-one-touch-programs\/"]}]},{"@type":"ImageObject","inLanguage":"en-US","@id":"https:\/\/proplaystore.lu\/index.php\/produit\/ninja-creami-ice-cream-maker-5-one-touch-programs\/#primaryimage","url":"https:\/\/proplaystore.lu\/wp-content\/uploads\/2025\/08\/Design-sem-nome-28-scaled.png","contentUrl":"https:\/\/proplaystore.lu\/wp-content\/uploads\/2025\/08\/Design-sem-nome-28-scaled.png","width":2560,"height":2560},{"@type":"BreadcrumbList","@id":"https:\/\/proplaystore.lu\/index.php\/produit\/ninja-creami-ice-cream-maker-5-one-touch-programs\/#breadcrumb","itemListElement":[{"@type":"ListItem","position":1,"name":"Accueil","item":"https:\/\/proplaystore.lu\/"},{"@type":"ListItem","position":2,"name":"Shop","item":"https:\/\/proplaystore.lu\/index.php\/shop\/"},{"@type":"ListItem","position":3,"name":"ProPlay Fractal3050 PC ITX black, 16ran, Intel\u00ae Core\u2122 i5-12600KF, MSI NVIDIA GeForce RTX 3050"}]},{"@type":"WebSite","@id":"https:\/\/proplaystore.lu\/#website","url":"https:\/\/proplaystore.lu\/","name":"ProPlaystore","description":"proplaysre","potentialAction":[{"@type":"SearchAction","target":{"@type":"EntryPoint","urlTemplate":"https:\/\/proplaystore.lu\/?s={search_term_string}"},"query-input":{"@type":"PropertyValueSpecification","valueRequired":true,"valueName":"search_term_string"}}],"inLanguage":"en-US"}]}},"_links":{"self":[{"href":"https:\/\/proplaystore.lu\/index.php\/wp-json\/wp\/v2\/product\/7246","targetHints":{"allow":["GET"]}}],"collection":[{"href":"https:\/\/proplaystore.lu\/index.php\/wp-json\/wp\/v2\/product"}],"about":[{"href":"https:\/\/proplaystore.lu\/index.php\/wp-json\/wp\/v2\/types\/product"}],"replies":[{"embeddable":true,"href":"https:\/\/proplaystore.lu\/index.php\/wp-json\/wp\/v2\/comments?post=7246"}],"wp:featuredmedia":[{"embeddable":true,"href":"https:\/\/proplaystore.lu\/index.php\/wp-json\/wp\/v2\/media\/7365"}],"wp:attachment":[{"href":"https:\/\/proplaystore.lu\/index.php\/wp-json\/wp\/v2\/media?parent=7246"}],"wp:term":[{"taxonomy":"product_brand","embeddable":true,"href":"https:\/\/proplaystore.lu\/index.php\/wp-json\/wp\/v2\/product_brand?post=7246"},{"taxonomy":"product_cat","embeddable":true,"href":"https:\/\/proplaystore.lu\/index.php\/wp-json\/wp\/v2\/product_cat?post=7246"},{"taxonomy":"product_tag","embeddable":true,"href":"https:\/\/proplaystore.lu\/index.php\/wp-json\/wp\/v2\/product_tag?post=7246"}],"curies":[{"name":"wp","href":"https:\/\/api.w.org\/{rel}","templated":true}]}}