{"id":7247,"date":"2025-08-10T14:39:09","date_gmt":"2025-08-10T14:39:09","guid":{"rendered":"https:\/\/proplaystore.lu\/?post_type=product&#038;p=7247"},"modified":"2025-08-11T01:08:40","modified_gmt":"2025-08-11T01:08:40","slug":"beautiful-6-quart-programmable-slow-cooker","status":"publish","type":"product","link":"https:\/\/proplaystore.lu\/index.php\/produit\/beautiful-6-quart-programmable-slow-cooker\/","title":{"rendered":"ProPlay FOIFKIN F1 Boitier 5060 PC ITX black, 32ran, AMD Ryzen 7 7700X, MSI NVIDIA GeForce RTX 5060 Ventus 16G, ssd mvne 1t"},"content":{"rendered":"<h3 data-start=\"1333\" data-end=\"1354\">Fiche technique :<\/h3>\n<div class=\"_tableContainer_1rjym_1\">\n<div class=\"_tableWrapper_1rjym_13 group flex w-fit flex-col-reverse\" tabindex=\"-1\">\n<table class=\"w-fit min-w-(--thread-content-width)\" data-start=\"1356\" data-end=\"2519\">\n<thead data-start=\"1356\" data-end=\"1435\">\n<tr data-start=\"1356\" data-end=\"1435\">\n<th data-start=\"1356\" data-end=\"1385\" data-col-size=\"sm\">Composant<\/th>\n<th data-start=\"1385\" data-end=\"1435\" data-col-size=\"md\">Sp\u00e9cification<\/th>\n<\/tr>\n<\/thead>\n<tbody data-start=\"1515\" data-end=\"2519\">\n<tr data-start=\"1515\" data-end=\"1593\">\n<td data-start=\"1515\" data-end=\"1544\" data-col-size=\"sm\"><strong data-start=\"1517\" data-end=\"1527\">Mod\u00e8le<\/strong><\/td>\n<td data-col-size=\"md\" data-start=\"1544\" data-end=\"1593\">ProPlay FOIFKIN F1 Bo\u00eetier 5060<\/td>\n<\/tr>\n<tr data-start=\"1594\" data-end=\"1672\">\n<td data-start=\"1594\" data-end=\"1623\" data-col-size=\"sm\"><strong data-start=\"1596\" data-end=\"1607\">Bo\u00eetier<\/strong><\/td>\n<td data-col-size=\"md\" data-start=\"1623\" data-end=\"1672\">ITX, Noir<\/td>\n<\/tr>\n<tr data-start=\"1673\" data-end=\"1751\">\n<td data-start=\"1673\" data-end=\"1702\" data-col-size=\"sm\"><strong data-start=\"1675\" data-end=\"1695\">Processeur (CPU)<\/strong><\/td>\n<td data-col-size=\"md\" data-start=\"1702\" data-end=\"1751\">AMD Ryzen 7 7700X<\/td>\n<\/tr>\n<tr data-start=\"1752\" data-end=\"1829\">\n<td data-start=\"1752\" data-end=\"1781\" data-col-size=\"sm\"><strong data-start=\"1754\" data-end=\"1769\">M\u00e9moire RAM<\/strong><\/td>\n<td data-col-size=\"md\" data-start=\"1781\" data-end=\"1829\">32 Go DDR5<\/td>\n<\/tr>\n<tr data-start=\"1830\" data-end=\"1908\">\n<td data-start=\"1830\" data-end=\"1859\" data-col-size=\"sm\"><strong data-start=\"1832\" data-end=\"1857\">Carte graphique (GPU)<\/strong><\/td>\n<td data-col-size=\"md\" data-start=\"1859\" data-end=\"1908\">MSI NVIDIA GeForce RTX 5060 Ventus 16G<\/td>\n<\/tr>\n<tr data-start=\"1909\" data-end=\"1986\">\n<td data-start=\"1909\" data-end=\"1938\" data-col-size=\"sm\"><strong data-start=\"1911\" data-end=\"1923\">Stockage<\/strong><\/td>\n<td data-col-size=\"md\" data-start=\"1938\" data-end=\"1986\">SSD NVMe 1 To<\/td>\n<\/tr>\n<tr data-start=\"1987\" data-end=\"2084\">\n<td data-start=\"1987\" data-end=\"2020\" data-col-size=\"sm\"><strong data-start=\"1989\" data-end=\"2019\">Syst\u00e8me de refroidissement<\/strong><\/td>\n<td data-col-size=\"md\" data-start=\"2020\" data-end=\"2084\">Thermalright Frozen Notte 360 ARGB (refroidissement liquide)<\/td>\n<\/tr>\n<tr data-start=\"2085\" data-end=\"2163\">\n<td data-start=\"2085\" data-end=\"2114\" data-col-size=\"sm\"><strong data-start=\"2087\" data-end=\"2101\">Carte m\u00e8re<\/strong><\/td>\n<td data-col-size=\"md\" data-start=\"2114\" data-end=\"2163\">Compatible AMD AM5 (mod\u00e8le variable)<\/td>\n<\/tr>\n<tr data-start=\"2164\" data-end=\"2241\">\n<td data-start=\"2164\" data-end=\"2193\" data-col-size=\"sm\"><strong data-start=\"2166\" data-end=\"2182\">Alimentation<\/strong><\/td>\n<td data-col-size=\"md\" data-start=\"2193\" data-end=\"2241\">(recommand\u00e9e : 650W ou plus, mod\u00e8le variable)<\/td>\n<\/tr>\n<tr data-start=\"2242\" data-end=\"2334\">\n<td data-start=\"2242\" data-end=\"2271\" data-col-size=\"sm\"><strong data-start=\"2244\" data-end=\"2260\">Connectivit\u00e9<\/strong><\/td>\n<td data-col-size=\"md\" data-start=\"2271\" data-end=\"2334\">USB 3.2, USB-C, HDMI, DisplayPort (selon carte m\u00e8re et GPU)<\/td>\n<\/tr>\n<tr data-start=\"2335\" data-end=\"2420\">\n<td data-start=\"2335\" data-end=\"2364\" data-col-size=\"sm\"><strong data-start=\"2337\" data-end=\"2363\">Syst\u00e8me d\u2019exploitation<\/strong><\/td>\n<td data-col-size=\"md\" data-start=\"2364\" data-end=\"2420\">(\u00e0 confirmer, g\u00e9n\u00e9ralement Windows 10\/11 ou sans OS)<\/td>\n<\/tr>\n<tr data-start=\"2421\" data-end=\"2519\">\n<td data-start=\"2421\" data-end=\"2450\" data-col-size=\"sm\"><strong data-start=\"2423\" data-end=\"2433\">Extras<\/strong><\/td>\n<td data-start=\"2450\" data-end=\"2519\" data-col-size=\"md\">\u00c9clairage ARGB personnalisable sur le refroidisseur et le bo\u00eetier<\/td>\n<\/tr>\n<\/tbody>\n<\/table>\n<\/div>\n<\/div>\n","protected":false},"excerpt":{"rendered":"<p data-start=\"157\" data-end=\"487\">Le <strong data-start=\"160\" data-end=\"195\">ProPlay FOIFKIN F1 Bo\u00eetier 5060<\/strong> est un PC compact au format ITX qui allie haute performance et design sophistiqu\u00e9 pour les utilisateurs exigeants. \u00c9quip\u00e9 du puissant processeur <strong data-start=\"341\" data-end=\"362\">AMD Ryzen 7 7700X<\/strong>, il offre des performances exceptionnelles pour les jeux, le montage vid\u00e9o, le design graphique et autres t\u00e2ches intensives.<\/p>\n<p data-start=\"489\" data-end=\"776\">La carte graphique <strong data-start=\"508\" data-end=\"550\">MSI NVIDIA GeForce RTX 5060 Ventus 16G<\/strong> garantit des graphismes impressionnants avec le support des technologies les plus r\u00e9centes, telles que le ray tracing et le DLSS, offrant une exp\u00e9rience visuelle de haute qualit\u00e9 dans les jeux et les logiciels professionnels.<\/p>\n<p data-start=\"778\" data-end=\"947\">Avec <strong data-start=\"783\" data-end=\"807\">32 Go de m\u00e9moire RAM<\/strong>, le syst\u00e8me supporte le multit\u00e2che intensif avec fluidit\u00e9, parfait pour les environnements de travail productifs et la cr\u00e9ation de contenu.<\/p>\n<p data-start=\"949\" data-end=\"1093\">Le stockage rapide <strong data-start=\"968\" data-end=\"988\">SSD NVMe de 1 To<\/strong> assure des d\u00e9marrages rapides, un chargement rapide des programmes et un large espace pour vos fichiers.<\/p>\n<p data-start=\"1095\" data-end=\"1326\">Le syst\u00e8me de refroidissement liquide <strong data-start=\"1133\" data-end=\"1171\">Thermalright Frozen Notte 360 ARGB<\/strong> maintient une temp\u00e9rature id\u00e9ale m\u00eame sous de fortes charges, tout en ajoutant un look moderne et personnalisable au bo\u00eetier ITX noir, compact et \u00e9l\u00e9gant.<\/p>\n","protected":false},"featured_media":7374,"comment_status":"open","ping_status":"closed","template":"","meta":[],"product_brand":[],"product_cat":[57],"product_tag":[53,55],"class_list":{"0":"post-7247","1":"product","2":"type-product","3":"status-publish","4":"has-post-thumbnail","6":"product_cat-montage-video","7":"product_tag-gamer","8":"product_tag-pc","10":"first","11":"instock","12":"sale","13":"shipping-taxable","14":"purchasable","15":"product-type-simple"},"yoast_head":"<!-- This site is optimized with the Yoast SEO plugin v26.4 - https:\/\/yoast.com\/wordpress\/plugins\/seo\/ -->\n<title>ProPlay FOIFKIN F1 Boitier 5060 PC ITX black, 32ran, AMD Ryzen 7 7700X, MSI NVIDIA GeForce RTX 5060 Ventus 16G, ssd mvne 1t - ProPlaystore<\/title>\n<meta name=\"robots\" content=\"index, follow, max-snippet:-1, max-image-preview:large, max-video-preview:-1\" \/>\n<link rel=\"canonical\" href=\"https:\/\/proplaystore.lu\/index.php\/produit\/beautiful-6-quart-programmable-slow-cooker\/\" \/>\n<meta property=\"og:locale\" content=\"en_US\" \/>\n<meta property=\"og:type\" content=\"article\" \/>\n<meta property=\"og:title\" content=\"ProPlay FOIFKIN F1 Boitier 5060 PC ITX black, 32ran, AMD Ryzen 7 7700X, MSI NVIDIA GeForce RTX 5060 Ventus 16G, ssd mvne 1t - ProPlaystore\" \/>\n<meta property=\"og:description\" content=\"Le ProPlay FOIFKIN F1 Bo\u00eetier 5060 est un PC compact au format ITX qui allie haute performance et design sophistiqu\u00e9 pour les utilisateurs exigeants. \u00c9quip\u00e9 du puissant processeur AMD Ryzen 7 7700X, il offre des performances exceptionnelles pour les jeux, le montage vid\u00e9o, le design graphique et autres t\u00e2ches intensives. La carte graphique MSI NVIDIA GeForce RTX 5060 Ventus 16G garantit des graphismes impressionnants avec le support des technologies les plus r\u00e9centes, telles que le ray tracing et le DLSS, offrant une exp\u00e9rience visuelle de haute qualit\u00e9 dans les jeux et les logiciels professionnels. Avec 32 Go de m\u00e9moire RAM, le syst\u00e8me supporte le multit\u00e2che intensif avec fluidit\u00e9, parfait pour les environnements de travail productifs et la cr\u00e9ation de contenu. Le stockage rapide SSD NVMe de 1 To assure des d\u00e9marrages rapides, un chargement rapide des programmes et un large espace pour vos fichiers. Le syst\u00e8me de refroidissement liquide Thermalright Frozen Notte 360 ARGB maintient une temp\u00e9rature id\u00e9ale m\u00eame sous de fortes charges, tout en ajoutant un look moderne et personnalisable au bo\u00eetier ITX noir, compact et \u00e9l\u00e9gant.\" \/>\n<meta property=\"og:url\" content=\"https:\/\/proplaystore.lu\/index.php\/produit\/beautiful-6-quart-programmable-slow-cooker\/\" \/>\n<meta property=\"og:site_name\" content=\"ProPlaystore\" \/>\n<meta property=\"article:modified_time\" content=\"2025-08-11T01:08:40+00:00\" \/>\n<meta property=\"og:image\" content=\"https:\/\/proplaystore.lu\/wp-content\/uploads\/2025\/08\/Design-sem-nome-29-1024x1024.png\" \/>\n\t<meta property=\"og:image:width\" content=\"1024\" \/>\n\t<meta property=\"og:image:height\" content=\"1024\" \/>\n\t<meta property=\"og:image:type\" content=\"image\/png\" \/>\n<meta name=\"twitter:card\" content=\"summary_large_image\" \/>\n<meta name=\"twitter:label1\" content=\"Est. reading time\" \/>\n\t<meta name=\"twitter:data1\" content=\"1 minute\" \/>\n<script type=\"application\/ld+json\" class=\"yoast-schema-graph\">{\"@context\":\"https:\/\/schema.org\",\"@graph\":[{\"@type\":\"WebPage\",\"@id\":\"https:\/\/proplaystore.lu\/index.php\/produit\/beautiful-6-quart-programmable-slow-cooker\/\",\"url\":\"https:\/\/proplaystore.lu\/index.php\/produit\/beautiful-6-quart-programmable-slow-cooker\/\",\"name\":\"ProPlay FOIFKIN F1 Boitier 5060 PC ITX black, 32ran, AMD Ryzen 7 7700X, MSI NVIDIA GeForce RTX 5060 Ventus 16G, ssd mvne 1t - ProPlaystore\",\"isPartOf\":{\"@id\":\"https:\/\/proplaystore.lu\/#website\"},\"primaryImageOfPage\":{\"@id\":\"https:\/\/proplaystore.lu\/index.php\/produit\/beautiful-6-quart-programmable-slow-cooker\/#primaryimage\"},\"image\":{\"@id\":\"https:\/\/proplaystore.lu\/index.php\/produit\/beautiful-6-quart-programmable-slow-cooker\/#primaryimage\"},\"thumbnailUrl\":\"https:\/\/proplaystore.lu\/wp-content\/uploads\/2025\/08\/Design-sem-nome-29-scaled.png\",\"datePublished\":\"2025-08-10T14:39:09+00:00\",\"dateModified\":\"2025-08-11T01:08:40+00:00\",\"breadcrumb\":{\"@id\":\"https:\/\/proplaystore.lu\/index.php\/produit\/beautiful-6-quart-programmable-slow-cooker\/#breadcrumb\"},\"inLanguage\":\"en-US\",\"potentialAction\":[{\"@type\":\"ReadAction\",\"target\":[\"https:\/\/proplaystore.lu\/index.php\/produit\/beautiful-6-quart-programmable-slow-cooker\/\"]}]},{\"@type\":\"ImageObject\",\"inLanguage\":\"en-US\",\"@id\":\"https:\/\/proplaystore.lu\/index.php\/produit\/beautiful-6-quart-programmable-slow-cooker\/#primaryimage\",\"url\":\"https:\/\/proplaystore.lu\/wp-content\/uploads\/2025\/08\/Design-sem-nome-29-scaled.png\",\"contentUrl\":\"https:\/\/proplaystore.lu\/wp-content\/uploads\/2025\/08\/Design-sem-nome-29-scaled.png\",\"width\":2560,\"height\":2560},{\"@type\":\"BreadcrumbList\",\"@id\":\"https:\/\/proplaystore.lu\/index.php\/produit\/beautiful-6-quart-programmable-slow-cooker\/#breadcrumb\",\"itemListElement\":[{\"@type\":\"ListItem\",\"position\":1,\"name\":\"Accueil\",\"item\":\"https:\/\/proplaystore.lu\/\"},{\"@type\":\"ListItem\",\"position\":2,\"name\":\"Shop\",\"item\":\"https:\/\/proplaystore.lu\/index.php\/shop\/\"},{\"@type\":\"ListItem\",\"position\":3,\"name\":\"ProPlay FOIFKIN F1 Boitier 5060 PC ITX black, 32ran, AMD Ryzen 7 7700X, MSI NVIDIA GeForce RTX 5060 Ventus 16G, ssd mvne 1t\"}]},{\"@type\":\"WebSite\",\"@id\":\"https:\/\/proplaystore.lu\/#website\",\"url\":\"https:\/\/proplaystore.lu\/\",\"name\":\"ProPlaystore\",\"description\":\"proplaysre\",\"potentialAction\":[{\"@type\":\"SearchAction\",\"target\":{\"@type\":\"EntryPoint\",\"urlTemplate\":\"https:\/\/proplaystore.lu\/?s={search_term_string}\"},\"query-input\":{\"@type\":\"PropertyValueSpecification\",\"valueRequired\":true,\"valueName\":\"search_term_string\"}}],\"inLanguage\":\"en-US\"}]}<\/script>\n<!-- \/ Yoast SEO plugin. -->","yoast_head_json":{"title":"ProPlay FOIFKIN F1 Boitier 5060 PC ITX black, 32ran, AMD Ryzen 7 7700X, MSI NVIDIA GeForce RTX 5060 Ventus 16G, ssd mvne 1t - ProPlaystore","robots":{"index":"index","follow":"follow","max-snippet":"max-snippet:-1","max-image-preview":"max-image-preview:large","max-video-preview":"max-video-preview:-1"},"canonical":"https:\/\/proplaystore.lu\/index.php\/produit\/beautiful-6-quart-programmable-slow-cooker\/","og_locale":"en_US","og_type":"article","og_title":"ProPlay FOIFKIN F1 Boitier 5060 PC ITX black, 32ran, AMD Ryzen 7 7700X, MSI NVIDIA GeForce RTX 5060 Ventus 16G, ssd mvne 1t - ProPlaystore","og_description":"Le ProPlay FOIFKIN F1 Bo\u00eetier 5060 est un PC compact au format ITX qui allie haute performance et design sophistiqu\u00e9 pour les utilisateurs exigeants. \u00c9quip\u00e9 du puissant processeur AMD Ryzen 7 7700X, il offre des performances exceptionnelles pour les jeux, le montage vid\u00e9o, le design graphique et autres t\u00e2ches intensives. La carte graphique MSI NVIDIA GeForce RTX 5060 Ventus 16G garantit des graphismes impressionnants avec le support des technologies les plus r\u00e9centes, telles que le ray tracing et le DLSS, offrant une exp\u00e9rience visuelle de haute qualit\u00e9 dans les jeux et les logiciels professionnels. Avec 32 Go de m\u00e9moire RAM, le syst\u00e8me supporte le multit\u00e2che intensif avec fluidit\u00e9, parfait pour les environnements de travail productifs et la cr\u00e9ation de contenu. Le stockage rapide SSD NVMe de 1 To assure des d\u00e9marrages rapides, un chargement rapide des programmes et un large espace pour vos fichiers. Le syst\u00e8me de refroidissement liquide Thermalright Frozen Notte 360 ARGB maintient une temp\u00e9rature id\u00e9ale m\u00eame sous de fortes charges, tout en ajoutant un look moderne et personnalisable au bo\u00eetier ITX noir, compact et \u00e9l\u00e9gant.","og_url":"https:\/\/proplaystore.lu\/index.php\/produit\/beautiful-6-quart-programmable-slow-cooker\/","og_site_name":"ProPlaystore","article_modified_time":"2025-08-11T01:08:40+00:00","og_image":[{"width":1024,"height":1024,"url":"https:\/\/proplaystore.lu\/wp-content\/uploads\/2025\/08\/Design-sem-nome-29-1024x1024.png","type":"image\/png"}],"twitter_card":"summary_large_image","twitter_misc":{"Est. reading time":"1 minute"},"schema":{"@context":"https:\/\/schema.org","@graph":[{"@type":"WebPage","@id":"https:\/\/proplaystore.lu\/index.php\/produit\/beautiful-6-quart-programmable-slow-cooker\/","url":"https:\/\/proplaystore.lu\/index.php\/produit\/beautiful-6-quart-programmable-slow-cooker\/","name":"ProPlay FOIFKIN F1 Boitier 5060 PC ITX black, 32ran, AMD Ryzen 7 7700X, MSI NVIDIA GeForce RTX 5060 Ventus 16G, ssd mvne 1t - ProPlaystore","isPartOf":{"@id":"https:\/\/proplaystore.lu\/#website"},"primaryImageOfPage":{"@id":"https:\/\/proplaystore.lu\/index.php\/produit\/beautiful-6-quart-programmable-slow-cooker\/#primaryimage"},"image":{"@id":"https:\/\/proplaystore.lu\/index.php\/produit\/beautiful-6-quart-programmable-slow-cooker\/#primaryimage"},"thumbnailUrl":"https:\/\/proplaystore.lu\/wp-content\/uploads\/2025\/08\/Design-sem-nome-29-scaled.png","datePublished":"2025-08-10T14:39:09+00:00","dateModified":"2025-08-11T01:08:40+00:00","breadcrumb":{"@id":"https:\/\/proplaystore.lu\/index.php\/produit\/beautiful-6-quart-programmable-slow-cooker\/#breadcrumb"},"inLanguage":"en-US","potentialAction":[{"@type":"ReadAction","target":["https:\/\/proplaystore.lu\/index.php\/produit\/beautiful-6-quart-programmable-slow-cooker\/"]}]},{"@type":"ImageObject","inLanguage":"en-US","@id":"https:\/\/proplaystore.lu\/index.php\/produit\/beautiful-6-quart-programmable-slow-cooker\/#primaryimage","url":"https:\/\/proplaystore.lu\/wp-content\/uploads\/2025\/08\/Design-sem-nome-29-scaled.png","contentUrl":"https:\/\/proplaystore.lu\/wp-content\/uploads\/2025\/08\/Design-sem-nome-29-scaled.png","width":2560,"height":2560},{"@type":"BreadcrumbList","@id":"https:\/\/proplaystore.lu\/index.php\/produit\/beautiful-6-quart-programmable-slow-cooker\/#breadcrumb","itemListElement":[{"@type":"ListItem","position":1,"name":"Accueil","item":"https:\/\/proplaystore.lu\/"},{"@type":"ListItem","position":2,"name":"Shop","item":"https:\/\/proplaystore.lu\/index.php\/shop\/"},{"@type":"ListItem","position":3,"name":"ProPlay FOIFKIN F1 Boitier 5060 PC ITX black, 32ran, AMD Ryzen 7 7700X, MSI NVIDIA GeForce RTX 5060 Ventus 16G, ssd mvne 1t"}]},{"@type":"WebSite","@id":"https:\/\/proplaystore.lu\/#website","url":"https:\/\/proplaystore.lu\/","name":"ProPlaystore","description":"proplaysre","potentialAction":[{"@type":"SearchAction","target":{"@type":"EntryPoint","urlTemplate":"https:\/\/proplaystore.lu\/?s={search_term_string}"},"query-input":{"@type":"PropertyValueSpecification","valueRequired":true,"valueName":"search_term_string"}}],"inLanguage":"en-US"}]}},"_links":{"self":[{"href":"https:\/\/proplaystore.lu\/index.php\/wp-json\/wp\/v2\/product\/7247","targetHints":{"allow":["GET"]}}],"collection":[{"href":"https:\/\/proplaystore.lu\/index.php\/wp-json\/wp\/v2\/product"}],"about":[{"href":"https:\/\/proplaystore.lu\/index.php\/wp-json\/wp\/v2\/types\/product"}],"replies":[{"embeddable":true,"href":"https:\/\/proplaystore.lu\/index.php\/wp-json\/wp\/v2\/comments?post=7247"}],"wp:featuredmedia":[{"embeddable":true,"href":"https:\/\/proplaystore.lu\/index.php\/wp-json\/wp\/v2\/media\/7374"}],"wp:attachment":[{"href":"https:\/\/proplaystore.lu\/index.php\/wp-json\/wp\/v2\/media?parent=7247"}],"wp:term":[{"taxonomy":"product_brand","embeddable":true,"href":"https:\/\/proplaystore.lu\/index.php\/wp-json\/wp\/v2\/product_brand?post=7247"},{"taxonomy":"product_cat","embeddable":true,"href":"https:\/\/proplaystore.lu\/index.php\/wp-json\/wp\/v2\/product_cat?post=7247"},{"taxonomy":"product_tag","embeddable":true,"href":"https:\/\/proplaystore.lu\/index.php\/wp-json\/wp\/v2\/product_tag?post=7247"}],"curies":[{"name":"wp","href":"https:\/\/api.w.org\/{rel}","templated":true}]}}