{"id":7501,"date":"2025-08-12T12:57:39","date_gmt":"2025-08-12T12:57:39","guid":{"rendered":"https:\/\/proplaystore.lu\/?post_type=product&#038;p=7501"},"modified":"2025-08-18T21:40:27","modified_gmt":"2025-08-18T21:40:27","slug":"amd-ryzen-9-7900x-processeur-radeon-graphique-integre-12-coeurs-24-threads-170w-tdp-socket-am5-cache-76mb-jusqua-5-6-ghz-frequence-boost-sans-ventilateur","status":"publish","type":"product","link":"https:\/\/proplaystore.lu\/index.php\/produit\/amd-ryzen-9-7900x-processeur-radeon-graphique-integre-12-coeurs-24-threads-170w-tdp-socket-am5-cache-76mb-jusqua-5-6-ghz-frequence-boost-sans-ventilateur\/","title":{"rendered":"AMD Ryzen 9 7900X Processeur (Radeon Graphique Int\u00e9gr\u00e9 12 Coeurs\/24 Threads, 170W TDP, Socket AM5, Cache 76MB, jusqu&#8217;\u00e0 5.6 GHz Fr\u00e9quence Boost, sans Ventilateur)"},"content":{"rendered":"<table class=\"a-normal a-spacing-micro\" role=\"list\">\n<tbody>\n<tr class=\"a-spacing-small po-brand\" role=\"listitem\">\n<td class=\"a-span3\" role=\"presentation\"><span class=\"a-size-base a-text-bold\">Marque<\/span><\/td>\n<td class=\"a-span9\" role=\"presentation\"><span class=\"a-size-base po-break-word\">AMD<\/span><\/td>\n<\/tr>\n<tr class=\"a-spacing-small po-cpu_model.manufacturer\" role=\"listitem\">\n<td class=\"a-span3\" role=\"presentation\"><span class=\"a-size-base a-text-bold\">Fabricant de CPU<\/span><\/td>\n<td class=\"a-span9\" role=\"presentation\"><span class=\"a-size-base po-break-word\">AMD<\/span><\/td>\n<\/tr>\n<tr class=\"a-spacing-small po-cpu_model.family\" role=\"listitem\">\n<td class=\"a-span3\" role=\"presentation\"><span class=\"a-size-base a-text-bold\">Mod\u00e8le du\u00a0CPU<\/span><\/td>\n<td class=\"a-span9\" role=\"presentation\"><span class=\"a-size-base po-break-word\">Ryzen 9<\/span><\/td>\n<\/tr>\n<tr class=\"a-spacing-small po-cpu_model.speed\" role=\"listitem\">\n<td class=\"a-span3\" role=\"presentation\"><span class=\"a-size-base a-text-bold\">Vitesse du CPU<\/span><\/td>\n<td class=\"a-span9\" role=\"presentation\"><span class=\"a-size-base po-break-word\">5,6 GHz<\/span><\/td>\n<\/tr>\n<tr class=\"a-spacing-small po-cpu_model.socket\" role=\"listitem\">\n<td class=\"a-span3\" role=\"presentation\"><span class=\"a-size-base a-text-bold\">Socket du CPU<\/span><\/td>\n<td class=\"a-span9\" role=\"presentation\"><span class=\"a-size-base po-break-word\">Socket AM5<\/span><\/td>\n<\/tr>\n<tr class=\"a-spacing-small po-platform\" role=\"listitem\">\n<td class=\"a-span3\" role=\"presentation\"><span class=\"a-size-base a-text-bold\">Plateforme<\/span><\/td>\n<td class=\"a-span9\" role=\"presentation\"><span class=\"a-size-base po-break-word\">Windows 10, Windows 11<\/span><\/td>\n<\/tr>\n<tr class=\"a-spacing-small po-secondary_cache\" role=\"listitem\">\n<td class=\"a-span3\" role=\"presentation\"><span class=\"a-size-base a-text-bold\">Cache secondaire<\/span><\/td>\n<td class=\"a-span9\" role=\"presentation\"><span class=\"a-size-base po-break-word\">76 MB<\/span><\/td>\n<\/tr>\n<tr class=\"a-spacing-small po-wattage\" role=\"listitem\">\n<td class=\"a-span3\" role=\"presentation\"><span class=\"a-size-base a-text-bold\">Puissance<\/span><\/td>\n<td class=\"a-span9\" role=\"presentation\"><span class=\"a-size-base po-break-word\">170 Watts<\/span><\/td>\n<\/tr>\n<tr class=\"a-spacing-small po-cache_memory.installed_size\" role=\"listitem\">\n<td class=\"a-span3\" role=\"presentation\"><span class=\"a-size-base a-text-bold\">Taille du cache<\/span><\/td>\n<td class=\"a-span9\" role=\"presentation\"><span class=\"a-size-base po-break-word\">76 Modificateur inconnu<\/span><\/td>\n<\/tr>\n<tr class=\"a-spacing-small po-processor_count\" role=\"listitem\">\n<td class=\"a-span3\" role=\"presentation\"><span class=\"a-size-base a-text-bold\">Nombre de processeurs<\/span><\/td>\n<td class=\"a-span9\" role=\"presentation\"><span class=\"a-size-base po-break-word\">12<\/span><\/td>\n<\/tr>\n<\/tbody>\n<\/table>\n","protected":false},"excerpt":{"rendered":"<h2 class=\"a-size-base-plus a-text-bold\">\u00c0 propos de cet article<\/h2>\n<ul class=\"a-unordered-list a-vertical a-spacing-mini\">\n<li class=\"a-spacing-mini\"><span class=\"a-list-item\">ARCHITECTURE ZEN 4 &#8211; Le nouveau standard pour les joueurs et cr\u00e9ateurs. Profitez de performances incroyables ainsi que d&#8217;une efficacit\u00e9 \u00e9nerg\u00e9tique accrue gr\u00e2ce \u00e0 la nouvelle architecture AMD Zen 4 bas\u00e9e sur une finesse de gravure en 5 nm, une premi\u00e8re mondiale <\/span><\/li>\n<li class=\"a-spacing-mini\"><span class=\"a-list-item\">12 C\u0152URS ET 24 THREADS &#8211; Le Ryzen 9 7900X offre des fr\u00e9quences exceptionnelles (Base 4,7 GHz \/ Boost 5,6 GHz). L&#8217;overclocking est bien s\u00fbr possible puisque l&#8217;ensemble des c\u0153urs sont d\u00e9brid\u00e9s. <\/span><\/li>\n<li class=\"a-spacing-mini\"><span class=\"a-list-item\">DES CARACT\u00c9RISTIQUES AVANC\u00c9ES &#8211; Avec une un TDP de 170 W, et ses 76 MB Cache L3, le Ryzen 9 7900X est taill\u00e9 pour accomplir de grandes choses. Son I\/O Die dispose \u00e9galement d&#8217;une puce graphique int\u00e9gr\u00e9e AMD RDNA 2. <\/span><\/li>\n<li class=\"a-spacing-mini\"><span class=\"a-list-item\">M\u00c9MOIRE DDR5 et PCIe 5.0 &#8211; Les processeurs Ryzen S\u00e9rie 7000 offrent les derniers technologies disponibles. Profitez du AMD EXPO pour un overclocking facile de la DDR5. B\u00e9n\u00e9ficiez du PCIe 5.0 sur le GPU ET le stockage SSD NVMe. <\/span><\/li>\n<li class=\"a-spacing-mini\"><span class=\"a-list-item\">SOCKET AM5 &#8211; Une nouvelle plateforme pens\u00e9e pour durer sur plusieurs g\u00e9n\u00e9rations. Retrouvez un large choix de cartes m\u00e8res AMD 5 adapt\u00e9 \u00e0 vos besoins. Les refoidisseurs AM4 restent compatibles avec AM5.<\/span><\/li>\n<\/ul>\n","protected":false},"featured_media":7381,"comment_status":"open","ping_status":"closed","template":"","meta":[],"product_brand":[],"product_cat":[65],"product_tag":[53,55],"class_list":{"0":"post-7501","1":"product","2":"type-product","3":"status-publish","4":"has-post-thumbnail","6":"product_cat-processeur","7":"product_tag-gamer","8":"product_tag-pc","10":"first","11":"instock","12":"shipping-taxable","13":"purchasable","14":"product-type-simple"},"yoast_head":"<!-- This site is optimized with the Yoast SEO plugin v26.4 - https:\/\/yoast.com\/wordpress\/plugins\/seo\/ -->\n<title>AMD Ryzen 9 7900X Processeur (Radeon Graphique Int\u00e9gr\u00e9 12 Coeurs\/24 Threads, 170W TDP, Socket AM5, Cache 76MB, jusqu&#039;\u00e0 5.6 GHz Fr\u00e9quence Boost, sans Ventilateur) - ProPlaystore<\/title>\n<meta name=\"robots\" content=\"index, follow, max-snippet:-1, max-image-preview:large, max-video-preview:-1\" \/>\n<link rel=\"canonical\" href=\"https:\/\/proplaystore.lu\/index.php\/produit\/amd-ryzen-9-7900x-processeur-radeon-graphique-integre-12-coeurs-24-threads-170w-tdp-socket-am5-cache-76mb-jusqua-5-6-ghz-frequence-boost-sans-ventilateur\/\" \/>\n<meta property=\"og:locale\" content=\"en_US\" \/>\n<meta property=\"og:type\" content=\"article\" \/>\n<meta property=\"og:title\" content=\"AMD Ryzen 9 7900X Processeur (Radeon Graphique Int\u00e9gr\u00e9 12 Coeurs\/24 Threads, 170W TDP, Socket AM5, Cache 76MB, jusqu&#039;\u00e0 5.6 GHz Fr\u00e9quence Boost, sans Ventilateur) - ProPlaystore\" \/>\n<meta property=\"og:description\" content=\"\u00c0 propos de cet article   ARCHITECTURE ZEN 4 - Le nouveau standard pour les joueurs et cr\u00e9ateurs. Profitez de performances incroyables ainsi que d&#039;une efficacit\u00e9 \u00e9nerg\u00e9tique accrue gr\u00e2ce \u00e0 la nouvelle architecture AMD Zen 4 bas\u00e9e sur une finesse de gravure en 5 nm, une premi\u00e8re mondiale   12 C\u0152URS ET 24 THREADS - Le Ryzen 9 7900X offre des fr\u00e9quences exceptionnelles (Base 4,7 GHz \/ Boost 5,6 GHz). L&#039;overclocking est bien s\u00fbr possible puisque l&#039;ensemble des c\u0153urs sont d\u00e9brid\u00e9s.   DES CARACT\u00c9RISTIQUES AVANC\u00c9ES - Avec une un TDP de 170 W, et ses 76 MB Cache L3, le Ryzen 9 7900X est taill\u00e9 pour accomplir de grandes choses. Son I\/O Die dispose \u00e9galement d&#039;une puce graphique int\u00e9gr\u00e9e AMD RDNA 2.   M\u00c9MOIRE DDR5 et PCIe 5.0 - Les processeurs Ryzen S\u00e9rie 7000 offrent les derniers technologies disponibles. Profitez du AMD EXPO pour un overclocking facile de la DDR5. B\u00e9n\u00e9ficiez du PCIe 5.0 sur le GPU ET le stockage SSD NVMe.   SOCKET AM5 - Une nouvelle plateforme pens\u00e9e pour durer sur plusieurs g\u00e9n\u00e9rations. Retrouvez un large choix de cartes m\u00e8res AMD 5 adapt\u00e9 \u00e0 vos besoins. Les refoidisseurs AM4 restent compatibles avec AM5.\" \/>\n<meta property=\"og:url\" content=\"https:\/\/proplaystore.lu\/index.php\/produit\/amd-ryzen-9-7900x-processeur-radeon-graphique-integre-12-coeurs-24-threads-170w-tdp-socket-am5-cache-76mb-jusqua-5-6-ghz-frequence-boost-sans-ventilateur\/\" \/>\n<meta property=\"og:site_name\" content=\"ProPlaystore\" \/>\n<meta property=\"article:modified_time\" content=\"2025-08-18T21:40:27+00:00\" \/>\n<meta property=\"og:image\" content=\"https:\/\/proplaystore.lu\/wp-content\/uploads\/2025\/08\/51OEiWrUtqL._AC_SX300_SY300_QL70_ML2_.jpg\" \/>\n\t<meta property=\"og:image:width\" content=\"300\" \/>\n\t<meta property=\"og:image:height\" content=\"284\" \/>\n\t<meta property=\"og:image:type\" content=\"image\/jpeg\" \/>\n<meta name=\"twitter:card\" content=\"summary_large_image\" \/>\n<meta name=\"twitter:label1\" content=\"Est. reading time\" \/>\n\t<meta name=\"twitter:data1\" content=\"1 minute\" \/>\n<script type=\"application\/ld+json\" class=\"yoast-schema-graph\">{\"@context\":\"https:\/\/schema.org\",\"@graph\":[{\"@type\":\"WebPage\",\"@id\":\"https:\/\/proplaystore.lu\/index.php\/produit\/amd-ryzen-9-7900x-processeur-radeon-graphique-integre-12-coeurs-24-threads-170w-tdp-socket-am5-cache-76mb-jusqua-5-6-ghz-frequence-boost-sans-ventilateur\/\",\"url\":\"https:\/\/proplaystore.lu\/index.php\/produit\/amd-ryzen-9-7900x-processeur-radeon-graphique-integre-12-coeurs-24-threads-170w-tdp-socket-am5-cache-76mb-jusqua-5-6-ghz-frequence-boost-sans-ventilateur\/\",\"name\":\"AMD Ryzen 9 7900X Processeur (Radeon Graphique Int\u00e9gr\u00e9 12 Coeurs\/24 Threads, 170W TDP, Socket AM5, Cache 76MB, jusqu'\u00e0 5.6 GHz Fr\u00e9quence Boost, sans Ventilateur) - ProPlaystore\",\"isPartOf\":{\"@id\":\"https:\/\/proplaystore.lu\/#website\"},\"primaryImageOfPage\":{\"@id\":\"https:\/\/proplaystore.lu\/index.php\/produit\/amd-ryzen-9-7900x-processeur-radeon-graphique-integre-12-coeurs-24-threads-170w-tdp-socket-am5-cache-76mb-jusqua-5-6-ghz-frequence-boost-sans-ventilateur\/#primaryimage\"},\"image\":{\"@id\":\"https:\/\/proplaystore.lu\/index.php\/produit\/amd-ryzen-9-7900x-processeur-radeon-graphique-integre-12-coeurs-24-threads-170w-tdp-socket-am5-cache-76mb-jusqua-5-6-ghz-frequence-boost-sans-ventilateur\/#primaryimage\"},\"thumbnailUrl\":\"https:\/\/proplaystore.lu\/wp-content\/uploads\/2025\/08\/51OEiWrUtqL._AC_SX300_SY300_QL70_ML2_.jpg\",\"datePublished\":\"2025-08-12T12:57:39+00:00\",\"dateModified\":\"2025-08-18T21:40:27+00:00\",\"breadcrumb\":{\"@id\":\"https:\/\/proplaystore.lu\/index.php\/produit\/amd-ryzen-9-7900x-processeur-radeon-graphique-integre-12-coeurs-24-threads-170w-tdp-socket-am5-cache-76mb-jusqua-5-6-ghz-frequence-boost-sans-ventilateur\/#breadcrumb\"},\"inLanguage\":\"en-US\",\"potentialAction\":[{\"@type\":\"ReadAction\",\"target\":[\"https:\/\/proplaystore.lu\/index.php\/produit\/amd-ryzen-9-7900x-processeur-radeon-graphique-integre-12-coeurs-24-threads-170w-tdp-socket-am5-cache-76mb-jusqua-5-6-ghz-frequence-boost-sans-ventilateur\/\"]}]},{\"@type\":\"ImageObject\",\"inLanguage\":\"en-US\",\"@id\":\"https:\/\/proplaystore.lu\/index.php\/produit\/amd-ryzen-9-7900x-processeur-radeon-graphique-integre-12-coeurs-24-threads-170w-tdp-socket-am5-cache-76mb-jusqua-5-6-ghz-frequence-boost-sans-ventilateur\/#primaryimage\",\"url\":\"https:\/\/proplaystore.lu\/wp-content\/uploads\/2025\/08\/51OEiWrUtqL._AC_SX300_SY300_QL70_ML2_.jpg\",\"contentUrl\":\"https:\/\/proplaystore.lu\/wp-content\/uploads\/2025\/08\/51OEiWrUtqL._AC_SX300_SY300_QL70_ML2_.jpg\",\"width\":300,\"height\":284},{\"@type\":\"BreadcrumbList\",\"@id\":\"https:\/\/proplaystore.lu\/index.php\/produit\/amd-ryzen-9-7900x-processeur-radeon-graphique-integre-12-coeurs-24-threads-170w-tdp-socket-am5-cache-76mb-jusqua-5-6-ghz-frequence-boost-sans-ventilateur\/#breadcrumb\",\"itemListElement\":[{\"@type\":\"ListItem\",\"position\":1,\"name\":\"Accueil\",\"item\":\"https:\/\/proplaystore.lu\/\"},{\"@type\":\"ListItem\",\"position\":2,\"name\":\"Shop\",\"item\":\"https:\/\/proplaystore.lu\/index.php\/shop\/\"},{\"@type\":\"ListItem\",\"position\":3,\"name\":\"AMD Ryzen 9 7900X Processeur (Radeon Graphique Int\u00e9gr\u00e9 12 Coeurs\/24 Threads, 170W TDP, Socket AM5, Cache 76MB, jusqu&#8217;\u00e0 5.6 GHz Fr\u00e9quence Boost, sans Ventilateur)\"}]},{\"@type\":\"WebSite\",\"@id\":\"https:\/\/proplaystore.lu\/#website\",\"url\":\"https:\/\/proplaystore.lu\/\",\"name\":\"ProPlaystore\",\"description\":\"proplaysre\",\"potentialAction\":[{\"@type\":\"SearchAction\",\"target\":{\"@type\":\"EntryPoint\",\"urlTemplate\":\"https:\/\/proplaystore.lu\/?s={search_term_string}\"},\"query-input\":{\"@type\":\"PropertyValueSpecification\",\"valueRequired\":true,\"valueName\":\"search_term_string\"}}],\"inLanguage\":\"en-US\"}]}<\/script>\n<!-- \/ Yoast SEO plugin. -->","yoast_head_json":{"title":"AMD Ryzen 9 7900X Processeur (Radeon Graphique Int\u00e9gr\u00e9 12 Coeurs\/24 Threads, 170W TDP, Socket AM5, Cache 76MB, jusqu'\u00e0 5.6 GHz Fr\u00e9quence Boost, sans Ventilateur) - ProPlaystore","robots":{"index":"index","follow":"follow","max-snippet":"max-snippet:-1","max-image-preview":"max-image-preview:large","max-video-preview":"max-video-preview:-1"},"canonical":"https:\/\/proplaystore.lu\/index.php\/produit\/amd-ryzen-9-7900x-processeur-radeon-graphique-integre-12-coeurs-24-threads-170w-tdp-socket-am5-cache-76mb-jusqua-5-6-ghz-frequence-boost-sans-ventilateur\/","og_locale":"en_US","og_type":"article","og_title":"AMD Ryzen 9 7900X Processeur (Radeon Graphique Int\u00e9gr\u00e9 12 Coeurs\/24 Threads, 170W TDP, Socket AM5, Cache 76MB, jusqu'\u00e0 5.6 GHz Fr\u00e9quence Boost, sans Ventilateur) - ProPlaystore","og_description":"\u00c0 propos de cet article   ARCHITECTURE ZEN 4 - Le nouveau standard pour les joueurs et cr\u00e9ateurs. Profitez de performances incroyables ainsi que d'une efficacit\u00e9 \u00e9nerg\u00e9tique accrue gr\u00e2ce \u00e0 la nouvelle architecture AMD Zen 4 bas\u00e9e sur une finesse de gravure en 5 nm, une premi\u00e8re mondiale   12 C\u0152URS ET 24 THREADS - Le Ryzen 9 7900X offre des fr\u00e9quences exceptionnelles (Base 4,7 GHz \/ Boost 5,6 GHz). L'overclocking est bien s\u00fbr possible puisque l'ensemble des c\u0153urs sont d\u00e9brid\u00e9s.   DES CARACT\u00c9RISTIQUES AVANC\u00c9ES - Avec une un TDP de 170 W, et ses 76 MB Cache L3, le Ryzen 9 7900X est taill\u00e9 pour accomplir de grandes choses. Son I\/O Die dispose \u00e9galement d'une puce graphique int\u00e9gr\u00e9e AMD RDNA 2.   M\u00c9MOIRE DDR5 et PCIe 5.0 - Les processeurs Ryzen S\u00e9rie 7000 offrent les derniers technologies disponibles. Profitez du AMD EXPO pour un overclocking facile de la DDR5. B\u00e9n\u00e9ficiez du PCIe 5.0 sur le GPU ET le stockage SSD NVMe.   SOCKET AM5 - Une nouvelle plateforme pens\u00e9e pour durer sur plusieurs g\u00e9n\u00e9rations. Retrouvez un large choix de cartes m\u00e8res AMD 5 adapt\u00e9 \u00e0 vos besoins. Les refoidisseurs AM4 restent compatibles avec AM5.","og_url":"https:\/\/proplaystore.lu\/index.php\/produit\/amd-ryzen-9-7900x-processeur-radeon-graphique-integre-12-coeurs-24-threads-170w-tdp-socket-am5-cache-76mb-jusqua-5-6-ghz-frequence-boost-sans-ventilateur\/","og_site_name":"ProPlaystore","article_modified_time":"2025-08-18T21:40:27+00:00","og_image":[{"width":300,"height":284,"url":"https:\/\/proplaystore.lu\/wp-content\/uploads\/2025\/08\/51OEiWrUtqL._AC_SX300_SY300_QL70_ML2_.jpg","type":"image\/jpeg"}],"twitter_card":"summary_large_image","twitter_misc":{"Est. reading time":"1 minute"},"schema":{"@context":"https:\/\/schema.org","@graph":[{"@type":"WebPage","@id":"https:\/\/proplaystore.lu\/index.php\/produit\/amd-ryzen-9-7900x-processeur-radeon-graphique-integre-12-coeurs-24-threads-170w-tdp-socket-am5-cache-76mb-jusqua-5-6-ghz-frequence-boost-sans-ventilateur\/","url":"https:\/\/proplaystore.lu\/index.php\/produit\/amd-ryzen-9-7900x-processeur-radeon-graphique-integre-12-coeurs-24-threads-170w-tdp-socket-am5-cache-76mb-jusqua-5-6-ghz-frequence-boost-sans-ventilateur\/","name":"AMD Ryzen 9 7900X Processeur (Radeon Graphique Int\u00e9gr\u00e9 12 Coeurs\/24 Threads, 170W TDP, Socket AM5, Cache 76MB, jusqu'\u00e0 5.6 GHz Fr\u00e9quence Boost, sans Ventilateur) - ProPlaystore","isPartOf":{"@id":"https:\/\/proplaystore.lu\/#website"},"primaryImageOfPage":{"@id":"https:\/\/proplaystore.lu\/index.php\/produit\/amd-ryzen-9-7900x-processeur-radeon-graphique-integre-12-coeurs-24-threads-170w-tdp-socket-am5-cache-76mb-jusqua-5-6-ghz-frequence-boost-sans-ventilateur\/#primaryimage"},"image":{"@id":"https:\/\/proplaystore.lu\/index.php\/produit\/amd-ryzen-9-7900x-processeur-radeon-graphique-integre-12-coeurs-24-threads-170w-tdp-socket-am5-cache-76mb-jusqua-5-6-ghz-frequence-boost-sans-ventilateur\/#primaryimage"},"thumbnailUrl":"https:\/\/proplaystore.lu\/wp-content\/uploads\/2025\/08\/51OEiWrUtqL._AC_SX300_SY300_QL70_ML2_.jpg","datePublished":"2025-08-12T12:57:39+00:00","dateModified":"2025-08-18T21:40:27+00:00","breadcrumb":{"@id":"https:\/\/proplaystore.lu\/index.php\/produit\/amd-ryzen-9-7900x-processeur-radeon-graphique-integre-12-coeurs-24-threads-170w-tdp-socket-am5-cache-76mb-jusqua-5-6-ghz-frequence-boost-sans-ventilateur\/#breadcrumb"},"inLanguage":"en-US","potentialAction":[{"@type":"ReadAction","target":["https:\/\/proplaystore.lu\/index.php\/produit\/amd-ryzen-9-7900x-processeur-radeon-graphique-integre-12-coeurs-24-threads-170w-tdp-socket-am5-cache-76mb-jusqua-5-6-ghz-frequence-boost-sans-ventilateur\/"]}]},{"@type":"ImageObject","inLanguage":"en-US","@id":"https:\/\/proplaystore.lu\/index.php\/produit\/amd-ryzen-9-7900x-processeur-radeon-graphique-integre-12-coeurs-24-threads-170w-tdp-socket-am5-cache-76mb-jusqua-5-6-ghz-frequence-boost-sans-ventilateur\/#primaryimage","url":"https:\/\/proplaystore.lu\/wp-content\/uploads\/2025\/08\/51OEiWrUtqL._AC_SX300_SY300_QL70_ML2_.jpg","contentUrl":"https:\/\/proplaystore.lu\/wp-content\/uploads\/2025\/08\/51OEiWrUtqL._AC_SX300_SY300_QL70_ML2_.jpg","width":300,"height":284},{"@type":"BreadcrumbList","@id":"https:\/\/proplaystore.lu\/index.php\/produit\/amd-ryzen-9-7900x-processeur-radeon-graphique-integre-12-coeurs-24-threads-170w-tdp-socket-am5-cache-76mb-jusqua-5-6-ghz-frequence-boost-sans-ventilateur\/#breadcrumb","itemListElement":[{"@type":"ListItem","position":1,"name":"Accueil","item":"https:\/\/proplaystore.lu\/"},{"@type":"ListItem","position":2,"name":"Shop","item":"https:\/\/proplaystore.lu\/index.php\/shop\/"},{"@type":"ListItem","position":3,"name":"AMD Ryzen 9 7900X Processeur (Radeon Graphique Int\u00e9gr\u00e9 12 Coeurs\/24 Threads, 170W TDP, Socket AM5, Cache 76MB, jusqu&#8217;\u00e0 5.6 GHz Fr\u00e9quence Boost, sans Ventilateur)"}]},{"@type":"WebSite","@id":"https:\/\/proplaystore.lu\/#website","url":"https:\/\/proplaystore.lu\/","name":"ProPlaystore","description":"proplaysre","potentialAction":[{"@type":"SearchAction","target":{"@type":"EntryPoint","urlTemplate":"https:\/\/proplaystore.lu\/?s={search_term_string}"},"query-input":{"@type":"PropertyValueSpecification","valueRequired":true,"valueName":"search_term_string"}}],"inLanguage":"en-US"}]}},"_links":{"self":[{"href":"https:\/\/proplaystore.lu\/index.php\/wp-json\/wp\/v2\/product\/7501","targetHints":{"allow":["GET"]}}],"collection":[{"href":"https:\/\/proplaystore.lu\/index.php\/wp-json\/wp\/v2\/product"}],"about":[{"href":"https:\/\/proplaystore.lu\/index.php\/wp-json\/wp\/v2\/types\/product"}],"replies":[{"embeddable":true,"href":"https:\/\/proplaystore.lu\/index.php\/wp-json\/wp\/v2\/comments?post=7501"}],"wp:featuredmedia":[{"embeddable":true,"href":"https:\/\/proplaystore.lu\/index.php\/wp-json\/wp\/v2\/media\/7381"}],"wp:attachment":[{"href":"https:\/\/proplaystore.lu\/index.php\/wp-json\/wp\/v2\/media?parent=7501"}],"wp:term":[{"taxonomy":"product_brand","embeddable":true,"href":"https:\/\/proplaystore.lu\/index.php\/wp-json\/wp\/v2\/product_brand?post=7501"},{"taxonomy":"product_cat","embeddable":true,"href":"https:\/\/proplaystore.lu\/index.php\/wp-json\/wp\/v2\/product_cat?post=7501"},{"taxonomy":"product_tag","embeddable":true,"href":"https:\/\/proplaystore.lu\/index.php\/wp-json\/wp\/v2\/product_tag?post=7501"}],"curies":[{"name":"wp","href":"https:\/\/api.w.org\/{rel}","templated":true}]}}