{"id":7506,"date":"2025-08-13T08:29:05","date_gmt":"2025-08-13T08:29:05","guid":{"rendered":"https:\/\/proplaystore.lu\/?post_type=product&#038;p=7506"},"modified":"2025-08-19T08:04:16","modified_gmt":"2025-08-19T08:04:16","slug":"msi-nvidia-geforce-rtx-5070-12g-gaming-trio-oc-carte-graphique-12-go-gddr7-28-gb-s-192-bit-pcie-5-0-tri-frozr-4-3-x-ventilateurs-stormforce-rgb-hdmi-2-1b-displayport-2-1b","status":"publish","type":"product","link":"https:\/\/proplaystore.lu\/index.php\/produit\/msi-nvidia-geforce-rtx-5070-12g-gaming-trio-oc-carte-graphique-12-go-gddr7-28-gb-s-192-bit-pcie-5-0-tri-frozr-4-3-x-ventilateurs-stormforce-rgb-hdmi-2-1b-displayport-2-1b\/","title":{"rendered":"MSI NVIDIA GeForce RTX 5070 12G Gaming Trio OC Carte Graphique &#8211; 12 Go GDDR7 (28 GB\/s, 192-bit), PCIe 5.0 &#8211; TRI FROZR 4 (3 x Ventilateurs STORMFORCE) &#8211; RGB &#8211; HDMI 2.1b, DisplayPort 2.1b"},"content":{"rendered":"<table class=\"a-normal a-spacing-micro\" role=\"list\">\n<tbody>\n<tr class=\"a-spacing-small po-graphics_coprocessor\" role=\"listitem\">\n<td class=\"a-span3\" role=\"presentation\"><span class=\"a-size-base a-text-bold\">Coprocesseur graphique<\/span><\/td>\n<td class=\"a-span9\" role=\"presentation\"><span class=\"a-size-base po-break-word\">NVIDIA GeForce RTX 5070<\/span><\/td>\n<\/tr>\n<tr class=\"a-spacing-small po-brand\" role=\"listitem\">\n<td class=\"a-span3\" role=\"presentation\"><span class=\"a-size-base a-text-bold\">Marque<\/span><\/td>\n<td class=\"a-span9\" role=\"presentation\"><span class=\"a-size-base po-break-word\">MSI<\/span><\/td>\n<\/tr>\n<tr class=\"a-spacing-small po-graphics_ram.size\" role=\"listitem\">\n<td class=\"a-span3\" role=\"presentation\"><span class=\"a-size-base a-text-bold\">Taille de la RAM graphique<\/span><\/td>\n<td class=\"a-span9\" role=\"presentation\"><span class=\"a-size-base po-break-word\">12 Go<\/span><\/td>\n<\/tr>\n<tr class=\"a-spacing-small po-video_output_interface\" role=\"listitem\">\n<td class=\"a-span3\" role=\"presentation\"><span class=\"a-size-base a-text-bold\">Interface de sortie vid\u00e9o<\/span><\/td>\n<td class=\"a-span9\" role=\"presentation\"><span class=\"a-size-base po-break-word\">DisplayPort, HDMI<\/span><\/td>\n<\/tr>\n<tr class=\"a-spacing-small po-graphics_processor_manufacturer\" role=\"listitem\">\n<td class=\"a-span3\" role=\"presentation\"><span class=\"a-size-base a-text-bold\">Fabricant de processeurs graphiques<\/span><\/td>\n<td class=\"a-span9\" role=\"presentation\"><span class=\"a-size-base po-break-word\">NVIDIA<\/span><\/td>\n<\/tr>\n<tr class=\"a-spacing-small po-graphics_ram.type\" role=\"listitem\">\n<td class=\"a-span3\" role=\"presentation\"><span class=\"a-size-base a-text-bold\">Type de RAM graphique<\/span><\/td>\n<td class=\"a-span9\" role=\"presentation\"><span class=\"a-size-base po-break-word\">GDDR7<\/span><\/td>\n<\/tr>\n<tr class=\"a-spacing-small po-recommended_uses_for_product\" role=\"listitem\">\n<td class=\"a-span3\" role=\"presentation\"><span class=\"a-size-base a-text-bold\">Usages recommand\u00e9s pour le produit<\/span><\/td>\n<td class=\"a-span9\" role=\"presentation\"><span class=\"a-size-base po-break-word\">https:\/\/msi.com\/Graphics-Card\/GeForce-RTX-5070-12G-GAMING-TRIO-OC\/support<\/span><\/td>\n<\/tr>\n<tr class=\"a-spacing-small po-included_components\" role=\"listitem\">\n<td class=\"a-span3\" role=\"presentation\"><span class=\"a-size-base a-text-bold\">Composants inclus<\/span><\/td>\n<td class=\"a-span9\" role=\"presentation\"><span class=\"a-size-base po-break-word\">Carte graphique<\/span><\/td>\n<\/tr>\n<tr class=\"a-spacing-small po-compatible_devices\" role=\"listitem\">\n<td class=\"a-span3\" role=\"presentation\"><span class=\"a-size-base a-text-bold\">Appareils compatibles<\/span><\/td>\n<td class=\"a-span9\" role=\"presentation\"><span class=\"a-size-base po-break-word\">Ordinateur de bureau<\/span><\/td>\n<\/tr>\n<tr class=\"a-spacing-small po-display.resolution_maximum\" role=\"listitem\">\n<td class=\"a-span3\" role=\"presentation\"><span class=\"a-size-base a-text-bold\">R\u00e9solution d&#8217;affichage maximale<\/span><\/td>\n<td class=\"a-span9\" role=\"presentation\"><span class=\"a-size-base po-break-word\">3840&#215;2160<\/span><\/td>\n<\/tr>\n<\/tbody>\n<\/table>\n","protected":false},"excerpt":{"rendered":"<h2 class=\"a-size-base-plus a-text-bold\">\u00c0 propos de cet article<\/h2>\n<ul class=\"a-unordered-list a-vertical a-spacing-mini\">\n<li class=\"a-spacing-mini\"><span class=\"a-list-item\">GPU NVIDIA GEFORCE RTX 5070 &#8211; Architecture de pointe Blackwell avec des capacit\u00e9s extr\u00eames de ray tracing RTX de 4\u00e8me g\u00e9n\u00e9ration (QHD\/1440p) et une m\u00e9moire GDDR7 de 12 Go (28 Gb\/s); Supporte les performances de fr\u00e9quence d&#8217;images am\u00e9lior\u00e9es DLSS 4.0.<\/span><\/li>\n<li class=\"a-spacing-mini\"><span class=\"a-list-item\">LE STYLE MSI GAMING TRIO OC &#8211; La GAMING TRIO OC combine un GPU overclock\u00e9 en usine avec une grande esth\u00e9tique. C&#8217;est une solution optimale pour les joueurs aguerris et les cr\u00e9ateurs \u00e0 la recherche d&#8217;une carte graphique aux performances \u00e9lev\u00e9es avec RGB.<\/span><\/li>\n<li class=\"a-spacing-mini\"><span class=\"a-list-item\">REFROIDISSEMENT SUP\u00c9RIEUR FROZR 4 &#8211; STORMFORCE int\u00e8gre 7 pales textur\u00e9es, roulements \u00e0 billes doubles et ZERO FROZR (mode 0 RPM). Base en cuivre nickel\u00e9, caloducs, radiateur Airflow Control et pads thermiques maximisent la dissipation thermique.<\/span><\/li>\n<li class=\"a-spacing-mini\"><span class=\"a-list-item\">CONCEPTION SOIGN\u00c9E &#8211; La plaque arri\u00e8re en m\u00e9tal renforce le ch\u00e2ssis et son design ajour\u00e9 permet de r\u00e9duire la chaleur emprisonn\u00e9e ; Le PCB comprend des circuits \u00e0 haute limite de puissance et des protections \u00e9lectriques haut de gamme.<\/span><\/li>\n<li class=\"a-spacing-mini\"><span class=\"a-list-item\">ROBUSTE &amp; PUISSANTE &#8211; Carte \u00e0 2.6 slots (PCIe 5.0 x16); Mesure 338 mm de long et p\u00e8se 1187 g; Puissance PSU recommand\u00e9e de 650W ou plus (16 pins, consommation \u00e9lectrique de 250 W); Ports arri\u00e8re incluent 3 x DisplayPort 2.1b et 1 x HDMI 2.1b (4K\/480Hz)<\/span><\/li>\n<\/ul>\n","protected":false},"featured_media":7507,"comment_status":"open","ping_status":"closed","template":"","meta":[],"product_brand":[],"product_cat":[64],"product_tag":[53,55],"class_list":{"0":"post-7506","1":"product","2":"type-product","3":"status-publish","4":"has-post-thumbnail","6":"product_cat-carte-graphique","7":"product_tag-gamer","8":"product_tag-pc","10":"first","11":"instock","12":"shipping-taxable","13":"purchasable","14":"product-type-simple"},"yoast_head":"<!-- This site is optimized with the Yoast SEO plugin v26.4 - https:\/\/yoast.com\/wordpress\/plugins\/seo\/ -->\n<title>MSI NVIDIA GeForce RTX 5070 12G Gaming Trio OC Carte Graphique - 12 Go GDDR7 (28 GB\/s, 192-bit), PCIe 5.0 - TRI FROZR 4 (3 x Ventilateurs STORMFORCE) - RGB - HDMI 2.1b, DisplayPort 2.1b - ProPlaystore<\/title>\n<meta name=\"robots\" content=\"index, follow, max-snippet:-1, max-image-preview:large, max-video-preview:-1\" \/>\n<link rel=\"canonical\" href=\"https:\/\/proplaystore.lu\/index.php\/produit\/msi-nvidia-geforce-rtx-5070-12g-gaming-trio-oc-carte-graphique-12-go-gddr7-28-gb-s-192-bit-pcie-5-0-tri-frozr-4-3-x-ventilateurs-stormforce-rgb-hdmi-2-1b-displayport-2-1b\/\" \/>\n<meta property=\"og:locale\" content=\"en_US\" \/>\n<meta property=\"og:type\" content=\"article\" \/>\n<meta property=\"og:title\" content=\"MSI NVIDIA GeForce RTX 5070 12G Gaming Trio OC Carte Graphique - 12 Go GDDR7 (28 GB\/s, 192-bit), PCIe 5.0 - TRI FROZR 4 (3 x Ventilateurs STORMFORCE) - RGB - HDMI 2.1b, DisplayPort 2.1b - ProPlaystore\" \/>\n<meta property=\"og:description\" content=\"\u00c0 propos de cet article   GPU NVIDIA GEFORCE RTX 5070 - Architecture de pointe Blackwell avec des capacit\u00e9s extr\u00eames de ray tracing RTX de 4\u00e8me g\u00e9n\u00e9ration (QHD\/1440p) et une m\u00e9moire GDDR7 de 12 Go (28 Gb\/s); Supporte les performances de fr\u00e9quence d&#039;images am\u00e9lior\u00e9es DLSS 4.0.  LE STYLE MSI GAMING TRIO OC - La GAMING TRIO OC combine un GPU overclock\u00e9 en usine avec une grande esth\u00e9tique. C&#039;est une solution optimale pour les joueurs aguerris et les cr\u00e9ateurs \u00e0 la recherche d&#039;une carte graphique aux performances \u00e9lev\u00e9es avec RGB.  REFROIDISSEMENT SUP\u00c9RIEUR FROZR 4 - STORMFORCE int\u00e8gre 7 pales textur\u00e9es, roulements \u00e0 billes doubles et ZERO FROZR (mode 0 RPM). Base en cuivre nickel\u00e9, caloducs, radiateur Airflow Control et pads thermiques maximisent la dissipation thermique.  CONCEPTION SOIGN\u00c9E - La plaque arri\u00e8re en m\u00e9tal renforce le ch\u00e2ssis et son design ajour\u00e9 permet de r\u00e9duire la chaleur emprisonn\u00e9e ; Le PCB comprend des circuits \u00e0 haute limite de puissance et des protections \u00e9lectriques haut de gamme.  ROBUSTE &amp; PUISSANTE - Carte \u00e0 2.6 slots (PCIe 5.0 x16); Mesure 338 mm de long et p\u00e8se 1187 g; Puissance PSU recommand\u00e9e de 650W ou plus (16 pins, consommation \u00e9lectrique de 250 W); Ports arri\u00e8re incluent 3 x DisplayPort 2.1b et 1 x HDMI 2.1b (4K\/480Hz)\" \/>\n<meta property=\"og:url\" content=\"https:\/\/proplaystore.lu\/index.php\/produit\/msi-nvidia-geforce-rtx-5070-12g-gaming-trio-oc-carte-graphique-12-go-gddr7-28-gb-s-192-bit-pcie-5-0-tri-frozr-4-3-x-ventilateurs-stormforce-rgb-hdmi-2-1b-displayport-2-1b\/\" \/>\n<meta property=\"og:site_name\" content=\"ProPlaystore\" \/>\n<meta property=\"article:modified_time\" content=\"2025-08-19T08:04:16+00:00\" \/>\n<meta property=\"og:image\" content=\"https:\/\/proplaystore.lu\/wp-content\/uploads\/2025\/08\/61qjpDlJ9qL._AC_SX679_.jpg\" \/>\n\t<meta property=\"og:image:width\" content=\"679\" \/>\n\t<meta property=\"og:image:height\" content=\"492\" \/>\n\t<meta property=\"og:image:type\" content=\"image\/jpeg\" \/>\n<meta name=\"twitter:card\" content=\"summary_large_image\" \/>\n<meta name=\"twitter:label1\" content=\"Est. reading time\" \/>\n\t<meta name=\"twitter:data1\" content=\"1 minute\" \/>\n<script type=\"application\/ld+json\" class=\"yoast-schema-graph\">{\"@context\":\"https:\/\/schema.org\",\"@graph\":[{\"@type\":\"WebPage\",\"@id\":\"https:\/\/proplaystore.lu\/index.php\/produit\/msi-nvidia-geforce-rtx-5070-12g-gaming-trio-oc-carte-graphique-12-go-gddr7-28-gb-s-192-bit-pcie-5-0-tri-frozr-4-3-x-ventilateurs-stormforce-rgb-hdmi-2-1b-displayport-2-1b\/\",\"url\":\"https:\/\/proplaystore.lu\/index.php\/produit\/msi-nvidia-geforce-rtx-5070-12g-gaming-trio-oc-carte-graphique-12-go-gddr7-28-gb-s-192-bit-pcie-5-0-tri-frozr-4-3-x-ventilateurs-stormforce-rgb-hdmi-2-1b-displayport-2-1b\/\",\"name\":\"MSI NVIDIA GeForce RTX 5070 12G Gaming Trio OC Carte Graphique - 12 Go GDDR7 (28 GB\/s, 192-bit), PCIe 5.0 - TRI FROZR 4 (3 x Ventilateurs STORMFORCE) - RGB - HDMI 2.1b, DisplayPort 2.1b - ProPlaystore\",\"isPartOf\":{\"@id\":\"https:\/\/proplaystore.lu\/#website\"},\"primaryImageOfPage\":{\"@id\":\"https:\/\/proplaystore.lu\/index.php\/produit\/msi-nvidia-geforce-rtx-5070-12g-gaming-trio-oc-carte-graphique-12-go-gddr7-28-gb-s-192-bit-pcie-5-0-tri-frozr-4-3-x-ventilateurs-stormforce-rgb-hdmi-2-1b-displayport-2-1b\/#primaryimage\"},\"image\":{\"@id\":\"https:\/\/proplaystore.lu\/index.php\/produit\/msi-nvidia-geforce-rtx-5070-12g-gaming-trio-oc-carte-graphique-12-go-gddr7-28-gb-s-192-bit-pcie-5-0-tri-frozr-4-3-x-ventilateurs-stormforce-rgb-hdmi-2-1b-displayport-2-1b\/#primaryimage\"},\"thumbnailUrl\":\"https:\/\/proplaystore.lu\/wp-content\/uploads\/2025\/08\/61qjpDlJ9qL._AC_SX679_.jpg\",\"datePublished\":\"2025-08-13T08:29:05+00:00\",\"dateModified\":\"2025-08-19T08:04:16+00:00\",\"breadcrumb\":{\"@id\":\"https:\/\/proplaystore.lu\/index.php\/produit\/msi-nvidia-geforce-rtx-5070-12g-gaming-trio-oc-carte-graphique-12-go-gddr7-28-gb-s-192-bit-pcie-5-0-tri-frozr-4-3-x-ventilateurs-stormforce-rgb-hdmi-2-1b-displayport-2-1b\/#breadcrumb\"},\"inLanguage\":\"en-US\",\"potentialAction\":[{\"@type\":\"ReadAction\",\"target\":[\"https:\/\/proplaystore.lu\/index.php\/produit\/msi-nvidia-geforce-rtx-5070-12g-gaming-trio-oc-carte-graphique-12-go-gddr7-28-gb-s-192-bit-pcie-5-0-tri-frozr-4-3-x-ventilateurs-stormforce-rgb-hdmi-2-1b-displayport-2-1b\/\"]}]},{\"@type\":\"ImageObject\",\"inLanguage\":\"en-US\",\"@id\":\"https:\/\/proplaystore.lu\/index.php\/produit\/msi-nvidia-geforce-rtx-5070-12g-gaming-trio-oc-carte-graphique-12-go-gddr7-28-gb-s-192-bit-pcie-5-0-tri-frozr-4-3-x-ventilateurs-stormforce-rgb-hdmi-2-1b-displayport-2-1b\/#primaryimage\",\"url\":\"https:\/\/proplaystore.lu\/wp-content\/uploads\/2025\/08\/61qjpDlJ9qL._AC_SX679_.jpg\",\"contentUrl\":\"https:\/\/proplaystore.lu\/wp-content\/uploads\/2025\/08\/61qjpDlJ9qL._AC_SX679_.jpg\",\"width\":679,\"height\":492},{\"@type\":\"BreadcrumbList\",\"@id\":\"https:\/\/proplaystore.lu\/index.php\/produit\/msi-nvidia-geforce-rtx-5070-12g-gaming-trio-oc-carte-graphique-12-go-gddr7-28-gb-s-192-bit-pcie-5-0-tri-frozr-4-3-x-ventilateurs-stormforce-rgb-hdmi-2-1b-displayport-2-1b\/#breadcrumb\",\"itemListElement\":[{\"@type\":\"ListItem\",\"position\":1,\"name\":\"Accueil\",\"item\":\"https:\/\/proplaystore.lu\/\"},{\"@type\":\"ListItem\",\"position\":2,\"name\":\"Shop\",\"item\":\"https:\/\/proplaystore.lu\/index.php\/shop\/\"},{\"@type\":\"ListItem\",\"position\":3,\"name\":\"MSI NVIDIA GeForce RTX 5070 12G Gaming Trio OC Carte Graphique &#8211; 12 Go GDDR7 (28 GB\/s, 192-bit), PCIe 5.0 &#8211; TRI FROZR 4 (3 x Ventilateurs STORMFORCE) &#8211; RGB &#8211; HDMI 2.1b, DisplayPort 2.1b\"}]},{\"@type\":\"WebSite\",\"@id\":\"https:\/\/proplaystore.lu\/#website\",\"url\":\"https:\/\/proplaystore.lu\/\",\"name\":\"ProPlaystore\",\"description\":\"proplaysre\",\"potentialAction\":[{\"@type\":\"SearchAction\",\"target\":{\"@type\":\"EntryPoint\",\"urlTemplate\":\"https:\/\/proplaystore.lu\/?s={search_term_string}\"},\"query-input\":{\"@type\":\"PropertyValueSpecification\",\"valueRequired\":true,\"valueName\":\"search_term_string\"}}],\"inLanguage\":\"en-US\"}]}<\/script>\n<!-- \/ Yoast SEO plugin. -->","yoast_head_json":{"title":"MSI NVIDIA GeForce RTX 5070 12G Gaming Trio OC Carte Graphique - 12 Go GDDR7 (28 GB\/s, 192-bit), PCIe 5.0 - TRI FROZR 4 (3 x Ventilateurs STORMFORCE) - RGB - HDMI 2.1b, DisplayPort 2.1b - ProPlaystore","robots":{"index":"index","follow":"follow","max-snippet":"max-snippet:-1","max-image-preview":"max-image-preview:large","max-video-preview":"max-video-preview:-1"},"canonical":"https:\/\/proplaystore.lu\/index.php\/produit\/msi-nvidia-geforce-rtx-5070-12g-gaming-trio-oc-carte-graphique-12-go-gddr7-28-gb-s-192-bit-pcie-5-0-tri-frozr-4-3-x-ventilateurs-stormforce-rgb-hdmi-2-1b-displayport-2-1b\/","og_locale":"en_US","og_type":"article","og_title":"MSI NVIDIA GeForce RTX 5070 12G Gaming Trio OC Carte Graphique - 12 Go GDDR7 (28 GB\/s, 192-bit), PCIe 5.0 - TRI FROZR 4 (3 x Ventilateurs STORMFORCE) - RGB - HDMI 2.1b, DisplayPort 2.1b - ProPlaystore","og_description":"\u00c0 propos de cet article   GPU NVIDIA GEFORCE RTX 5070 - Architecture de pointe Blackwell avec des capacit\u00e9s extr\u00eames de ray tracing RTX de 4\u00e8me g\u00e9n\u00e9ration (QHD\/1440p) et une m\u00e9moire GDDR7 de 12 Go (28 Gb\/s); Supporte les performances de fr\u00e9quence d'images am\u00e9lior\u00e9es DLSS 4.0.  LE STYLE MSI GAMING TRIO OC - La GAMING TRIO OC combine un GPU overclock\u00e9 en usine avec une grande esth\u00e9tique. C'est une solution optimale pour les joueurs aguerris et les cr\u00e9ateurs \u00e0 la recherche d'une carte graphique aux performances \u00e9lev\u00e9es avec RGB.  REFROIDISSEMENT SUP\u00c9RIEUR FROZR 4 - STORMFORCE int\u00e8gre 7 pales textur\u00e9es, roulements \u00e0 billes doubles et ZERO FROZR (mode 0 RPM). Base en cuivre nickel\u00e9, caloducs, radiateur Airflow Control et pads thermiques maximisent la dissipation thermique.  CONCEPTION SOIGN\u00c9E - La plaque arri\u00e8re en m\u00e9tal renforce le ch\u00e2ssis et son design ajour\u00e9 permet de r\u00e9duire la chaleur emprisonn\u00e9e ; Le PCB comprend des circuits \u00e0 haute limite de puissance et des protections \u00e9lectriques haut de gamme.  ROBUSTE &amp; PUISSANTE - Carte \u00e0 2.6 slots (PCIe 5.0 x16); Mesure 338 mm de long et p\u00e8se 1187 g; Puissance PSU recommand\u00e9e de 650W ou plus (16 pins, consommation \u00e9lectrique de 250 W); Ports arri\u00e8re incluent 3 x DisplayPort 2.1b et 1 x HDMI 2.1b (4K\/480Hz)","og_url":"https:\/\/proplaystore.lu\/index.php\/produit\/msi-nvidia-geforce-rtx-5070-12g-gaming-trio-oc-carte-graphique-12-go-gddr7-28-gb-s-192-bit-pcie-5-0-tri-frozr-4-3-x-ventilateurs-stormforce-rgb-hdmi-2-1b-displayport-2-1b\/","og_site_name":"ProPlaystore","article_modified_time":"2025-08-19T08:04:16+00:00","og_image":[{"width":679,"height":492,"url":"https:\/\/proplaystore.lu\/wp-content\/uploads\/2025\/08\/61qjpDlJ9qL._AC_SX679_.jpg","type":"image\/jpeg"}],"twitter_card":"summary_large_image","twitter_misc":{"Est. reading time":"1 minute"},"schema":{"@context":"https:\/\/schema.org","@graph":[{"@type":"WebPage","@id":"https:\/\/proplaystore.lu\/index.php\/produit\/msi-nvidia-geforce-rtx-5070-12g-gaming-trio-oc-carte-graphique-12-go-gddr7-28-gb-s-192-bit-pcie-5-0-tri-frozr-4-3-x-ventilateurs-stormforce-rgb-hdmi-2-1b-displayport-2-1b\/","url":"https:\/\/proplaystore.lu\/index.php\/produit\/msi-nvidia-geforce-rtx-5070-12g-gaming-trio-oc-carte-graphique-12-go-gddr7-28-gb-s-192-bit-pcie-5-0-tri-frozr-4-3-x-ventilateurs-stormforce-rgb-hdmi-2-1b-displayport-2-1b\/","name":"MSI NVIDIA GeForce RTX 5070 12G Gaming Trio OC Carte Graphique - 12 Go GDDR7 (28 GB\/s, 192-bit), PCIe 5.0 - TRI FROZR 4 (3 x Ventilateurs STORMFORCE) - RGB - HDMI 2.1b, DisplayPort 2.1b - ProPlaystore","isPartOf":{"@id":"https:\/\/proplaystore.lu\/#website"},"primaryImageOfPage":{"@id":"https:\/\/proplaystore.lu\/index.php\/produit\/msi-nvidia-geforce-rtx-5070-12g-gaming-trio-oc-carte-graphique-12-go-gddr7-28-gb-s-192-bit-pcie-5-0-tri-frozr-4-3-x-ventilateurs-stormforce-rgb-hdmi-2-1b-displayport-2-1b\/#primaryimage"},"image":{"@id":"https:\/\/proplaystore.lu\/index.php\/produit\/msi-nvidia-geforce-rtx-5070-12g-gaming-trio-oc-carte-graphique-12-go-gddr7-28-gb-s-192-bit-pcie-5-0-tri-frozr-4-3-x-ventilateurs-stormforce-rgb-hdmi-2-1b-displayport-2-1b\/#primaryimage"},"thumbnailUrl":"https:\/\/proplaystore.lu\/wp-content\/uploads\/2025\/08\/61qjpDlJ9qL._AC_SX679_.jpg","datePublished":"2025-08-13T08:29:05+00:00","dateModified":"2025-08-19T08:04:16+00:00","breadcrumb":{"@id":"https:\/\/proplaystore.lu\/index.php\/produit\/msi-nvidia-geforce-rtx-5070-12g-gaming-trio-oc-carte-graphique-12-go-gddr7-28-gb-s-192-bit-pcie-5-0-tri-frozr-4-3-x-ventilateurs-stormforce-rgb-hdmi-2-1b-displayport-2-1b\/#breadcrumb"},"inLanguage":"en-US","potentialAction":[{"@type":"ReadAction","target":["https:\/\/proplaystore.lu\/index.php\/produit\/msi-nvidia-geforce-rtx-5070-12g-gaming-trio-oc-carte-graphique-12-go-gddr7-28-gb-s-192-bit-pcie-5-0-tri-frozr-4-3-x-ventilateurs-stormforce-rgb-hdmi-2-1b-displayport-2-1b\/"]}]},{"@type":"ImageObject","inLanguage":"en-US","@id":"https:\/\/proplaystore.lu\/index.php\/produit\/msi-nvidia-geforce-rtx-5070-12g-gaming-trio-oc-carte-graphique-12-go-gddr7-28-gb-s-192-bit-pcie-5-0-tri-frozr-4-3-x-ventilateurs-stormforce-rgb-hdmi-2-1b-displayport-2-1b\/#primaryimage","url":"https:\/\/proplaystore.lu\/wp-content\/uploads\/2025\/08\/61qjpDlJ9qL._AC_SX679_.jpg","contentUrl":"https:\/\/proplaystore.lu\/wp-content\/uploads\/2025\/08\/61qjpDlJ9qL._AC_SX679_.jpg","width":679,"height":492},{"@type":"BreadcrumbList","@id":"https:\/\/proplaystore.lu\/index.php\/produit\/msi-nvidia-geforce-rtx-5070-12g-gaming-trio-oc-carte-graphique-12-go-gddr7-28-gb-s-192-bit-pcie-5-0-tri-frozr-4-3-x-ventilateurs-stormforce-rgb-hdmi-2-1b-displayport-2-1b\/#breadcrumb","itemListElement":[{"@type":"ListItem","position":1,"name":"Accueil","item":"https:\/\/proplaystore.lu\/"},{"@type":"ListItem","position":2,"name":"Shop","item":"https:\/\/proplaystore.lu\/index.php\/shop\/"},{"@type":"ListItem","position":3,"name":"MSI NVIDIA GeForce RTX 5070 12G Gaming Trio OC Carte Graphique &#8211; 12 Go GDDR7 (28 GB\/s, 192-bit), PCIe 5.0 &#8211; TRI FROZR 4 (3 x Ventilateurs STORMFORCE) &#8211; RGB &#8211; HDMI 2.1b, DisplayPort 2.1b"}]},{"@type":"WebSite","@id":"https:\/\/proplaystore.lu\/#website","url":"https:\/\/proplaystore.lu\/","name":"ProPlaystore","description":"proplaysre","potentialAction":[{"@type":"SearchAction","target":{"@type":"EntryPoint","urlTemplate":"https:\/\/proplaystore.lu\/?s={search_term_string}"},"query-input":{"@type":"PropertyValueSpecification","valueRequired":true,"valueName":"search_term_string"}}],"inLanguage":"en-US"}]}},"_links":{"self":[{"href":"https:\/\/proplaystore.lu\/index.php\/wp-json\/wp\/v2\/product\/7506","targetHints":{"allow":["GET"]}}],"collection":[{"href":"https:\/\/proplaystore.lu\/index.php\/wp-json\/wp\/v2\/product"}],"about":[{"href":"https:\/\/proplaystore.lu\/index.php\/wp-json\/wp\/v2\/types\/product"}],"replies":[{"embeddable":true,"href":"https:\/\/proplaystore.lu\/index.php\/wp-json\/wp\/v2\/comments?post=7506"}],"wp:featuredmedia":[{"embeddable":true,"href":"https:\/\/proplaystore.lu\/index.php\/wp-json\/wp\/v2\/media\/7507"}],"wp:attachment":[{"href":"https:\/\/proplaystore.lu\/index.php\/wp-json\/wp\/v2\/media?parent=7506"}],"wp:term":[{"taxonomy":"product_brand","embeddable":true,"href":"https:\/\/proplaystore.lu\/index.php\/wp-json\/wp\/v2\/product_brand?post=7506"},{"taxonomy":"product_cat","embeddable":true,"href":"https:\/\/proplaystore.lu\/index.php\/wp-json\/wp\/v2\/product_cat?post=7506"},{"taxonomy":"product_tag","embeddable":true,"href":"https:\/\/proplaystore.lu\/index.php\/wp-json\/wp\/v2\/product_tag?post=7506"}],"curies":[{"name":"wp","href":"https:\/\/api.w.org\/{rel}","templated":true}]}}