{"id":7517,"date":"2025-08-13T08:42:06","date_gmt":"2025-08-13T08:42:06","guid":{"rendered":"https:\/\/proplaystore.lu\/?post_type=product&#038;p=7517"},"modified":"2025-08-18T23:02:27","modified_gmt":"2025-08-18T23:02:27","slug":"thermalright-frozen-notte-360-white-argb-refroidisseur-a-eau-pour-processeur-360-blanc-ventilateur-pwm-3-x-120-mm-roulement-s-fdb-v2-convient-pour-amd-am4-intel-lga-1700-1150-1200-2011-2066","status":"publish","type":"product","link":"https:\/\/proplaystore.lu\/index.php\/produit\/thermalright-frozen-notte-360-white-argb-refroidisseur-a-eau-pour-processeur-360-blanc-ventilateur-pwm-3-x-120-mm-roulement-s-fdb-v2-convient-pour-amd-am4-intel-lga-1700-1150-1200-2011-2066\/","title":{"rendered":"Thermalright Frozen Notte 360 WHITE ARGB refroidisseur \u00e0 eau pour processeur, 360 blanc, ventilateur PWM 3 \u00d7 120 mm, roulement S-FDB V2, convient pour AMD\/AM4, Intel LGA 1700\/1150\/1200\/2011\/2066"},"content":{"rendered":"<table class=\"a-normal a-spacing-micro\" role=\"list\">\n<tbody>\n<tr class=\"a-spacing-small po-item_length_width_height\" role=\"listitem\">\n<td class=\"a-span3\" role=\"presentation\"><span class=\"a-size-base a-text-bold\">Dimensions du produit<\/span><\/td>\n<td class=\"a-span9\" role=\"presentation\"><span class=\"a-size-base po-break-word\">25L x 120l x 120H millim\u00e8tres<\/span><\/td>\n<\/tr>\n<tr class=\"a-spacing-small po-brand\" role=\"listitem\">\n<td class=\"a-span3\" role=\"presentation\"><span class=\"a-size-base a-text-bold\">Marque<\/span><\/td>\n<td class=\"a-span9\" role=\"presentation\"><span class=\"a-size-base po-break-word\">Thermalright<\/span><\/td>\n<\/tr>\n<tr class=\"a-spacing-small po-power_connector_type\" role=\"listitem\">\n<td class=\"a-span3\" role=\"presentation\"><span class=\"a-size-base a-text-bold\">Type de connecteur d&#8217;alimentation<\/span><\/td>\n<td class=\"a-span9\" role=\"presentation\"><span class=\"a-size-base po-break-word\">4 broche<\/span><\/td>\n<\/tr>\n<tr class=\"a-spacing-small po-voltage\" role=\"listitem\">\n<td class=\"a-span3\" role=\"presentation\"><span class=\"a-size-base a-text-bold\">Tension<\/span><\/td>\n<td class=\"a-span9\" role=\"presentation\"><span class=\"a-size-base po-break-word\">12 Volts<\/span><\/td>\n<\/tr>\n<tr class=\"a-spacing-small po-wattage\" role=\"listitem\">\n<td class=\"a-span3\" role=\"presentation\"><span class=\"a-size-base a-text-bold\">Puissance<\/span><\/td>\n<td class=\"a-span9\" role=\"presentation\"><span class=\"a-size-base po-break-word\">1.5 Watts<\/span><\/td>\n<\/tr>\n<tr class=\"a-spacing-small po-cooling_method\" role=\"listitem\">\n<td class=\"a-span3\" role=\"presentation\"><span class=\"a-size-base a-text-bold\">M\u00e9thode de refroidissement<\/span><\/td>\n<td class=\"a-span9\" role=\"presentation\"><span class=\"a-size-base po-break-word\">Eau<\/span><\/td>\n<\/tr>\n<tr class=\"a-spacing-small po-compatible_devices\" role=\"listitem\">\n<td class=\"a-span3\" role=\"presentation\"><span class=\"a-size-base a-text-bold\">Appareils compatibles<\/span><\/td>\n<td class=\"a-span9\" role=\"presentation\"><span class=\"a-size-base po-break-word\">Ordinateur<\/span><\/td>\n<\/tr>\n<tr class=\"a-spacing-small po-noise_level\" role=\"listitem\">\n<td class=\"a-span3\" role=\"presentation\"><span class=\"a-size-base a-text-bold\">Niveau sonore<\/span><\/td>\n<td class=\"a-span9\" role=\"presentation\"><span class=\"a-size-base po-break-word\">28 dB<\/span><\/td>\n<\/tr>\n<tr class=\"a-spacing-small po-material\" role=\"listitem\">\n<td class=\"a-span3\" role=\"presentation\"><span class=\"a-size-base a-text-bold\">Mat\u00e9riau<\/span><\/td>\n<td class=\"a-span9\" role=\"presentation\"><span class=\"a-size-base po-break-word\">Cuivre Aluminium Plastique<\/span><\/td>\n<\/tr>\n<tr class=\"a-spacing-small po-maximum_rotational_speed\" role=\"listitem\">\n<td class=\"a-span3\" role=\"presentation\"><span class=\"a-size-base a-text-bold\">Vitesse de rotation maximale<\/span><\/td>\n<td class=\"a-span9\" role=\"presentation\"><span class=\"a-size-base po-break-word\">2000 tr\/min<\/span><\/td>\n<\/tr>\n<\/tbody>\n<\/table>\n<p>&nbsp;<\/p>\n","protected":false},"excerpt":{"rendered":"<h2 class=\"a-size-base-plus a-text-bold\">\u00c0 propos de cet article<\/h2>\n<ul class=\"a-unordered-list a-vertical a-spacing-mini\">\n<li class=\"a-spacing-mini\"><span class=\"a-list-item\">\u3010Better cooling\u3011Water block with full copper mirror plane base + 360 specification white aluminum fin cold plate + high polymer woven protective water pipe + standard 120mm ARGB fan to create low resistance, high cooling, low Evaporative, long-life integrated water-cooled cooler.<\/span><\/li>\n<li class=\"a-spacing-mini\"><span class=\"a-list-item\">\u3010ARGB God Light Synchronization\u3011 L&#8217;ARGB du ventilateur pwm et de la t\u00eate de refroidissement \u00e0 eau est synchronis\u00e9 avec le 5V 3pin sur la carte m\u00e8re, 1600W couleur effet de lumi\u00e8re douce, refroidissement efficace tout en fournissant des effets d&#8217;\u00e9clairage riches (cr\u00e9ant un monde lumineux \u00e9blouissant), supportant les effets d&#8217;\u00e9clairage Connecter en s\u00e9rie pour \u00e9viter les cr\u00e9neaux lumineux insuffisants.<\/span><\/li>\n<li class=\"a-spacing-mini\"><span class=\"a-list-item\">\u3010Haute performance de la t\u00eate froide\u3011 Utilisant un fond en cuivre de haute qualit\u00e9 avec un espacement de 0,1 mm, plus un couvercle en alliage d&#8217;aluminium et un couvercle sup\u00e9rieur en acrylique tr\u00e8s r\u00e9sistant, utilisant le placage miroir et le processus de r\u00e9flexion pour cr\u00e9er une t\u00eate de pompe exclusive, la dur\u00e9e de vie de la t\u00eate de refroidissement \u00e0 eau est jusqu&#8217;\u00e0 40 000 heures, et la vitesse est jusqu&#8217;\u00e0 5300RPM\u00b110 %, ce qui assure un refroidissement excellent et \u00e0 long terme du CPU.<\/span><\/li>\n<li class=\"a-spacing-mini\"><span class=\"a-list-item\">\u30103 ventilateurs PWM\u3011TL-E12W-S ventilateur \u00e9quilibr\u00e9\u00d73, la vitesse peut atteindre 2000RPM\u00b110%, la taille est 120*120*25mm, le bruit est\u226427.7DBA, l&#8217;interface : 4pin PWM, la pression du vent : 2.87mmH2O(MAX), le volume d&#8217;air : 72.37CFM (MAX), le roulement S-FDB V2 peut r\u00e9soudre le probl\u00e8me de bavardage du ventilateur en mode de levage, avec les fonctions PWM et ARGB, peut ajuster automatiquement la vitesse en fonction de la temp\u00e9rature du CPU, peut fournir un flux d&#8217;air fort et un bruit plus faible, la couleur de la lumi\u00e8re ARGB peut \u00eatre ajust\u00e9e manuellement.<\/span><\/li>\n<li class=\"a-spacing-mini\"><span class=\"a-list-item\">\u3010Compatibilit\u00e9 \u00e9tendue\u3011Support Intel : LGA 1150\/1151\/1155\/1156\/1200\/1700\/2011\/2066 ; AMD : AM4\/AM5\/AM2\/AM2+\/AM3\/AM3+\/FM1\/FM2\/FM2+, avec double plateforme boucle noire en m\u00e9tal, facile \u00e0 installer, peut \u00eatre bien install\u00e9 sur la plateforme CPU correspondante, la largeur du ch\u00e2ssis est recommand\u00e9e pour \u00eatre sup\u00e9rieure \u00e0 250mm.<\/span><\/li>\n<\/ul>\n","protected":false},"featured_media":7336,"comment_status":"open","ping_status":"closed","template":"","meta":[],"product_brand":[],"product_cat":[67],"product_tag":[53,55],"class_list":{"0":"post-7517","1":"product","2":"type-product","3":"status-publish","4":"has-post-thumbnail","6":"product_cat-watercooling","7":"product_tag-gamer","8":"product_tag-pc","10":"first","11":"instock","12":"shipping-taxable","13":"purchasable","14":"product-type-simple"},"yoast_head":"<!-- This site is optimized with the Yoast SEO plugin v26.4 - https:\/\/yoast.com\/wordpress\/plugins\/seo\/ -->\n<title>Thermalright Frozen Notte 360 WHITE ARGB refroidisseur \u00e0 eau pour processeur, 360 blanc, ventilateur PWM 3 \u00d7 120 mm, roulement S-FDB V2, convient pour AMD\/AM4, Intel LGA 1700\/1150\/1200\/2011\/2066 - ProPlaystore<\/title>\n<meta name=\"robots\" content=\"index, follow, max-snippet:-1, max-image-preview:large, max-video-preview:-1\" \/>\n<link rel=\"canonical\" href=\"https:\/\/proplaystore.lu\/index.php\/produit\/thermalright-frozen-notte-360-white-argb-refroidisseur-a-eau-pour-processeur-360-blanc-ventilateur-pwm-3-x-120-mm-roulement-s-fdb-v2-convient-pour-amd-am4-intel-lga-1700-1150-1200-2011-2066\/\" \/>\n<meta property=\"og:locale\" content=\"en_US\" \/>\n<meta property=\"og:type\" content=\"article\" \/>\n<meta property=\"og:title\" content=\"Thermalright Frozen Notte 360 WHITE ARGB refroidisseur \u00e0 eau pour processeur, 360 blanc, ventilateur PWM 3 \u00d7 120 mm, roulement S-FDB V2, convient pour AMD\/AM4, Intel LGA 1700\/1150\/1200\/2011\/2066 - ProPlaystore\" \/>\n<meta property=\"og:description\" content=\"\u00c0 propos de cet article   \u3010Better cooling\u3011Water block with full copper mirror plane base + 360 specification white aluminum fin cold plate + high polymer woven protective water pipe + standard 120mm ARGB fan to create low resistance, high cooling, low Evaporative, long-life integrated water-cooled cooler.  \u3010ARGB God Light Synchronization\u3011 L&#039;ARGB du ventilateur pwm et de la t\u00eate de refroidissement \u00e0 eau est synchronis\u00e9 avec le 5V 3pin sur la carte m\u00e8re, 1600W couleur effet de lumi\u00e8re douce, refroidissement efficace tout en fournissant des effets d&#039;\u00e9clairage riches (cr\u00e9ant un monde lumineux \u00e9blouissant), supportant les effets d&#039;\u00e9clairage Connecter en s\u00e9rie pour \u00e9viter les cr\u00e9neaux lumineux insuffisants.  \u3010Haute performance de la t\u00eate froide\u3011 Utilisant un fond en cuivre de haute qualit\u00e9 avec un espacement de 0,1 mm, plus un couvercle en alliage d&#039;aluminium et un couvercle sup\u00e9rieur en acrylique tr\u00e8s r\u00e9sistant, utilisant le placage miroir et le processus de r\u00e9flexion pour cr\u00e9er une t\u00eate de pompe exclusive, la dur\u00e9e de vie de la t\u00eate de refroidissement \u00e0 eau est jusqu&#039;\u00e0 40 000 heures, et la vitesse est jusqu&#039;\u00e0 5300RPM\u00b110 %, ce qui assure un refroidissement excellent et \u00e0 long terme du CPU.  \u30103 ventilateurs PWM\u3011TL-E12W-S ventilateur \u00e9quilibr\u00e9\u00d73, la vitesse peut atteindre 2000RPM\u00b110%, la taille est 120*120*25mm, le bruit est\u226427.7DBA, l&#039;interface : 4pin PWM, la pression du vent : 2.87mmH2O(MAX), le volume d&#039;air : 72.37CFM (MAX), le roulement S-FDB V2 peut r\u00e9soudre le probl\u00e8me de bavardage du ventilateur en mode de levage, avec les fonctions PWM et ARGB, peut ajuster automatiquement la vitesse en fonction de la temp\u00e9rature du CPU, peut fournir un flux d&#039;air fort et un bruit plus faible, la couleur de la lumi\u00e8re ARGB peut \u00eatre ajust\u00e9e manuellement.  \u3010Compatibilit\u00e9 \u00e9tendue\u3011Support Intel : LGA 1150\/1151\/1155\/1156\/1200\/1700\/2011\/2066 ; AMD : AM4\/AM5\/AM2\/AM2+\/AM3\/AM3+\/FM1\/FM2\/FM2+, avec double plateforme boucle noire en m\u00e9tal, facile \u00e0 installer, peut \u00eatre bien install\u00e9 sur la plateforme CPU correspondante, la largeur du ch\u00e2ssis est recommand\u00e9e pour \u00eatre sup\u00e9rieure \u00e0 250mm.\" \/>\n<meta property=\"og:url\" content=\"https:\/\/proplaystore.lu\/index.php\/produit\/thermalright-frozen-notte-360-white-argb-refroidisseur-a-eau-pour-processeur-360-blanc-ventilateur-pwm-3-x-120-mm-roulement-s-fdb-v2-convient-pour-amd-am4-intel-lga-1700-1150-1200-2011-2066\/\" \/>\n<meta property=\"og:site_name\" content=\"ProPlaystore\" \/>\n<meta property=\"article:modified_time\" content=\"2025-08-18T23:02:27+00:00\" \/>\n<meta property=\"og:image\" content=\"https:\/\/proplaystore.lu\/wp-content\/uploads\/2025\/08\/61gUR11K5TL._SX522_.jpg\" \/>\n\t<meta property=\"og:image:width\" content=\"522\" \/>\n\t<meta property=\"og:image:height\" content=\"522\" \/>\n\t<meta property=\"og:image:type\" content=\"image\/jpeg\" \/>\n<meta name=\"twitter:card\" content=\"summary_large_image\" \/>\n<meta name=\"twitter:label1\" content=\"Est. reading time\" \/>\n\t<meta name=\"twitter:data1\" content=\"1 minute\" \/>\n<script type=\"application\/ld+json\" class=\"yoast-schema-graph\">{\"@context\":\"https:\/\/schema.org\",\"@graph\":[{\"@type\":\"WebPage\",\"@id\":\"https:\/\/proplaystore.lu\/index.php\/produit\/thermalright-frozen-notte-360-white-argb-refroidisseur-a-eau-pour-processeur-360-blanc-ventilateur-pwm-3-x-120-mm-roulement-s-fdb-v2-convient-pour-amd-am4-intel-lga-1700-1150-1200-2011-2066\/\",\"url\":\"https:\/\/proplaystore.lu\/index.php\/produit\/thermalright-frozen-notte-360-white-argb-refroidisseur-a-eau-pour-processeur-360-blanc-ventilateur-pwm-3-x-120-mm-roulement-s-fdb-v2-convient-pour-amd-am4-intel-lga-1700-1150-1200-2011-2066\/\",\"name\":\"Thermalright Frozen Notte 360 WHITE ARGB refroidisseur \u00e0 eau pour processeur, 360 blanc, ventilateur PWM 3 \u00d7 120 mm, roulement S-FDB V2, convient pour AMD\/AM4, Intel LGA 1700\/1150\/1200\/2011\/2066 - ProPlaystore\",\"isPartOf\":{\"@id\":\"https:\/\/proplaystore.lu\/#website\"},\"primaryImageOfPage\":{\"@id\":\"https:\/\/proplaystore.lu\/index.php\/produit\/thermalright-frozen-notte-360-white-argb-refroidisseur-a-eau-pour-processeur-360-blanc-ventilateur-pwm-3-x-120-mm-roulement-s-fdb-v2-convient-pour-amd-am4-intel-lga-1700-1150-1200-2011-2066\/#primaryimage\"},\"image\":{\"@id\":\"https:\/\/proplaystore.lu\/index.php\/produit\/thermalright-frozen-notte-360-white-argb-refroidisseur-a-eau-pour-processeur-360-blanc-ventilateur-pwm-3-x-120-mm-roulement-s-fdb-v2-convient-pour-amd-am4-intel-lga-1700-1150-1200-2011-2066\/#primaryimage\"},\"thumbnailUrl\":\"https:\/\/proplaystore.lu\/wp-content\/uploads\/2025\/08\/61gUR11K5TL._SX522_.jpg\",\"datePublished\":\"2025-08-13T08:42:06+00:00\",\"dateModified\":\"2025-08-18T23:02:27+00:00\",\"breadcrumb\":{\"@id\":\"https:\/\/proplaystore.lu\/index.php\/produit\/thermalright-frozen-notte-360-white-argb-refroidisseur-a-eau-pour-processeur-360-blanc-ventilateur-pwm-3-x-120-mm-roulement-s-fdb-v2-convient-pour-amd-am4-intel-lga-1700-1150-1200-2011-2066\/#breadcrumb\"},\"inLanguage\":\"en-US\",\"potentialAction\":[{\"@type\":\"ReadAction\",\"target\":[\"https:\/\/proplaystore.lu\/index.php\/produit\/thermalright-frozen-notte-360-white-argb-refroidisseur-a-eau-pour-processeur-360-blanc-ventilateur-pwm-3-x-120-mm-roulement-s-fdb-v2-convient-pour-amd-am4-intel-lga-1700-1150-1200-2011-2066\/\"]}]},{\"@type\":\"ImageObject\",\"inLanguage\":\"en-US\",\"@id\":\"https:\/\/proplaystore.lu\/index.php\/produit\/thermalright-frozen-notte-360-white-argb-refroidisseur-a-eau-pour-processeur-360-blanc-ventilateur-pwm-3-x-120-mm-roulement-s-fdb-v2-convient-pour-amd-am4-intel-lga-1700-1150-1200-2011-2066\/#primaryimage\",\"url\":\"https:\/\/proplaystore.lu\/wp-content\/uploads\/2025\/08\/61gUR11K5TL._SX522_.jpg\",\"contentUrl\":\"https:\/\/proplaystore.lu\/wp-content\/uploads\/2025\/08\/61gUR11K5TL._SX522_.jpg\",\"width\":522,\"height\":522},{\"@type\":\"BreadcrumbList\",\"@id\":\"https:\/\/proplaystore.lu\/index.php\/produit\/thermalright-frozen-notte-360-white-argb-refroidisseur-a-eau-pour-processeur-360-blanc-ventilateur-pwm-3-x-120-mm-roulement-s-fdb-v2-convient-pour-amd-am4-intel-lga-1700-1150-1200-2011-2066\/#breadcrumb\",\"itemListElement\":[{\"@type\":\"ListItem\",\"position\":1,\"name\":\"Accueil\",\"item\":\"https:\/\/proplaystore.lu\/\"},{\"@type\":\"ListItem\",\"position\":2,\"name\":\"Shop\",\"item\":\"https:\/\/proplaystore.lu\/index.php\/shop\/\"},{\"@type\":\"ListItem\",\"position\":3,\"name\":\"Thermalright Frozen Notte 360 WHITE ARGB refroidisseur \u00e0 eau pour processeur, 360 blanc, ventilateur PWM 3 \u00d7 120 mm, roulement S-FDB V2, convient pour AMD\/AM4, Intel LGA 1700\/1150\/1200\/2011\/2066\"}]},{\"@type\":\"WebSite\",\"@id\":\"https:\/\/proplaystore.lu\/#website\",\"url\":\"https:\/\/proplaystore.lu\/\",\"name\":\"ProPlaystore\",\"description\":\"proplaysre\",\"potentialAction\":[{\"@type\":\"SearchAction\",\"target\":{\"@type\":\"EntryPoint\",\"urlTemplate\":\"https:\/\/proplaystore.lu\/?s={search_term_string}\"},\"query-input\":{\"@type\":\"PropertyValueSpecification\",\"valueRequired\":true,\"valueName\":\"search_term_string\"}}],\"inLanguage\":\"en-US\"}]}<\/script>\n<!-- \/ Yoast SEO plugin. -->","yoast_head_json":{"title":"Thermalright Frozen Notte 360 WHITE ARGB refroidisseur \u00e0 eau pour processeur, 360 blanc, ventilateur PWM 3 \u00d7 120 mm, roulement S-FDB V2, convient pour AMD\/AM4, Intel LGA 1700\/1150\/1200\/2011\/2066 - ProPlaystore","robots":{"index":"index","follow":"follow","max-snippet":"max-snippet:-1","max-image-preview":"max-image-preview:large","max-video-preview":"max-video-preview:-1"},"canonical":"https:\/\/proplaystore.lu\/index.php\/produit\/thermalright-frozen-notte-360-white-argb-refroidisseur-a-eau-pour-processeur-360-blanc-ventilateur-pwm-3-x-120-mm-roulement-s-fdb-v2-convient-pour-amd-am4-intel-lga-1700-1150-1200-2011-2066\/","og_locale":"en_US","og_type":"article","og_title":"Thermalright Frozen Notte 360 WHITE ARGB refroidisseur \u00e0 eau pour processeur, 360 blanc, ventilateur PWM 3 \u00d7 120 mm, roulement S-FDB V2, convient pour AMD\/AM4, Intel LGA 1700\/1150\/1200\/2011\/2066 - ProPlaystore","og_description":"\u00c0 propos de cet article   \u3010Better cooling\u3011Water block with full copper mirror plane base + 360 specification white aluminum fin cold plate + high polymer woven protective water pipe + standard 120mm ARGB fan to create low resistance, high cooling, low Evaporative, long-life integrated water-cooled cooler.  \u3010ARGB God Light Synchronization\u3011 L'ARGB du ventilateur pwm et de la t\u00eate de refroidissement \u00e0 eau est synchronis\u00e9 avec le 5V 3pin sur la carte m\u00e8re, 1600W couleur effet de lumi\u00e8re douce, refroidissement efficace tout en fournissant des effets d'\u00e9clairage riches (cr\u00e9ant un monde lumineux \u00e9blouissant), supportant les effets d'\u00e9clairage Connecter en s\u00e9rie pour \u00e9viter les cr\u00e9neaux lumineux insuffisants.  \u3010Haute performance de la t\u00eate froide\u3011 Utilisant un fond en cuivre de haute qualit\u00e9 avec un espacement de 0,1 mm, plus un couvercle en alliage d'aluminium et un couvercle sup\u00e9rieur en acrylique tr\u00e8s r\u00e9sistant, utilisant le placage miroir et le processus de r\u00e9flexion pour cr\u00e9er une t\u00eate de pompe exclusive, la dur\u00e9e de vie de la t\u00eate de refroidissement \u00e0 eau est jusqu'\u00e0 40 000 heures, et la vitesse est jusqu'\u00e0 5300RPM\u00b110 %, ce qui assure un refroidissement excellent et \u00e0 long terme du CPU.  \u30103 ventilateurs PWM\u3011TL-E12W-S ventilateur \u00e9quilibr\u00e9\u00d73, la vitesse peut atteindre 2000RPM\u00b110%, la taille est 120*120*25mm, le bruit est\u226427.7DBA, l'interface : 4pin PWM, la pression du vent : 2.87mmH2O(MAX), le volume d'air : 72.37CFM (MAX), le roulement S-FDB V2 peut r\u00e9soudre le probl\u00e8me de bavardage du ventilateur en mode de levage, avec les fonctions PWM et ARGB, peut ajuster automatiquement la vitesse en fonction de la temp\u00e9rature du CPU, peut fournir un flux d'air fort et un bruit plus faible, la couleur de la lumi\u00e8re ARGB peut \u00eatre ajust\u00e9e manuellement.  \u3010Compatibilit\u00e9 \u00e9tendue\u3011Support Intel : LGA 1150\/1151\/1155\/1156\/1200\/1700\/2011\/2066 ; AMD : AM4\/AM5\/AM2\/AM2+\/AM3\/AM3+\/FM1\/FM2\/FM2+, avec double plateforme boucle noire en m\u00e9tal, facile \u00e0 installer, peut \u00eatre bien install\u00e9 sur la plateforme CPU correspondante, la largeur du ch\u00e2ssis est recommand\u00e9e pour \u00eatre sup\u00e9rieure \u00e0 250mm.","og_url":"https:\/\/proplaystore.lu\/index.php\/produit\/thermalright-frozen-notte-360-white-argb-refroidisseur-a-eau-pour-processeur-360-blanc-ventilateur-pwm-3-x-120-mm-roulement-s-fdb-v2-convient-pour-amd-am4-intel-lga-1700-1150-1200-2011-2066\/","og_site_name":"ProPlaystore","article_modified_time":"2025-08-18T23:02:27+00:00","og_image":[{"width":522,"height":522,"url":"https:\/\/proplaystore.lu\/wp-content\/uploads\/2025\/08\/61gUR11K5TL._SX522_.jpg","type":"image\/jpeg"}],"twitter_card":"summary_large_image","twitter_misc":{"Est. reading time":"1 minute"},"schema":{"@context":"https:\/\/schema.org","@graph":[{"@type":"WebPage","@id":"https:\/\/proplaystore.lu\/index.php\/produit\/thermalright-frozen-notte-360-white-argb-refroidisseur-a-eau-pour-processeur-360-blanc-ventilateur-pwm-3-x-120-mm-roulement-s-fdb-v2-convient-pour-amd-am4-intel-lga-1700-1150-1200-2011-2066\/","url":"https:\/\/proplaystore.lu\/index.php\/produit\/thermalright-frozen-notte-360-white-argb-refroidisseur-a-eau-pour-processeur-360-blanc-ventilateur-pwm-3-x-120-mm-roulement-s-fdb-v2-convient-pour-amd-am4-intel-lga-1700-1150-1200-2011-2066\/","name":"Thermalright Frozen Notte 360 WHITE ARGB refroidisseur \u00e0 eau pour processeur, 360 blanc, ventilateur PWM 3 \u00d7 120 mm, roulement S-FDB V2, convient pour AMD\/AM4, Intel LGA 1700\/1150\/1200\/2011\/2066 - ProPlaystore","isPartOf":{"@id":"https:\/\/proplaystore.lu\/#website"},"primaryImageOfPage":{"@id":"https:\/\/proplaystore.lu\/index.php\/produit\/thermalright-frozen-notte-360-white-argb-refroidisseur-a-eau-pour-processeur-360-blanc-ventilateur-pwm-3-x-120-mm-roulement-s-fdb-v2-convient-pour-amd-am4-intel-lga-1700-1150-1200-2011-2066\/#primaryimage"},"image":{"@id":"https:\/\/proplaystore.lu\/index.php\/produit\/thermalright-frozen-notte-360-white-argb-refroidisseur-a-eau-pour-processeur-360-blanc-ventilateur-pwm-3-x-120-mm-roulement-s-fdb-v2-convient-pour-amd-am4-intel-lga-1700-1150-1200-2011-2066\/#primaryimage"},"thumbnailUrl":"https:\/\/proplaystore.lu\/wp-content\/uploads\/2025\/08\/61gUR11K5TL._SX522_.jpg","datePublished":"2025-08-13T08:42:06+00:00","dateModified":"2025-08-18T23:02:27+00:00","breadcrumb":{"@id":"https:\/\/proplaystore.lu\/index.php\/produit\/thermalright-frozen-notte-360-white-argb-refroidisseur-a-eau-pour-processeur-360-blanc-ventilateur-pwm-3-x-120-mm-roulement-s-fdb-v2-convient-pour-amd-am4-intel-lga-1700-1150-1200-2011-2066\/#breadcrumb"},"inLanguage":"en-US","potentialAction":[{"@type":"ReadAction","target":["https:\/\/proplaystore.lu\/index.php\/produit\/thermalright-frozen-notte-360-white-argb-refroidisseur-a-eau-pour-processeur-360-blanc-ventilateur-pwm-3-x-120-mm-roulement-s-fdb-v2-convient-pour-amd-am4-intel-lga-1700-1150-1200-2011-2066\/"]}]},{"@type":"ImageObject","inLanguage":"en-US","@id":"https:\/\/proplaystore.lu\/index.php\/produit\/thermalright-frozen-notte-360-white-argb-refroidisseur-a-eau-pour-processeur-360-blanc-ventilateur-pwm-3-x-120-mm-roulement-s-fdb-v2-convient-pour-amd-am4-intel-lga-1700-1150-1200-2011-2066\/#primaryimage","url":"https:\/\/proplaystore.lu\/wp-content\/uploads\/2025\/08\/61gUR11K5TL._SX522_.jpg","contentUrl":"https:\/\/proplaystore.lu\/wp-content\/uploads\/2025\/08\/61gUR11K5TL._SX522_.jpg","width":522,"height":522},{"@type":"BreadcrumbList","@id":"https:\/\/proplaystore.lu\/index.php\/produit\/thermalright-frozen-notte-360-white-argb-refroidisseur-a-eau-pour-processeur-360-blanc-ventilateur-pwm-3-x-120-mm-roulement-s-fdb-v2-convient-pour-amd-am4-intel-lga-1700-1150-1200-2011-2066\/#breadcrumb","itemListElement":[{"@type":"ListItem","position":1,"name":"Accueil","item":"https:\/\/proplaystore.lu\/"},{"@type":"ListItem","position":2,"name":"Shop","item":"https:\/\/proplaystore.lu\/index.php\/shop\/"},{"@type":"ListItem","position":3,"name":"Thermalright Frozen Notte 360 WHITE ARGB refroidisseur \u00e0 eau pour processeur, 360 blanc, ventilateur PWM 3 \u00d7 120 mm, roulement S-FDB V2, convient pour AMD\/AM4, Intel LGA 1700\/1150\/1200\/2011\/2066"}]},{"@type":"WebSite","@id":"https:\/\/proplaystore.lu\/#website","url":"https:\/\/proplaystore.lu\/","name":"ProPlaystore","description":"proplaysre","potentialAction":[{"@type":"SearchAction","target":{"@type":"EntryPoint","urlTemplate":"https:\/\/proplaystore.lu\/?s={search_term_string}"},"query-input":{"@type":"PropertyValueSpecification","valueRequired":true,"valueName":"search_term_string"}}],"inLanguage":"en-US"}]}},"_links":{"self":[{"href":"https:\/\/proplaystore.lu\/index.php\/wp-json\/wp\/v2\/product\/7517","targetHints":{"allow":["GET"]}}],"collection":[{"href":"https:\/\/proplaystore.lu\/index.php\/wp-json\/wp\/v2\/product"}],"about":[{"href":"https:\/\/proplaystore.lu\/index.php\/wp-json\/wp\/v2\/types\/product"}],"replies":[{"embeddable":true,"href":"https:\/\/proplaystore.lu\/index.php\/wp-json\/wp\/v2\/comments?post=7517"}],"wp:featuredmedia":[{"embeddable":true,"href":"https:\/\/proplaystore.lu\/index.php\/wp-json\/wp\/v2\/media\/7336"}],"wp:attachment":[{"href":"https:\/\/proplaystore.lu\/index.php\/wp-json\/wp\/v2\/media?parent=7517"}],"wp:term":[{"taxonomy":"product_brand","embeddable":true,"href":"https:\/\/proplaystore.lu\/index.php\/wp-json\/wp\/v2\/product_brand?post=7517"},{"taxonomy":"product_cat","embeddable":true,"href":"https:\/\/proplaystore.lu\/index.php\/wp-json\/wp\/v2\/product_cat?post=7517"},{"taxonomy":"product_tag","embeddable":true,"href":"https:\/\/proplaystore.lu\/index.php\/wp-json\/wp\/v2\/product_tag?post=7517"}],"curies":[{"name":"wp","href":"https:\/\/api.w.org\/{rel}","templated":true}]}}