{"id":7709,"date":"2025-08-17T21:10:02","date_gmt":"2025-08-17T21:10:02","guid":{"rendered":"https:\/\/proplaystore.lu\/?post_type=product&#038;p=7709"},"modified":"2025-08-18T18:48:37","modified_gmt":"2025-08-18T18:48:37","slug":"msi-pro-h610m-e-ddr4-carte-mere-micro-atx-pour-processeur-intel-de-14e-13e-et-12e-gen-lga-1700-ddr4-memory-boost-3200mhz-max-pcie-4-0-x16-m-2-gen3","status":"publish","type":"product","link":"https:\/\/proplaystore.lu\/index.php\/produit\/msi-pro-h610m-e-ddr4-carte-mere-micro-atx-pour-processeur-intel-de-14e-13e-et-12e-gen-lga-1700-ddr4-memory-boost-3200mhz-max-pcie-4-0-x16-m-2-gen3\/","title":{"rendered":"MSI Pro H610M-E DDR4 Carte m\u00e8re, Micro-ATX &#8211; pour processeur Intel de 14e, 13e et 12e g\u00e9n., LGA 1700 &#8211; DDR4 Memory Boost 3200MHz\/MAX, PCIe 4.0 x16, M.2 Gen3"},"content":{"rendered":"<h2 data-start=\"1558\" data-end=\"1580\"><strong data-start=\"1561\" data-end=\"1580\">Fiche technique<\/strong><\/h2>\n<table class=\"a-normal a-spacing-micro\" role=\"list\">\n<tbody>\n<tr class=\"a-spacing-small po-brand\" role=\"listitem\">\n<td class=\"a-span3\" role=\"presentation\"><span class=\"a-size-base a-text-bold\">Marque<\/span><\/td>\n<td class=\"a-span9\" role=\"presentation\"><span class=\"a-size-base po-break-word\">MSI<\/span><\/td>\n<\/tr>\n<tr class=\"a-spacing-small po-cpu_model.socket\" role=\"listitem\">\n<td class=\"a-span3\" role=\"presentation\"><span class=\"a-size-base a-text-bold\">Socket du CPU<\/span><\/td>\n<td class=\"a-span9\" role=\"presentation\"><span class=\"a-size-base po-break-word\">LGA 1700<\/span><\/td>\n<\/tr>\n<tr class=\"a-spacing-small po-compatible_devices\" role=\"listitem\">\n<td class=\"a-span3\" role=\"presentation\"><span class=\"a-size-base a-text-bold\">Appareils compatibles<\/span><\/td>\n<td class=\"a-span9\" role=\"presentation\"><span class=\"a-size-base po-break-word\">Ordinateur personnel<\/span><\/td>\n<\/tr>\n<tr class=\"a-spacing-small po-ram_memory.technology\" role=\"listitem\">\n<td class=\"a-span3\" role=\"presentation\"><span class=\"a-size-base a-text-bold\">Technologie de m\u00e9moire RAM<\/span><\/td>\n<td class=\"a-span9\" role=\"presentation\"><span class=\"a-size-base po-break-word\">DDR4<\/span><\/td>\n<\/tr>\n<tr class=\"a-spacing-small po-compatible_processor_types\" role=\"listitem\">\n<td class=\"a-span3\" role=\"presentation\"><span class=\"a-size-base a-text-bold\">Processeurs compatibles<\/span><\/td>\n<td class=\"a-span9\" role=\"presentation\"><span class=\"a-size-base po-break-word\">12e,celeron<\/span><\/td>\n<\/tr>\n<tr class=\"a-spacing-small po-chipset_type\" role=\"listitem\">\n<td class=\"a-span3\" role=\"presentation\"><span class=\"a-size-base a-text-bold\">Type de chipset<\/span><\/td>\n<td class=\"a-span9\" role=\"presentation\"><span class=\"a-size-base po-break-word\">Intel H610<\/span><\/td>\n<\/tr>\n<tr class=\"a-spacing-small po-memory_clock_speed\" role=\"listitem\">\n<td class=\"a-span3\" role=\"presentation\"><span class=\"a-size-base a-text-bold\">Vitesse d&#8217;horloge de m\u00e9moire<\/span><\/td>\n<td class=\"a-span9\" role=\"presentation\"><span class=\"a-size-base po-break-word\">3200 MHz<\/span><\/td>\n<\/tr>\n<tr class=\"a-spacing-small po-platform\" role=\"listitem\">\n<td class=\"a-span3\" role=\"presentation\"><span class=\"a-size-base a-text-bold\">Plateforme<\/span><\/td>\n<td class=\"a-span9\" role=\"presentation\"><span class=\"a-size-base po-break-word\">Windows 10, Windows 11<\/span><\/td>\n<\/tr>\n<tr class=\"a-spacing-small po-model_name\" role=\"listitem\">\n<td class=\"a-span3\" role=\"presentation\"><span class=\"a-size-base a-text-bold\">Nom de mod\u00e8le<\/span><\/td>\n<td class=\"a-span9\" role=\"presentation\"><span class=\"a-size-base po-break-word\">MSI H610M E DDR4<\/span><\/td>\n<\/tr>\n<tr class=\"a-spacing-small po-cpu_model.family\" role=\"listitem\">\n<td class=\"a-span3\" role=\"presentation\"><span class=\"a-size-base a-text-bold\">Mod\u00e8le du\u00a0CPU<\/span><\/td>\n<td class=\"a-span9\" role=\"presentation\"><span class=\"a-size-base po-break-word\">Celeron<\/span><\/td>\n<\/tr>\n<\/tbody>\n<\/table>\n<p>&nbsp;<\/p>\n<p>&nbsp;<\/p>\n<p>&nbsp;<\/p>\n<p>&nbsp;<\/p>\n<p>&nbsp;<\/p>\n","protected":false},"excerpt":{"rendered":"<ul class=\"a-unordered-list a-vertical\">\n<li class=\"a-spacing-mini\"><span class=\"a-list-item\">CORE DE 14E, 13E ET 12E GEN &#8211; La PRO H610M-E DDR4 est une carte m\u00e8re Micro-ATX compacte \u00e9quip\u00e9e du chipset Intel H610 (LGA 1700, Core de 14e, 13e et 12e g\u00e9n.). Le VRM int\u00e8gre la technologie Core Boost de MSI pour une stabilit\u00e9 et des performances accrues.<\/span><\/li>\n<li class=\"a-spacing-mini\"><span class=\"a-list-item\">REFROIDISSEMENT PASSIF ET IA &#8211; Le radiateur du chipset assure un refroidissement passif ; Frozr AI ajuste automatiquement les param\u00e8tres du ventilateur du syst\u00e8me en fonction des temp\u00e9ratures du CPU et du GPU.<\/span><\/li>\n<li class=\"a-spacing-mini\"><span class=\"a-list-item\">MEMOIRE DDR4, EMPLACEMENT PCIe 4.0 x16 &#8211; 2 emplacements DIMM DDR4 avec circuit isol\u00e9 Memory Boost pour l&#8217;overclocking (1R, 3200 MHz) ; l&#8217;emplacement PCIe x16 principal prend en charge PCIe 4.0 (64 GB\/s) et int\u00e8gre la protection Steel Armor.<\/span><\/li>\n<li class=\"a-spacing-mini\"><span class=\"a-list-item\">STOCKAGE SSD M.2 GEN3 &#8211; L&#8217;emplacement M.2 Gen3 x4 32 Gb\/s est con\u00e7u pour maximiser les performances des SSD NVMe ; le stockage SSD r\u00e9duit le temps de chargement.<\/span><\/li>\n<li class=\"a-spacing-mini\"><span class=\"a-list-item\">BIEN CONNECT\u00c9E &#8211; La partie r\u00e9seau int\u00e8gre un contr\u00f4leur LAN 1 Gbps ; les ports arri\u00e8re incluent USB Type-A 3.2 Gen 1 (5 Gb\/s), HDMI 1.4, VGA, et son HD 7.1 avec Audio Boost.<\/span><\/li>\n<\/ul>\n","protected":false},"featured_media":7713,"comment_status":"open","ping_status":"closed","template":"","meta":[],"product_brand":[],"product_cat":[66],"product_tag":[79],"class_list":{"0":"post-7709","1":"product","2":"type-product","3":"status-publish","4":"has-post-thumbnail","6":"product_cat-carte-mere","7":"product_tag-carte-mere","9":"first","10":"instock","11":"shipping-taxable","12":"purchasable","13":"product-type-simple"},"yoast_head":"<!-- This site is optimized with the Yoast SEO plugin v26.4 - https:\/\/yoast.com\/wordpress\/plugins\/seo\/ -->\n<title>MSI Pro H610M-E DDR4 Carte m\u00e8re, Micro-ATX - pour processeur Intel de 14e, 13e et 12e g\u00e9n., LGA 1700 - DDR4 Memory Boost 3200MHz\/MAX, PCIe 4.0 x16, M.2 Gen3 - ProPlaystore<\/title>\n<meta name=\"robots\" content=\"index, follow, max-snippet:-1, max-image-preview:large, max-video-preview:-1\" \/>\n<link rel=\"canonical\" href=\"https:\/\/proplaystore.lu\/index.php\/produit\/msi-pro-h610m-e-ddr4-carte-mere-micro-atx-pour-processeur-intel-de-14e-13e-et-12e-gen-lga-1700-ddr4-memory-boost-3200mhz-max-pcie-4-0-x16-m-2-gen3\/\" \/>\n<meta property=\"og:locale\" content=\"en_US\" \/>\n<meta property=\"og:type\" content=\"article\" \/>\n<meta property=\"og:title\" content=\"MSI Pro H610M-E DDR4 Carte m\u00e8re, Micro-ATX - pour processeur Intel de 14e, 13e et 12e g\u00e9n., LGA 1700 - DDR4 Memory Boost 3200MHz\/MAX, PCIe 4.0 x16, M.2 Gen3 - ProPlaystore\" \/>\n<meta property=\"og:description\" content=\"CORE DE 14E, 13E ET 12E GEN - La PRO H610M-E DDR4 est une carte m\u00e8re Micro-ATX compacte \u00e9quip\u00e9e du chipset Intel H610 (LGA 1700, Core de 14e, 13e et 12e g\u00e9n.). Le VRM int\u00e8gre la technologie Core Boost de MSI pour une stabilit\u00e9 et des performances accrues.  REFROIDISSEMENT PASSIF ET IA - Le radiateur du chipset assure un refroidissement passif ; Frozr AI ajuste automatiquement les param\u00e8tres du ventilateur du syst\u00e8me en fonction des temp\u00e9ratures du CPU et du GPU.  MEMOIRE DDR4, EMPLACEMENT PCIe 4.0 x16 - 2 emplacements DIMM DDR4 avec circuit isol\u00e9 Memory Boost pour l&#039;overclocking (1R, 3200 MHz) ; l&#039;emplacement PCIe x16 principal prend en charge PCIe 4.0 (64 GB\/s) et int\u00e8gre la protection Steel Armor.  STOCKAGE SSD M.2 GEN3 - L&#039;emplacement M.2 Gen3 x4 32 Gb\/s est con\u00e7u pour maximiser les performances des SSD NVMe ; le stockage SSD r\u00e9duit le temps de chargement.  BIEN CONNECT\u00c9E - La partie r\u00e9seau int\u00e8gre un contr\u00f4leur LAN 1 Gbps ; les ports arri\u00e8re incluent USB Type-A 3.2 Gen 1 (5 Gb\/s), HDMI 1.4, VGA, et son HD 7.1 avec Audio Boost.\" \/>\n<meta property=\"og:url\" content=\"https:\/\/proplaystore.lu\/index.php\/produit\/msi-pro-h610m-e-ddr4-carte-mere-micro-atx-pour-processeur-intel-de-14e-13e-et-12e-gen-lga-1700-ddr4-memory-boost-3200mhz-max-pcie-4-0-x16-m-2-gen3\/\" \/>\n<meta property=\"og:site_name\" content=\"ProPlaystore\" \/>\n<meta property=\"article:modified_time\" content=\"2025-08-18T18:48:37+00:00\" \/>\n<meta property=\"og:image\" content=\"https:\/\/proplaystore.lu\/wp-content\/uploads\/2025\/08\/81MY4UCX8wL._AC_SX425_.jpg\" \/>\n\t<meta property=\"og:image:width\" content=\"425\" \/>\n\t<meta property=\"og:image:height\" content=\"270\" \/>\n\t<meta property=\"og:image:type\" content=\"image\/jpeg\" \/>\n<meta name=\"twitter:card\" content=\"summary_large_image\" \/>\n<meta name=\"twitter:label1\" content=\"Est. reading time\" \/>\n\t<meta name=\"twitter:data1\" content=\"1 minute\" \/>\n<script type=\"application\/ld+json\" class=\"yoast-schema-graph\">{\"@context\":\"https:\/\/schema.org\",\"@graph\":[{\"@type\":\"WebPage\",\"@id\":\"https:\/\/proplaystore.lu\/index.php\/produit\/msi-pro-h610m-e-ddr4-carte-mere-micro-atx-pour-processeur-intel-de-14e-13e-et-12e-gen-lga-1700-ddr4-memory-boost-3200mhz-max-pcie-4-0-x16-m-2-gen3\/\",\"url\":\"https:\/\/proplaystore.lu\/index.php\/produit\/msi-pro-h610m-e-ddr4-carte-mere-micro-atx-pour-processeur-intel-de-14e-13e-et-12e-gen-lga-1700-ddr4-memory-boost-3200mhz-max-pcie-4-0-x16-m-2-gen3\/\",\"name\":\"MSI Pro H610M-E DDR4 Carte m\u00e8re, Micro-ATX - pour processeur Intel de 14e, 13e et 12e g\u00e9n., LGA 1700 - DDR4 Memory Boost 3200MHz\/MAX, PCIe 4.0 x16, M.2 Gen3 - ProPlaystore\",\"isPartOf\":{\"@id\":\"https:\/\/proplaystore.lu\/#website\"},\"primaryImageOfPage\":{\"@id\":\"https:\/\/proplaystore.lu\/index.php\/produit\/msi-pro-h610m-e-ddr4-carte-mere-micro-atx-pour-processeur-intel-de-14e-13e-et-12e-gen-lga-1700-ddr4-memory-boost-3200mhz-max-pcie-4-0-x16-m-2-gen3\/#primaryimage\"},\"image\":{\"@id\":\"https:\/\/proplaystore.lu\/index.php\/produit\/msi-pro-h610m-e-ddr4-carte-mere-micro-atx-pour-processeur-intel-de-14e-13e-et-12e-gen-lga-1700-ddr4-memory-boost-3200mhz-max-pcie-4-0-x16-m-2-gen3\/#primaryimage\"},\"thumbnailUrl\":\"https:\/\/proplaystore.lu\/wp-content\/uploads\/2025\/08\/81MY4UCX8wL._AC_SX425_.jpg\",\"datePublished\":\"2025-08-17T21:10:02+00:00\",\"dateModified\":\"2025-08-18T18:48:37+00:00\",\"breadcrumb\":{\"@id\":\"https:\/\/proplaystore.lu\/index.php\/produit\/msi-pro-h610m-e-ddr4-carte-mere-micro-atx-pour-processeur-intel-de-14e-13e-et-12e-gen-lga-1700-ddr4-memory-boost-3200mhz-max-pcie-4-0-x16-m-2-gen3\/#breadcrumb\"},\"inLanguage\":\"en-US\",\"potentialAction\":[{\"@type\":\"ReadAction\",\"target\":[\"https:\/\/proplaystore.lu\/index.php\/produit\/msi-pro-h610m-e-ddr4-carte-mere-micro-atx-pour-processeur-intel-de-14e-13e-et-12e-gen-lga-1700-ddr4-memory-boost-3200mhz-max-pcie-4-0-x16-m-2-gen3\/\"]}]},{\"@type\":\"ImageObject\",\"inLanguage\":\"en-US\",\"@id\":\"https:\/\/proplaystore.lu\/index.php\/produit\/msi-pro-h610m-e-ddr4-carte-mere-micro-atx-pour-processeur-intel-de-14e-13e-et-12e-gen-lga-1700-ddr4-memory-boost-3200mhz-max-pcie-4-0-x16-m-2-gen3\/#primaryimage\",\"url\":\"https:\/\/proplaystore.lu\/wp-content\/uploads\/2025\/08\/81MY4UCX8wL._AC_SX425_.jpg\",\"contentUrl\":\"https:\/\/proplaystore.lu\/wp-content\/uploads\/2025\/08\/81MY4UCX8wL._AC_SX425_.jpg\",\"width\":425,\"height\":270},{\"@type\":\"BreadcrumbList\",\"@id\":\"https:\/\/proplaystore.lu\/index.php\/produit\/msi-pro-h610m-e-ddr4-carte-mere-micro-atx-pour-processeur-intel-de-14e-13e-et-12e-gen-lga-1700-ddr4-memory-boost-3200mhz-max-pcie-4-0-x16-m-2-gen3\/#breadcrumb\",\"itemListElement\":[{\"@type\":\"ListItem\",\"position\":1,\"name\":\"Accueil\",\"item\":\"https:\/\/proplaystore.lu\/\"},{\"@type\":\"ListItem\",\"position\":2,\"name\":\"Shop\",\"item\":\"https:\/\/proplaystore.lu\/index.php\/shop\/\"},{\"@type\":\"ListItem\",\"position\":3,\"name\":\"MSI Pro H610M-E DDR4 Carte m\u00e8re, Micro-ATX &#8211; pour processeur Intel de 14e, 13e et 12e g\u00e9n., LGA 1700 &#8211; DDR4 Memory Boost 3200MHz\/MAX, PCIe 4.0 x16, M.2 Gen3\"}]},{\"@type\":\"WebSite\",\"@id\":\"https:\/\/proplaystore.lu\/#website\",\"url\":\"https:\/\/proplaystore.lu\/\",\"name\":\"ProPlaystore\",\"description\":\"proplaysre\",\"potentialAction\":[{\"@type\":\"SearchAction\",\"target\":{\"@type\":\"EntryPoint\",\"urlTemplate\":\"https:\/\/proplaystore.lu\/?s={search_term_string}\"},\"query-input\":{\"@type\":\"PropertyValueSpecification\",\"valueRequired\":true,\"valueName\":\"search_term_string\"}}],\"inLanguage\":\"en-US\"}]}<\/script>\n<!-- \/ Yoast SEO plugin. -->","yoast_head_json":{"title":"MSI Pro H610M-E DDR4 Carte m\u00e8re, Micro-ATX - pour processeur Intel de 14e, 13e et 12e g\u00e9n., LGA 1700 - DDR4 Memory Boost 3200MHz\/MAX, PCIe 4.0 x16, M.2 Gen3 - ProPlaystore","robots":{"index":"index","follow":"follow","max-snippet":"max-snippet:-1","max-image-preview":"max-image-preview:large","max-video-preview":"max-video-preview:-1"},"canonical":"https:\/\/proplaystore.lu\/index.php\/produit\/msi-pro-h610m-e-ddr4-carte-mere-micro-atx-pour-processeur-intel-de-14e-13e-et-12e-gen-lga-1700-ddr4-memory-boost-3200mhz-max-pcie-4-0-x16-m-2-gen3\/","og_locale":"en_US","og_type":"article","og_title":"MSI Pro H610M-E DDR4 Carte m\u00e8re, Micro-ATX - pour processeur Intel de 14e, 13e et 12e g\u00e9n., LGA 1700 - DDR4 Memory Boost 3200MHz\/MAX, PCIe 4.0 x16, M.2 Gen3 - ProPlaystore","og_description":"CORE DE 14E, 13E ET 12E GEN - La PRO H610M-E DDR4 est une carte m\u00e8re Micro-ATX compacte \u00e9quip\u00e9e du chipset Intel H610 (LGA 1700, Core de 14e, 13e et 12e g\u00e9n.). Le VRM int\u00e8gre la technologie Core Boost de MSI pour une stabilit\u00e9 et des performances accrues.  REFROIDISSEMENT PASSIF ET IA - Le radiateur du chipset assure un refroidissement passif ; Frozr AI ajuste automatiquement les param\u00e8tres du ventilateur du syst\u00e8me en fonction des temp\u00e9ratures du CPU et du GPU.  MEMOIRE DDR4, EMPLACEMENT PCIe 4.0 x16 - 2 emplacements DIMM DDR4 avec circuit isol\u00e9 Memory Boost pour l'overclocking (1R, 3200 MHz) ; l'emplacement PCIe x16 principal prend en charge PCIe 4.0 (64 GB\/s) et int\u00e8gre la protection Steel Armor.  STOCKAGE SSD M.2 GEN3 - L'emplacement M.2 Gen3 x4 32 Gb\/s est con\u00e7u pour maximiser les performances des SSD NVMe ; le stockage SSD r\u00e9duit le temps de chargement.  BIEN CONNECT\u00c9E - La partie r\u00e9seau int\u00e8gre un contr\u00f4leur LAN 1 Gbps ; les ports arri\u00e8re incluent USB Type-A 3.2 Gen 1 (5 Gb\/s), HDMI 1.4, VGA, et son HD 7.1 avec Audio Boost.","og_url":"https:\/\/proplaystore.lu\/index.php\/produit\/msi-pro-h610m-e-ddr4-carte-mere-micro-atx-pour-processeur-intel-de-14e-13e-et-12e-gen-lga-1700-ddr4-memory-boost-3200mhz-max-pcie-4-0-x16-m-2-gen3\/","og_site_name":"ProPlaystore","article_modified_time":"2025-08-18T18:48:37+00:00","og_image":[{"width":425,"height":270,"url":"https:\/\/proplaystore.lu\/wp-content\/uploads\/2025\/08\/81MY4UCX8wL._AC_SX425_.jpg","type":"image\/jpeg"}],"twitter_card":"summary_large_image","twitter_misc":{"Est. reading time":"1 minute"},"schema":{"@context":"https:\/\/schema.org","@graph":[{"@type":"WebPage","@id":"https:\/\/proplaystore.lu\/index.php\/produit\/msi-pro-h610m-e-ddr4-carte-mere-micro-atx-pour-processeur-intel-de-14e-13e-et-12e-gen-lga-1700-ddr4-memory-boost-3200mhz-max-pcie-4-0-x16-m-2-gen3\/","url":"https:\/\/proplaystore.lu\/index.php\/produit\/msi-pro-h610m-e-ddr4-carte-mere-micro-atx-pour-processeur-intel-de-14e-13e-et-12e-gen-lga-1700-ddr4-memory-boost-3200mhz-max-pcie-4-0-x16-m-2-gen3\/","name":"MSI Pro H610M-E DDR4 Carte m\u00e8re, Micro-ATX - pour processeur Intel de 14e, 13e et 12e g\u00e9n., LGA 1700 - DDR4 Memory Boost 3200MHz\/MAX, PCIe 4.0 x16, M.2 Gen3 - ProPlaystore","isPartOf":{"@id":"https:\/\/proplaystore.lu\/#website"},"primaryImageOfPage":{"@id":"https:\/\/proplaystore.lu\/index.php\/produit\/msi-pro-h610m-e-ddr4-carte-mere-micro-atx-pour-processeur-intel-de-14e-13e-et-12e-gen-lga-1700-ddr4-memory-boost-3200mhz-max-pcie-4-0-x16-m-2-gen3\/#primaryimage"},"image":{"@id":"https:\/\/proplaystore.lu\/index.php\/produit\/msi-pro-h610m-e-ddr4-carte-mere-micro-atx-pour-processeur-intel-de-14e-13e-et-12e-gen-lga-1700-ddr4-memory-boost-3200mhz-max-pcie-4-0-x16-m-2-gen3\/#primaryimage"},"thumbnailUrl":"https:\/\/proplaystore.lu\/wp-content\/uploads\/2025\/08\/81MY4UCX8wL._AC_SX425_.jpg","datePublished":"2025-08-17T21:10:02+00:00","dateModified":"2025-08-18T18:48:37+00:00","breadcrumb":{"@id":"https:\/\/proplaystore.lu\/index.php\/produit\/msi-pro-h610m-e-ddr4-carte-mere-micro-atx-pour-processeur-intel-de-14e-13e-et-12e-gen-lga-1700-ddr4-memory-boost-3200mhz-max-pcie-4-0-x16-m-2-gen3\/#breadcrumb"},"inLanguage":"en-US","potentialAction":[{"@type":"ReadAction","target":["https:\/\/proplaystore.lu\/index.php\/produit\/msi-pro-h610m-e-ddr4-carte-mere-micro-atx-pour-processeur-intel-de-14e-13e-et-12e-gen-lga-1700-ddr4-memory-boost-3200mhz-max-pcie-4-0-x16-m-2-gen3\/"]}]},{"@type":"ImageObject","inLanguage":"en-US","@id":"https:\/\/proplaystore.lu\/index.php\/produit\/msi-pro-h610m-e-ddr4-carte-mere-micro-atx-pour-processeur-intel-de-14e-13e-et-12e-gen-lga-1700-ddr4-memory-boost-3200mhz-max-pcie-4-0-x16-m-2-gen3\/#primaryimage","url":"https:\/\/proplaystore.lu\/wp-content\/uploads\/2025\/08\/81MY4UCX8wL._AC_SX425_.jpg","contentUrl":"https:\/\/proplaystore.lu\/wp-content\/uploads\/2025\/08\/81MY4UCX8wL._AC_SX425_.jpg","width":425,"height":270},{"@type":"BreadcrumbList","@id":"https:\/\/proplaystore.lu\/index.php\/produit\/msi-pro-h610m-e-ddr4-carte-mere-micro-atx-pour-processeur-intel-de-14e-13e-et-12e-gen-lga-1700-ddr4-memory-boost-3200mhz-max-pcie-4-0-x16-m-2-gen3\/#breadcrumb","itemListElement":[{"@type":"ListItem","position":1,"name":"Accueil","item":"https:\/\/proplaystore.lu\/"},{"@type":"ListItem","position":2,"name":"Shop","item":"https:\/\/proplaystore.lu\/index.php\/shop\/"},{"@type":"ListItem","position":3,"name":"MSI Pro H610M-E DDR4 Carte m\u00e8re, Micro-ATX &#8211; pour processeur Intel de 14e, 13e et 12e g\u00e9n., LGA 1700 &#8211; DDR4 Memory Boost 3200MHz\/MAX, PCIe 4.0 x16, M.2 Gen3"}]},{"@type":"WebSite","@id":"https:\/\/proplaystore.lu\/#website","url":"https:\/\/proplaystore.lu\/","name":"ProPlaystore","description":"proplaysre","potentialAction":[{"@type":"SearchAction","target":{"@type":"EntryPoint","urlTemplate":"https:\/\/proplaystore.lu\/?s={search_term_string}"},"query-input":{"@type":"PropertyValueSpecification","valueRequired":true,"valueName":"search_term_string"}}],"inLanguage":"en-US"}]}},"_links":{"self":[{"href":"https:\/\/proplaystore.lu\/index.php\/wp-json\/wp\/v2\/product\/7709","targetHints":{"allow":["GET"]}}],"collection":[{"href":"https:\/\/proplaystore.lu\/index.php\/wp-json\/wp\/v2\/product"}],"about":[{"href":"https:\/\/proplaystore.lu\/index.php\/wp-json\/wp\/v2\/types\/product"}],"replies":[{"embeddable":true,"href":"https:\/\/proplaystore.lu\/index.php\/wp-json\/wp\/v2\/comments?post=7709"}],"wp:featuredmedia":[{"embeddable":true,"href":"https:\/\/proplaystore.lu\/index.php\/wp-json\/wp\/v2\/media\/7713"}],"wp:attachment":[{"href":"https:\/\/proplaystore.lu\/index.php\/wp-json\/wp\/v2\/media?parent=7709"}],"wp:term":[{"taxonomy":"product_brand","embeddable":true,"href":"https:\/\/proplaystore.lu\/index.php\/wp-json\/wp\/v2\/product_brand?post=7709"},{"taxonomy":"product_cat","embeddable":true,"href":"https:\/\/proplaystore.lu\/index.php\/wp-json\/wp\/v2\/product_cat?post=7709"},{"taxonomy":"product_tag","embeddable":true,"href":"https:\/\/proplaystore.lu\/index.php\/wp-json\/wp\/v2\/product_tag?post=7709"}],"curies":[{"name":"wp","href":"https:\/\/api.w.org\/{rel}","templated":true}]}}