{"id":7837,"date":"2025-08-17T22:15:19","date_gmt":"2025-08-17T22:15:19","guid":{"rendered":"https:\/\/proplaystore.lu\/?post_type=product&#038;p=7837"},"modified":"2025-08-18T20:06:54","modified_gmt":"2025-08-18T20:06:54","slug":"cps-t500-boitiers-pc-pccooler-flux-dair-systeme-cables-gestion-systeme-interieur-spacieux-argb-6-x-120mm-i-o-port-usb-type-c-panneau-a-liberation-rapide-atx-mid-tower-pc-gaming-case-nior","status":"publish","type":"product","link":"https:\/\/proplaystore.lu\/index.php\/produit\/cps-t500-boitiers-pc-pccooler-flux-dair-systeme-cables-gestion-systeme-interieur-spacieux-argb-6-x-120mm-i-o-port-usb-type-c-panneau-a-liberation-rapide-atx-mid-tower-pc-gaming-case-nior\/","title":{"rendered":"CPS T500 Bo\u00eetiers PC &#8211; PCCOOLER Flux d&#8217;air, Syst\u00e8me C\u00e2bles Gestion Syst\u00e8me, Int\u00e9rieur Spacieux ARGB 6 x 120mm, I\/O Port USB Type-C, Panneau \u00e0 Lib\u00e9ration Rapide, ATX Mid Tower PC Gaming Case (Nior)"},"content":{"rendered":"<h2 data-start=\"1558\" data-end=\"1580\"><strong data-start=\"1561\" data-end=\"1580\">Fiche technique<\/strong><\/h2>\n<table class=\"a-normal a-spacing-micro\" role=\"list\">\n<tbody>\n<tr class=\"a-spacing-small po-brand\" role=\"listitem\">\n<td class=\"a-span3\" role=\"presentation\"><span class=\"a-size-base a-text-bold\">Marque<\/span><\/td>\n<td class=\"a-span9\" role=\"presentation\"><span class=\"a-size-base po-break-word\">PCCOOLER<\/span><\/td>\n<\/tr>\n<tr class=\"a-spacing-small po-supported_motherboard\" role=\"listitem\">\n<td class=\"a-span3\" role=\"presentation\"><span class=\"a-size-base a-text-bold\">Compatibilit\u00e9 de la carte m\u00e8re<\/span><\/td>\n<td class=\"a-span9\" role=\"presentation\"><span class=\"a-size-base po-break-word\">ATX\/M-ATX\/ITX<\/span><\/td>\n<\/tr>\n<tr class=\"a-spacing-small po-case.type\" role=\"listitem\">\n<td class=\"a-span3\" role=\"presentation\"><span class=\"a-size-base a-text-bold\">Type de cas<\/span><\/td>\n<td class=\"a-span9\" role=\"presentation\"><span class=\"a-size-base po-break-word\">Tour<\/span><\/td>\n<\/tr>\n<tr class=\"a-spacing-small po-recommended_uses_for_product\" role=\"listitem\">\n<td class=\"a-span3\" role=\"presentation\"><span class=\"a-size-base a-text-bold\">Usages recommand\u00e9s pour le produit<\/span><\/td>\n<td class=\"a-span9\" role=\"presentation\"><span class=\"a-size-base po-break-word\">Commercial, Jeu<\/span><\/td>\n<\/tr>\n<tr class=\"a-spacing-small po-color\" role=\"listitem\">\n<td class=\"a-span3\" role=\"presentation\"><span class=\"a-size-base a-text-bold\">Couleur<\/span><\/td>\n<td class=\"a-span9\" role=\"presentation\"><span class=\"a-size-base po-break-word\">Noir<\/span><\/td>\n<\/tr>\n<tr class=\"a-spacing-small po-material\" role=\"listitem\">\n<td class=\"a-span3\" role=\"presentation\"><span class=\"a-size-base a-text-bold\">Mat\u00e9riau<\/span><\/td>\n<td class=\"a-span9\" role=\"presentation\"><span class=\"a-size-base po-break-word\">Aluminium, M\u00e9tal, Verre tremp\u00e9<\/span><\/td>\n<\/tr>\n<tr class=\"a-spacing-small po-power_supply_mounting_type\" role=\"listitem\">\n<td class=\"a-span3\" role=\"presentation\"><span class=\"a-size-base a-text-bold\">Type de fixation de l&#8217;alimentation<\/span><\/td>\n<td class=\"a-span9\" role=\"presentation\"><span class=\"a-size-base po-break-word\">Montage inf\u00e9rieur<\/span><\/td>\n<\/tr>\n<tr class=\"a-spacing-small po-cooling_method\" role=\"listitem\">\n<td class=\"a-span3\" role=\"presentation\"><span class=\"a-size-base a-text-bold\">M\u00e9thode de refroidissement<\/span><\/td>\n<td class=\"a-span9\" role=\"presentation\"><span class=\"a-size-base po-break-word\">Air<\/span><\/td>\n<\/tr>\n<tr class=\"a-spacing-small po-model_name\" role=\"listitem\">\n<td class=\"a-span3\" role=\"presentation\"><span class=\"a-size-base a-text-bold\">Nom de mod\u00e8le<\/span><\/td>\n<td class=\"a-span9\" role=\"presentation\"><span class=\"a-size-base po-break-word\">Bo\u00eetiers PC<\/span><\/td>\n<\/tr>\n<tr class=\"a-spacing-small po-light_color\" role=\"listitem\">\n<td class=\"a-span3\" role=\"presentation\"><span class=\"a-size-base a-text-bold\">Couleur de la lumi\u00e8re<\/span><\/td>\n<td class=\"a-span9\" role=\"presentation\"><span class=\"a-size-base po-break-word\">Personnalisable (ARGB)<\/span><\/td>\n<\/tr>\n<\/tbody>\n<\/table>\n<p>&nbsp;<\/p>\n<p>&nbsp;<\/p>\n<p>&nbsp;<\/p>\n<p>&nbsp;<\/p>\n<p>&nbsp;<\/p>\n","protected":false},"excerpt":{"rendered":"<ul class=\"a-unordered-list a-vertical a-spacing-mini\">\n<li class=\"a-spacing-mini\"><span class=\"a-list-item\">D\u00e9tails de Taille\u3011Taille: 368mm (H) x 295mm (W) x 415mm (D) \/ poids: 5.9kg, 13 Lbs.<\/span><\/li>\n<li class=\"a-spacing-mini\"><span class=\"a-list-item\">\u3010I\/O Ports\u3011 USB 3.1 Gen 2 Type &#8211; C, 2 x USB 3.0, MIC et audio, bouton d&#8217;alimentation, bouton de commutation LED. Prise en charge de l&#8217;installation de cartes m\u00e8res ATX \/ M &#8211; ATX \/ ITX avec 2 baies de 2,5 &#8220;et 3,5&#8221; compatibles avec les alimentations ATX jusqu&#8217;\u00e0 200 mm.<\/span><\/li>\n<li class=\"a-spacing-mini\"><span class=\"a-list-item\">\u30106 ventilateurs argb 120mm\u3011 Comprend 6 ventilateurs \u00e9lectriques argb 120mm qui utilisent des pales anti &#8211; vortex pour concentrer le flux d&#8217;air et am\u00e9liorer le refroidissement.<\/span><\/li>\n<li class=\"a-spacing-mini\"><span class=\"a-list-item\">\u3010Design Innovant Sans Colonne\u3011 Le devant et les c\u00f4t\u00e9s sont en verre tremp\u00e9, la conception sans colonne pr\u00e9sente un affichage transparent du mat\u00e9riel de jeu pour cr\u00e9er facilement un look visuel \u00e9poustouflant pour PC.<\/span><\/li>\n<li class=\"a-spacing-mini\"><span class=\"a-list-item\">\u3010Excellente Compatibilit\u00e9\u3011 Supporte l&#8217;installation de cartes m\u00e8res ATX \/ M &#8211; ATX \/ ITX avec 2 baies d&#8217;entra\u00eenement de 2,5 &#8220;et 3,5&#8221;, compatibles avec les blocs d&#8217;alimentation ATX jusqu&#8217;\u00e0 200 mm.<\/span><\/li>\n<li class=\"a-spacing-mini\"><span class=\"a-list-item\">\u3010Compatible with RTX 40 Series Graphics Card\u3011Support the mainstream high-end game graphics card that length is limited to 400mm.<\/span><\/li>\n<li class=\"a-spacing-mini\"><span class=\"a-list-item\">\u3010Snap-on Quick release Design\u3011Avec snap &#8211; in Quick release design, facile \u00e0 installer sans outils.<\/span><\/li>\n<\/ul>\n","protected":false},"featured_media":7843,"comment_status":"open","ping_status":"closed","template":"","meta":[],"product_brand":[],"product_cat":[71],"product_tag":[75],"class_list":{"0":"post-7837","1":"product","2":"type-product","3":"status-publish","4":"has-post-thumbnail","6":"product_cat-boitier","7":"product_tag-case","9":"first","10":"instock","11":"shipping-taxable","12":"purchasable","13":"product-type-simple"},"yoast_head":"<!-- This site is optimized with the Yoast SEO plugin v26.4 - https:\/\/yoast.com\/wordpress\/plugins\/seo\/ -->\n<title>CPS T500 Bo\u00eetiers PC - PCCOOLER Flux d&#039;air, Syst\u00e8me C\u00e2bles Gestion Syst\u00e8me, Int\u00e9rieur Spacieux ARGB 6 x 120mm, I\/O Port USB Type-C, Panneau \u00e0 Lib\u00e9ration Rapide, ATX Mid Tower PC Gaming Case (Nior) - ProPlaystore<\/title>\n<meta name=\"robots\" content=\"index, follow, max-snippet:-1, max-image-preview:large, max-video-preview:-1\" \/>\n<link rel=\"canonical\" href=\"https:\/\/proplaystore.lu\/index.php\/produit\/cps-t500-boitiers-pc-pccooler-flux-dair-systeme-cables-gestion-systeme-interieur-spacieux-argb-6-x-120mm-i-o-port-usb-type-c-panneau-a-liberation-rapide-atx-mid-tower-pc-gaming-case-nior\/\" \/>\n<meta property=\"og:locale\" content=\"en_US\" \/>\n<meta property=\"og:type\" content=\"article\" \/>\n<meta property=\"og:title\" content=\"CPS T500 Bo\u00eetiers PC - PCCOOLER Flux d&#039;air, Syst\u00e8me C\u00e2bles Gestion Syst\u00e8me, Int\u00e9rieur Spacieux ARGB 6 x 120mm, I\/O Port USB Type-C, Panneau \u00e0 Lib\u00e9ration Rapide, ATX Mid Tower PC Gaming Case (Nior) - ProPlaystore\" \/>\n<meta property=\"og:description\" content=\"D\u00e9tails de Taille\u3011Taille: 368mm (H) x 295mm (W) x 415mm (D) \/ poids: 5.9kg, 13 Lbs.  \u3010I\/O Ports\u3011 USB 3.1 Gen 2 Type - C, 2 x USB 3.0, MIC et audio, bouton d&#039;alimentation, bouton de commutation LED. Prise en charge de l&#039;installation de cartes m\u00e8res ATX \/ M - ATX \/ ITX avec 2 baies de 2,5 &quot;et 3,5&quot; compatibles avec les alimentations ATX jusqu&#039;\u00e0 200 mm.  \u30106 ventilateurs argb 120mm\u3011 Comprend 6 ventilateurs \u00e9lectriques argb 120mm qui utilisent des pales anti - vortex pour concentrer le flux d&#039;air et am\u00e9liorer le refroidissement.  \u3010Design Innovant Sans Colonne\u3011 Le devant et les c\u00f4t\u00e9s sont en verre tremp\u00e9, la conception sans colonne pr\u00e9sente un affichage transparent du mat\u00e9riel de jeu pour cr\u00e9er facilement un look visuel \u00e9poustouflant pour PC.  \u3010Excellente Compatibilit\u00e9\u3011 Supporte l&#039;installation de cartes m\u00e8res ATX \/ M - ATX \/ ITX avec 2 baies d&#039;entra\u00eenement de 2,5 &quot;et 3,5&quot;, compatibles avec les blocs d&#039;alimentation ATX jusqu&#039;\u00e0 200 mm.  \u3010Compatible with RTX 40 Series Graphics Card\u3011Support the mainstream high-end game graphics card that length is limited to 400mm.  \u3010Snap-on Quick release Design\u3011Avec snap - in Quick release design, facile \u00e0 installer sans outils.\" \/>\n<meta property=\"og:url\" content=\"https:\/\/proplaystore.lu\/index.php\/produit\/cps-t500-boitiers-pc-pccooler-flux-dair-systeme-cables-gestion-systeme-interieur-spacieux-argb-6-x-120mm-i-o-port-usb-type-c-panneau-a-liberation-rapide-atx-mid-tower-pc-gaming-case-nior\/\" \/>\n<meta property=\"og:site_name\" content=\"ProPlaystore\" \/>\n<meta property=\"article:modified_time\" content=\"2025-08-18T20:06:54+00:00\" \/>\n<meta property=\"og:image\" content=\"https:\/\/proplaystore.lu\/wp-content\/uploads\/2025\/08\/71UgDCRJYxL._AC_SX679_-1.jpg\" \/>\n\t<meta property=\"og:image:width\" content=\"679\" \/>\n\t<meta property=\"og:image:height\" content=\"700\" \/>\n\t<meta property=\"og:image:type\" content=\"image\/jpeg\" \/>\n<meta name=\"twitter:card\" content=\"summary_large_image\" \/>\n<meta name=\"twitter:label1\" content=\"Est. reading time\" \/>\n\t<meta name=\"twitter:data1\" content=\"1 minute\" \/>\n<script type=\"application\/ld+json\" class=\"yoast-schema-graph\">{\"@context\":\"https:\/\/schema.org\",\"@graph\":[{\"@type\":\"WebPage\",\"@id\":\"https:\/\/proplaystore.lu\/index.php\/produit\/cps-t500-boitiers-pc-pccooler-flux-dair-systeme-cables-gestion-systeme-interieur-spacieux-argb-6-x-120mm-i-o-port-usb-type-c-panneau-a-liberation-rapide-atx-mid-tower-pc-gaming-case-nior\/\",\"url\":\"https:\/\/proplaystore.lu\/index.php\/produit\/cps-t500-boitiers-pc-pccooler-flux-dair-systeme-cables-gestion-systeme-interieur-spacieux-argb-6-x-120mm-i-o-port-usb-type-c-panneau-a-liberation-rapide-atx-mid-tower-pc-gaming-case-nior\/\",\"name\":\"CPS T500 Bo\u00eetiers PC - PCCOOLER Flux d'air, Syst\u00e8me C\u00e2bles Gestion Syst\u00e8me, Int\u00e9rieur Spacieux ARGB 6 x 120mm, I\/O Port USB Type-C, Panneau \u00e0 Lib\u00e9ration Rapide, ATX Mid Tower PC Gaming Case (Nior) - ProPlaystore\",\"isPartOf\":{\"@id\":\"https:\/\/proplaystore.lu\/#website\"},\"primaryImageOfPage\":{\"@id\":\"https:\/\/proplaystore.lu\/index.php\/produit\/cps-t500-boitiers-pc-pccooler-flux-dair-systeme-cables-gestion-systeme-interieur-spacieux-argb-6-x-120mm-i-o-port-usb-type-c-panneau-a-liberation-rapide-atx-mid-tower-pc-gaming-case-nior\/#primaryimage\"},\"image\":{\"@id\":\"https:\/\/proplaystore.lu\/index.php\/produit\/cps-t500-boitiers-pc-pccooler-flux-dair-systeme-cables-gestion-systeme-interieur-spacieux-argb-6-x-120mm-i-o-port-usb-type-c-panneau-a-liberation-rapide-atx-mid-tower-pc-gaming-case-nior\/#primaryimage\"},\"thumbnailUrl\":\"https:\/\/proplaystore.lu\/wp-content\/uploads\/2025\/08\/71UgDCRJYxL._AC_SX679_-1.jpg\",\"datePublished\":\"2025-08-17T22:15:19+00:00\",\"dateModified\":\"2025-08-18T20:06:54+00:00\",\"breadcrumb\":{\"@id\":\"https:\/\/proplaystore.lu\/index.php\/produit\/cps-t500-boitiers-pc-pccooler-flux-dair-systeme-cables-gestion-systeme-interieur-spacieux-argb-6-x-120mm-i-o-port-usb-type-c-panneau-a-liberation-rapide-atx-mid-tower-pc-gaming-case-nior\/#breadcrumb\"},\"inLanguage\":\"en-US\",\"potentialAction\":[{\"@type\":\"ReadAction\",\"target\":[\"https:\/\/proplaystore.lu\/index.php\/produit\/cps-t500-boitiers-pc-pccooler-flux-dair-systeme-cables-gestion-systeme-interieur-spacieux-argb-6-x-120mm-i-o-port-usb-type-c-panneau-a-liberation-rapide-atx-mid-tower-pc-gaming-case-nior\/\"]}]},{\"@type\":\"ImageObject\",\"inLanguage\":\"en-US\",\"@id\":\"https:\/\/proplaystore.lu\/index.php\/produit\/cps-t500-boitiers-pc-pccooler-flux-dair-systeme-cables-gestion-systeme-interieur-spacieux-argb-6-x-120mm-i-o-port-usb-type-c-panneau-a-liberation-rapide-atx-mid-tower-pc-gaming-case-nior\/#primaryimage\",\"url\":\"https:\/\/proplaystore.lu\/wp-content\/uploads\/2025\/08\/71UgDCRJYxL._AC_SX679_-1.jpg\",\"contentUrl\":\"https:\/\/proplaystore.lu\/wp-content\/uploads\/2025\/08\/71UgDCRJYxL._AC_SX679_-1.jpg\",\"width\":679,\"height\":700},{\"@type\":\"BreadcrumbList\",\"@id\":\"https:\/\/proplaystore.lu\/index.php\/produit\/cps-t500-boitiers-pc-pccooler-flux-dair-systeme-cables-gestion-systeme-interieur-spacieux-argb-6-x-120mm-i-o-port-usb-type-c-panneau-a-liberation-rapide-atx-mid-tower-pc-gaming-case-nior\/#breadcrumb\",\"itemListElement\":[{\"@type\":\"ListItem\",\"position\":1,\"name\":\"Accueil\",\"item\":\"https:\/\/proplaystore.lu\/\"},{\"@type\":\"ListItem\",\"position\":2,\"name\":\"Shop\",\"item\":\"https:\/\/proplaystore.lu\/index.php\/shop\/\"},{\"@type\":\"ListItem\",\"position\":3,\"name\":\"CPS T500 Bo\u00eetiers PC &#8211; PCCOOLER Flux d&#8217;air, Syst\u00e8me C\u00e2bles Gestion Syst\u00e8me, Int\u00e9rieur Spacieux ARGB 6 x 120mm, I\/O Port USB Type-C, Panneau \u00e0 Lib\u00e9ration Rapide, ATX Mid Tower PC Gaming Case (Nior)\"}]},{\"@type\":\"WebSite\",\"@id\":\"https:\/\/proplaystore.lu\/#website\",\"url\":\"https:\/\/proplaystore.lu\/\",\"name\":\"ProPlaystore\",\"description\":\"proplaysre\",\"potentialAction\":[{\"@type\":\"SearchAction\",\"target\":{\"@type\":\"EntryPoint\",\"urlTemplate\":\"https:\/\/proplaystore.lu\/?s={search_term_string}\"},\"query-input\":{\"@type\":\"PropertyValueSpecification\",\"valueRequired\":true,\"valueName\":\"search_term_string\"}}],\"inLanguage\":\"en-US\"}]}<\/script>\n<!-- \/ Yoast SEO plugin. -->","yoast_head_json":{"title":"CPS T500 Bo\u00eetiers PC - PCCOOLER Flux d'air, Syst\u00e8me C\u00e2bles Gestion Syst\u00e8me, Int\u00e9rieur Spacieux ARGB 6 x 120mm, I\/O Port USB Type-C, Panneau \u00e0 Lib\u00e9ration Rapide, ATX Mid Tower PC Gaming Case (Nior) - ProPlaystore","robots":{"index":"index","follow":"follow","max-snippet":"max-snippet:-1","max-image-preview":"max-image-preview:large","max-video-preview":"max-video-preview:-1"},"canonical":"https:\/\/proplaystore.lu\/index.php\/produit\/cps-t500-boitiers-pc-pccooler-flux-dair-systeme-cables-gestion-systeme-interieur-spacieux-argb-6-x-120mm-i-o-port-usb-type-c-panneau-a-liberation-rapide-atx-mid-tower-pc-gaming-case-nior\/","og_locale":"en_US","og_type":"article","og_title":"CPS T500 Bo\u00eetiers PC - PCCOOLER Flux d'air, Syst\u00e8me C\u00e2bles Gestion Syst\u00e8me, Int\u00e9rieur Spacieux ARGB 6 x 120mm, I\/O Port USB Type-C, Panneau \u00e0 Lib\u00e9ration Rapide, ATX Mid Tower PC Gaming Case (Nior) - ProPlaystore","og_description":"D\u00e9tails de Taille\u3011Taille: 368mm (H) x 295mm (W) x 415mm (D) \/ poids: 5.9kg, 13 Lbs.  \u3010I\/O Ports\u3011 USB 3.1 Gen 2 Type - C, 2 x USB 3.0, MIC et audio, bouton d'alimentation, bouton de commutation LED. Prise en charge de l'installation de cartes m\u00e8res ATX \/ M - ATX \/ ITX avec 2 baies de 2,5 \"et 3,5\" compatibles avec les alimentations ATX jusqu'\u00e0 200 mm.  \u30106 ventilateurs argb 120mm\u3011 Comprend 6 ventilateurs \u00e9lectriques argb 120mm qui utilisent des pales anti - vortex pour concentrer le flux d'air et am\u00e9liorer le refroidissement.  \u3010Design Innovant Sans Colonne\u3011 Le devant et les c\u00f4t\u00e9s sont en verre tremp\u00e9, la conception sans colonne pr\u00e9sente un affichage transparent du mat\u00e9riel de jeu pour cr\u00e9er facilement un look visuel \u00e9poustouflant pour PC.  \u3010Excellente Compatibilit\u00e9\u3011 Supporte l'installation de cartes m\u00e8res ATX \/ M - ATX \/ ITX avec 2 baies d'entra\u00eenement de 2,5 \"et 3,5\", compatibles avec les blocs d'alimentation ATX jusqu'\u00e0 200 mm.  \u3010Compatible with RTX 40 Series Graphics Card\u3011Support the mainstream high-end game graphics card that length is limited to 400mm.  \u3010Snap-on Quick release Design\u3011Avec snap - in Quick release design, facile \u00e0 installer sans outils.","og_url":"https:\/\/proplaystore.lu\/index.php\/produit\/cps-t500-boitiers-pc-pccooler-flux-dair-systeme-cables-gestion-systeme-interieur-spacieux-argb-6-x-120mm-i-o-port-usb-type-c-panneau-a-liberation-rapide-atx-mid-tower-pc-gaming-case-nior\/","og_site_name":"ProPlaystore","article_modified_time":"2025-08-18T20:06:54+00:00","og_image":[{"width":679,"height":700,"url":"https:\/\/proplaystore.lu\/wp-content\/uploads\/2025\/08\/71UgDCRJYxL._AC_SX679_-1.jpg","type":"image\/jpeg"}],"twitter_card":"summary_large_image","twitter_misc":{"Est. reading time":"1 minute"},"schema":{"@context":"https:\/\/schema.org","@graph":[{"@type":"WebPage","@id":"https:\/\/proplaystore.lu\/index.php\/produit\/cps-t500-boitiers-pc-pccooler-flux-dair-systeme-cables-gestion-systeme-interieur-spacieux-argb-6-x-120mm-i-o-port-usb-type-c-panneau-a-liberation-rapide-atx-mid-tower-pc-gaming-case-nior\/","url":"https:\/\/proplaystore.lu\/index.php\/produit\/cps-t500-boitiers-pc-pccooler-flux-dair-systeme-cables-gestion-systeme-interieur-spacieux-argb-6-x-120mm-i-o-port-usb-type-c-panneau-a-liberation-rapide-atx-mid-tower-pc-gaming-case-nior\/","name":"CPS T500 Bo\u00eetiers PC - PCCOOLER Flux d'air, Syst\u00e8me C\u00e2bles Gestion Syst\u00e8me, Int\u00e9rieur Spacieux ARGB 6 x 120mm, I\/O Port USB Type-C, Panneau \u00e0 Lib\u00e9ration Rapide, ATX Mid Tower PC Gaming Case (Nior) - ProPlaystore","isPartOf":{"@id":"https:\/\/proplaystore.lu\/#website"},"primaryImageOfPage":{"@id":"https:\/\/proplaystore.lu\/index.php\/produit\/cps-t500-boitiers-pc-pccooler-flux-dair-systeme-cables-gestion-systeme-interieur-spacieux-argb-6-x-120mm-i-o-port-usb-type-c-panneau-a-liberation-rapide-atx-mid-tower-pc-gaming-case-nior\/#primaryimage"},"image":{"@id":"https:\/\/proplaystore.lu\/index.php\/produit\/cps-t500-boitiers-pc-pccooler-flux-dair-systeme-cables-gestion-systeme-interieur-spacieux-argb-6-x-120mm-i-o-port-usb-type-c-panneau-a-liberation-rapide-atx-mid-tower-pc-gaming-case-nior\/#primaryimage"},"thumbnailUrl":"https:\/\/proplaystore.lu\/wp-content\/uploads\/2025\/08\/71UgDCRJYxL._AC_SX679_-1.jpg","datePublished":"2025-08-17T22:15:19+00:00","dateModified":"2025-08-18T20:06:54+00:00","breadcrumb":{"@id":"https:\/\/proplaystore.lu\/index.php\/produit\/cps-t500-boitiers-pc-pccooler-flux-dair-systeme-cables-gestion-systeme-interieur-spacieux-argb-6-x-120mm-i-o-port-usb-type-c-panneau-a-liberation-rapide-atx-mid-tower-pc-gaming-case-nior\/#breadcrumb"},"inLanguage":"en-US","potentialAction":[{"@type":"ReadAction","target":["https:\/\/proplaystore.lu\/index.php\/produit\/cps-t500-boitiers-pc-pccooler-flux-dair-systeme-cables-gestion-systeme-interieur-spacieux-argb-6-x-120mm-i-o-port-usb-type-c-panneau-a-liberation-rapide-atx-mid-tower-pc-gaming-case-nior\/"]}]},{"@type":"ImageObject","inLanguage":"en-US","@id":"https:\/\/proplaystore.lu\/index.php\/produit\/cps-t500-boitiers-pc-pccooler-flux-dair-systeme-cables-gestion-systeme-interieur-spacieux-argb-6-x-120mm-i-o-port-usb-type-c-panneau-a-liberation-rapide-atx-mid-tower-pc-gaming-case-nior\/#primaryimage","url":"https:\/\/proplaystore.lu\/wp-content\/uploads\/2025\/08\/71UgDCRJYxL._AC_SX679_-1.jpg","contentUrl":"https:\/\/proplaystore.lu\/wp-content\/uploads\/2025\/08\/71UgDCRJYxL._AC_SX679_-1.jpg","width":679,"height":700},{"@type":"BreadcrumbList","@id":"https:\/\/proplaystore.lu\/index.php\/produit\/cps-t500-boitiers-pc-pccooler-flux-dair-systeme-cables-gestion-systeme-interieur-spacieux-argb-6-x-120mm-i-o-port-usb-type-c-panneau-a-liberation-rapide-atx-mid-tower-pc-gaming-case-nior\/#breadcrumb","itemListElement":[{"@type":"ListItem","position":1,"name":"Accueil","item":"https:\/\/proplaystore.lu\/"},{"@type":"ListItem","position":2,"name":"Shop","item":"https:\/\/proplaystore.lu\/index.php\/shop\/"},{"@type":"ListItem","position":3,"name":"CPS T500 Bo\u00eetiers PC &#8211; PCCOOLER Flux d&#8217;air, Syst\u00e8me C\u00e2bles Gestion Syst\u00e8me, Int\u00e9rieur Spacieux ARGB 6 x 120mm, I\/O Port USB Type-C, Panneau \u00e0 Lib\u00e9ration Rapide, ATX Mid Tower PC Gaming Case (Nior)"}]},{"@type":"WebSite","@id":"https:\/\/proplaystore.lu\/#website","url":"https:\/\/proplaystore.lu\/","name":"ProPlaystore","description":"proplaysre","potentialAction":[{"@type":"SearchAction","target":{"@type":"EntryPoint","urlTemplate":"https:\/\/proplaystore.lu\/?s={search_term_string}"},"query-input":{"@type":"PropertyValueSpecification","valueRequired":true,"valueName":"search_term_string"}}],"inLanguage":"en-US"}]}},"_links":{"self":[{"href":"https:\/\/proplaystore.lu\/index.php\/wp-json\/wp\/v2\/product\/7837","targetHints":{"allow":["GET"]}}],"collection":[{"href":"https:\/\/proplaystore.lu\/index.php\/wp-json\/wp\/v2\/product"}],"about":[{"href":"https:\/\/proplaystore.lu\/index.php\/wp-json\/wp\/v2\/types\/product"}],"replies":[{"embeddable":true,"href":"https:\/\/proplaystore.lu\/index.php\/wp-json\/wp\/v2\/comments?post=7837"}],"wp:featuredmedia":[{"embeddable":true,"href":"https:\/\/proplaystore.lu\/index.php\/wp-json\/wp\/v2\/media\/7843"}],"wp:attachment":[{"href":"https:\/\/proplaystore.lu\/index.php\/wp-json\/wp\/v2\/media?parent=7837"}],"wp:term":[{"taxonomy":"product_brand","embeddable":true,"href":"https:\/\/proplaystore.lu\/index.php\/wp-json\/wp\/v2\/product_brand?post=7837"},{"taxonomy":"product_cat","embeddable":true,"href":"https:\/\/proplaystore.lu\/index.php\/wp-json\/wp\/v2\/product_cat?post=7837"},{"taxonomy":"product_tag","embeddable":true,"href":"https:\/\/proplaystore.lu\/index.php\/wp-json\/wp\/v2\/product_tag?post=7837"}],"curies":[{"name":"wp","href":"https:\/\/api.w.org\/{rel}","templated":true}]}}