{"id":7866,"date":"2025-08-17T22:24:00","date_gmt":"2025-08-17T22:24:00","guid":{"rendered":"https:\/\/proplaystore.lu\/?post_type=product&#038;p=7866"},"modified":"2025-08-18T20:02:23","modified_gmt":"2025-08-18T20:02:23","slug":"fractal-design-north-xl-rc-charcoal-black-tg-dark-boitier-plein-tour-airflow-avec-3-ventilateurs-140mm-pwm-boitier-compatible-carte-mere-inverse-usb-type-c-design-elegant-en-bois-charcoal-black","status":"publish","type":"product","link":"https:\/\/proplaystore.lu\/index.php\/produit\/fractal-design-north-xl-rc-charcoal-black-tg-dark-boitier-plein-tour-airflow-avec-3-ventilateurs-140mm-pwm-boitier-compatible-carte-mere-inverse-usb-type-c-design-elegant-en-bois-charcoal-black\/","title":{"rendered":"Fractal Design North XL RC Charcoal Black TG Dark &#8211; Bo\u00eetier Plein Tour Airflow Avec 3 Ventilateurs 140mm PWM- Bo\u00eetier Compatible Carte M\u00e8re Invers\u00e9 &#8211; USB Type-C &#8211; Design \u00c9l\u00e9gant en Bois Charcoal Black"},"content":{"rendered":"<h2 data-start=\"1558\" data-end=\"1580\"><strong data-start=\"1561\" data-end=\"1580\">Fiche technique<\/strong><\/h2>\n<table class=\"a-normal a-spacing-micro\" role=\"list\">\n<tbody>\n<tr class=\"a-spacing-small po-brand\" role=\"listitem\">\n<td class=\"a-span3\" role=\"presentation\"><span class=\"a-size-base a-text-bold\">Marque<\/span><\/td>\n<td class=\"a-span9\" role=\"presentation\"><span class=\"a-size-base po-break-word\">Fractal Design<\/span><\/td>\n<\/tr>\n<tr class=\"a-spacing-small po-supported_motherboard\" role=\"listitem\">\n<td class=\"a-span3\" role=\"presentation\"><span class=\"a-size-base a-text-bold\">Compatibilit\u00e9 de la carte m\u00e8re<\/span><\/td>\n<td class=\"a-span9\" role=\"presentation\"><span class=\"a-size-base po-break-word\">ATX, Micro ATX<\/span><\/td>\n<\/tr>\n<tr class=\"a-spacing-small po-case.type\" role=\"listitem\">\n<td class=\"a-span3\" role=\"presentation\"><span class=\"a-size-base a-text-bold\">Type de cas<\/span><\/td>\n<td class=\"a-span9\" role=\"presentation\"><span class=\"a-size-base po-break-word\">Tour m\u00e9dian<\/span><\/td>\n<\/tr>\n<tr class=\"a-spacing-small po-recommended_uses_for_product\" role=\"listitem\">\n<td class=\"a-span3\" role=\"presentation\"><span class=\"a-size-base a-text-bold\">Usages recommand\u00e9s pour le produit<\/span><\/td>\n<td class=\"a-span9\" role=\"presentation\"><span class=\"a-size-base po-break-word\">Jeu<\/span><\/td>\n<\/tr>\n<tr class=\"a-spacing-small po-color\" role=\"listitem\">\n<td class=\"a-span3\" role=\"presentation\"><span class=\"a-size-base a-text-bold\">Couleur<\/span><\/td>\n<td class=\"a-span9\" role=\"presentation\"><span class=\"a-size-base po-break-word\">Charcoal Black &#8211; Tempered Glass Dark Tint<\/span><\/td>\n<\/tr>\n<tr class=\"a-spacing-small po-material\" role=\"listitem\">\n<td class=\"a-span3\" role=\"presentation\"><span class=\"a-size-base a-text-bold\">Mat\u00e9riau<\/span><\/td>\n<td class=\"a-span9\" role=\"presentation\"><span class=\"a-size-base po-break-word\">M\u00e9tal<\/span><\/td>\n<\/tr>\n<tr class=\"a-spacing-small po-power_supply_mounting_type\" role=\"listitem\">\n<td class=\"a-span3\" role=\"presentation\"><span class=\"a-size-base a-text-bold\">Type de fixation de l&#8217;alimentation<\/span><\/td>\n<td class=\"a-span9\" role=\"presentation\"><span class=\"a-size-base po-break-word\">Montage inf\u00e9rieur<\/span><\/td>\n<\/tr>\n<tr class=\"a-spacing-small po-cooling_method\" role=\"listitem\">\n<td class=\"a-span3\" role=\"presentation\"><span class=\"a-size-base a-text-bold\">M\u00e9thode de refroidissement<\/span><\/td>\n<td class=\"a-span9\" role=\"presentation\"><span class=\"a-size-base po-break-word\">Air<\/span><\/td>\n<\/tr>\n<tr class=\"a-spacing-small po-model_name\" role=\"listitem\">\n<td class=\"a-span3\" role=\"presentation\"><span class=\"a-size-base a-text-bold\">Nom de mod\u00e8le<\/span><\/td>\n<td class=\"a-span9\" role=\"presentation\"><span class=\"a-size-base po-break-word\">North XL RC Charcoal Black TG Dark<\/span><\/td>\n<\/tr>\n<tr class=\"a-spacing-small po-item_weight\" role=\"listitem\">\n<td class=\"a-span3\" role=\"presentation\"><span class=\"a-size-base a-text-bold\">Poids de l&#8217;article<\/span><\/td>\n<td class=\"a-span9\" role=\"presentation\"><span class=\"a-size-base po-break-word\">11,7 Kilogrammes<\/span><\/td>\n<\/tr>\n<\/tbody>\n<\/table>\n<p>&nbsp;<\/p>\n<p>&nbsp;<\/p>\n<p>&nbsp;<\/p>\n<p>&nbsp;<\/p>\n<p>&nbsp;<\/p>\n<p>&nbsp;<\/p>\n<p>&nbsp;<\/p>\n","protected":false},"excerpt":{"rendered":"<ul class=\"a-unordered-list a-vertical a-spacing-mini\">\n<li class=\"a-spacing-mini\"><span class=\"a-list-item\">Con\u00e7u pour les cartes m\u00e8res ATX et mATX avec des connecteurs cach\u00e9s \u00e0 l&#8217;arri\u00e8re (les cartes m\u00e8res \u00e0 connexion standard ne sont pas prises en charge).<\/span><\/li>\n<li class=\"a-spacing-mini\"><span class=\"a-list-item\">Am\u00e9liorez l&#8217;apparence de votre station de jeu avec des d\u00e9tails en bois et en alliage \u00e9l\u00e9gants.<\/span><\/li>\n<li class=\"a-spacing-mini\"><span class=\"a-list-item\">Profitez d&#8217;une ventilation naturelle gr\u00e2ce \u00e0 un devant ouvert et un mesh int\u00e9gr\u00e9 au design styl\u00e9.<\/span><\/li>\n<li class=\"a-spacing-mini\"><span class=\"a-list-item\">Choisissez un GPU jusqu&#8217;\u00e0 413 mm, ou jusqu&#8217;\u00e0 380 mm avec un radiateur avant de 420 mm.<\/span><\/li>\n<li class=\"a-spacing-mini\"><span class=\"a-list-item\">Prenez de l&#8217;avance sur votre construction avec les trois ventilateurs PWM Aspect de 140 mm inclus.<\/span><\/li>\n<li class=\"a-spacing-mini\">e 140 mm inclus.<\/li>\n<\/ul>\n","protected":false},"featured_media":7874,"comment_status":"open","ping_status":"closed","template":"","meta":[],"product_brand":[],"product_cat":[71],"product_tag":[75],"class_list":{"0":"post-7866","1":"product","2":"type-product","3":"status-publish","4":"has-post-thumbnail","6":"product_cat-boitier","7":"product_tag-case","9":"first","10":"instock","11":"shipping-taxable","12":"purchasable","13":"product-type-simple"},"yoast_head":"<!-- This site is optimized with the Yoast SEO plugin v26.4 - https:\/\/yoast.com\/wordpress\/plugins\/seo\/ -->\n<title>Fractal Design North XL RC Charcoal Black TG Dark - Bo\u00eetier Plein Tour Airflow Avec 3 Ventilateurs 140mm PWM- Bo\u00eetier Compatible Carte M\u00e8re Invers\u00e9 - USB Type-C - Design \u00c9l\u00e9gant en Bois Charcoal Black - ProPlaystore<\/title>\n<meta name=\"robots\" content=\"index, follow, max-snippet:-1, max-image-preview:large, max-video-preview:-1\" \/>\n<link rel=\"canonical\" href=\"https:\/\/proplaystore.lu\/index.php\/produit\/fractal-design-north-xl-rc-charcoal-black-tg-dark-boitier-plein-tour-airflow-avec-3-ventilateurs-140mm-pwm-boitier-compatible-carte-mere-inverse-usb-type-c-design-elegant-en-bois-charcoal-black\/\" \/>\n<meta property=\"og:locale\" content=\"en_US\" \/>\n<meta property=\"og:type\" content=\"article\" \/>\n<meta property=\"og:title\" content=\"Fractal Design North XL RC Charcoal Black TG Dark - Bo\u00eetier Plein Tour Airflow Avec 3 Ventilateurs 140mm PWM- Bo\u00eetier Compatible Carte M\u00e8re Invers\u00e9 - USB Type-C - Design \u00c9l\u00e9gant en Bois Charcoal Black - ProPlaystore\" \/>\n<meta property=\"og:description\" content=\"Con\u00e7u pour les cartes m\u00e8res ATX et mATX avec des connecteurs cach\u00e9s \u00e0 l&#039;arri\u00e8re (les cartes m\u00e8res \u00e0 connexion standard ne sont pas prises en charge).  Am\u00e9liorez l&#039;apparence de votre station de jeu avec des d\u00e9tails en bois et en alliage \u00e9l\u00e9gants.  Profitez d&#039;une ventilation naturelle gr\u00e2ce \u00e0 un devant ouvert et un mesh int\u00e9gr\u00e9 au design styl\u00e9.  Choisissez un GPU jusqu&#039;\u00e0 413 mm, ou jusqu&#039;\u00e0 380 mm avec un radiateur avant de 420 mm.  Prenez de l&#039;avance sur votre construction avec les trois ventilateurs PWM Aspect de 140 mm inclus.  e 140 mm inclus.\" \/>\n<meta property=\"og:url\" content=\"https:\/\/proplaystore.lu\/index.php\/produit\/fractal-design-north-xl-rc-charcoal-black-tg-dark-boitier-plein-tour-airflow-avec-3-ventilateurs-140mm-pwm-boitier-compatible-carte-mere-inverse-usb-type-c-design-elegant-en-bois-charcoal-black\/\" \/>\n<meta property=\"og:site_name\" content=\"ProPlaystore\" \/>\n<meta property=\"article:modified_time\" content=\"2025-08-18T20:02:23+00:00\" \/>\n<meta property=\"og:image\" content=\"https:\/\/proplaystore.lu\/wp-content\/uploads\/2025\/08\/71Np5MTwMbL._AC_SX679_.jpg\" \/>\n\t<meta property=\"og:image:width\" content=\"679\" \/>\n\t<meta property=\"og:image:height\" content=\"744\" \/>\n\t<meta property=\"og:image:type\" content=\"image\/jpeg\" \/>\n<meta name=\"twitter:card\" content=\"summary_large_image\" \/>\n<meta name=\"twitter:label1\" content=\"Est. reading time\" \/>\n\t<meta name=\"twitter:data1\" content=\"1 minute\" \/>\n<script type=\"application\/ld+json\" class=\"yoast-schema-graph\">{\"@context\":\"https:\/\/schema.org\",\"@graph\":[{\"@type\":\"WebPage\",\"@id\":\"https:\/\/proplaystore.lu\/index.php\/produit\/fractal-design-north-xl-rc-charcoal-black-tg-dark-boitier-plein-tour-airflow-avec-3-ventilateurs-140mm-pwm-boitier-compatible-carte-mere-inverse-usb-type-c-design-elegant-en-bois-charcoal-black\/\",\"url\":\"https:\/\/proplaystore.lu\/index.php\/produit\/fractal-design-north-xl-rc-charcoal-black-tg-dark-boitier-plein-tour-airflow-avec-3-ventilateurs-140mm-pwm-boitier-compatible-carte-mere-inverse-usb-type-c-design-elegant-en-bois-charcoal-black\/\",\"name\":\"Fractal Design North XL RC Charcoal Black TG Dark - Bo\u00eetier Plein Tour Airflow Avec 3 Ventilateurs 140mm PWM- Bo\u00eetier Compatible Carte M\u00e8re Invers\u00e9 - USB Type-C - Design \u00c9l\u00e9gant en Bois Charcoal Black - ProPlaystore\",\"isPartOf\":{\"@id\":\"https:\/\/proplaystore.lu\/#website\"},\"primaryImageOfPage\":{\"@id\":\"https:\/\/proplaystore.lu\/index.php\/produit\/fractal-design-north-xl-rc-charcoal-black-tg-dark-boitier-plein-tour-airflow-avec-3-ventilateurs-140mm-pwm-boitier-compatible-carte-mere-inverse-usb-type-c-design-elegant-en-bois-charcoal-black\/#primaryimage\"},\"image\":{\"@id\":\"https:\/\/proplaystore.lu\/index.php\/produit\/fractal-design-north-xl-rc-charcoal-black-tg-dark-boitier-plein-tour-airflow-avec-3-ventilateurs-140mm-pwm-boitier-compatible-carte-mere-inverse-usb-type-c-design-elegant-en-bois-charcoal-black\/#primaryimage\"},\"thumbnailUrl\":\"https:\/\/proplaystore.lu\/wp-content\/uploads\/2025\/08\/71Np5MTwMbL._AC_SX679_.jpg\",\"datePublished\":\"2025-08-17T22:24:00+00:00\",\"dateModified\":\"2025-08-18T20:02:23+00:00\",\"breadcrumb\":{\"@id\":\"https:\/\/proplaystore.lu\/index.php\/produit\/fractal-design-north-xl-rc-charcoal-black-tg-dark-boitier-plein-tour-airflow-avec-3-ventilateurs-140mm-pwm-boitier-compatible-carte-mere-inverse-usb-type-c-design-elegant-en-bois-charcoal-black\/#breadcrumb\"},\"inLanguage\":\"en-US\",\"potentialAction\":[{\"@type\":\"ReadAction\",\"target\":[\"https:\/\/proplaystore.lu\/index.php\/produit\/fractal-design-north-xl-rc-charcoal-black-tg-dark-boitier-plein-tour-airflow-avec-3-ventilateurs-140mm-pwm-boitier-compatible-carte-mere-inverse-usb-type-c-design-elegant-en-bois-charcoal-black\/\"]}]},{\"@type\":\"ImageObject\",\"inLanguage\":\"en-US\",\"@id\":\"https:\/\/proplaystore.lu\/index.php\/produit\/fractal-design-north-xl-rc-charcoal-black-tg-dark-boitier-plein-tour-airflow-avec-3-ventilateurs-140mm-pwm-boitier-compatible-carte-mere-inverse-usb-type-c-design-elegant-en-bois-charcoal-black\/#primaryimage\",\"url\":\"https:\/\/proplaystore.lu\/wp-content\/uploads\/2025\/08\/71Np5MTwMbL._AC_SX679_.jpg\",\"contentUrl\":\"https:\/\/proplaystore.lu\/wp-content\/uploads\/2025\/08\/71Np5MTwMbL._AC_SX679_.jpg\",\"width\":679,\"height\":744},{\"@type\":\"BreadcrumbList\",\"@id\":\"https:\/\/proplaystore.lu\/index.php\/produit\/fractal-design-north-xl-rc-charcoal-black-tg-dark-boitier-plein-tour-airflow-avec-3-ventilateurs-140mm-pwm-boitier-compatible-carte-mere-inverse-usb-type-c-design-elegant-en-bois-charcoal-black\/#breadcrumb\",\"itemListElement\":[{\"@type\":\"ListItem\",\"position\":1,\"name\":\"Accueil\",\"item\":\"https:\/\/proplaystore.lu\/\"},{\"@type\":\"ListItem\",\"position\":2,\"name\":\"Shop\",\"item\":\"https:\/\/proplaystore.lu\/index.php\/shop\/\"},{\"@type\":\"ListItem\",\"position\":3,\"name\":\"Fractal Design North XL RC Charcoal Black TG Dark &#8211; Bo\u00eetier Plein Tour Airflow Avec 3 Ventilateurs 140mm PWM- Bo\u00eetier Compatible Carte M\u00e8re Invers\u00e9 &#8211; USB Type-C &#8211; Design \u00c9l\u00e9gant en Bois Charcoal Black\"}]},{\"@type\":\"WebSite\",\"@id\":\"https:\/\/proplaystore.lu\/#website\",\"url\":\"https:\/\/proplaystore.lu\/\",\"name\":\"ProPlaystore\",\"description\":\"proplaysre\",\"potentialAction\":[{\"@type\":\"SearchAction\",\"target\":{\"@type\":\"EntryPoint\",\"urlTemplate\":\"https:\/\/proplaystore.lu\/?s={search_term_string}\"},\"query-input\":{\"@type\":\"PropertyValueSpecification\",\"valueRequired\":true,\"valueName\":\"search_term_string\"}}],\"inLanguage\":\"en-US\"}]}<\/script>\n<!-- \/ Yoast SEO plugin. -->","yoast_head_json":{"title":"Fractal Design North XL RC Charcoal Black TG Dark - Bo\u00eetier Plein Tour Airflow Avec 3 Ventilateurs 140mm PWM- Bo\u00eetier Compatible Carte M\u00e8re Invers\u00e9 - USB Type-C - Design \u00c9l\u00e9gant en Bois Charcoal Black - ProPlaystore","robots":{"index":"index","follow":"follow","max-snippet":"max-snippet:-1","max-image-preview":"max-image-preview:large","max-video-preview":"max-video-preview:-1"},"canonical":"https:\/\/proplaystore.lu\/index.php\/produit\/fractal-design-north-xl-rc-charcoal-black-tg-dark-boitier-plein-tour-airflow-avec-3-ventilateurs-140mm-pwm-boitier-compatible-carte-mere-inverse-usb-type-c-design-elegant-en-bois-charcoal-black\/","og_locale":"en_US","og_type":"article","og_title":"Fractal Design North XL RC Charcoal Black TG Dark - Bo\u00eetier Plein Tour Airflow Avec 3 Ventilateurs 140mm PWM- Bo\u00eetier Compatible Carte M\u00e8re Invers\u00e9 - USB Type-C - Design \u00c9l\u00e9gant en Bois Charcoal Black - ProPlaystore","og_description":"Con\u00e7u pour les cartes m\u00e8res ATX et mATX avec des connecteurs cach\u00e9s \u00e0 l'arri\u00e8re (les cartes m\u00e8res \u00e0 connexion standard ne sont pas prises en charge).  Am\u00e9liorez l'apparence de votre station de jeu avec des d\u00e9tails en bois et en alliage \u00e9l\u00e9gants.  Profitez d'une ventilation naturelle gr\u00e2ce \u00e0 un devant ouvert et un mesh int\u00e9gr\u00e9 au design styl\u00e9.  Choisissez un GPU jusqu'\u00e0 413 mm, ou jusqu'\u00e0 380 mm avec un radiateur avant de 420 mm.  Prenez de l'avance sur votre construction avec les trois ventilateurs PWM Aspect de 140 mm inclus.  e 140 mm inclus.","og_url":"https:\/\/proplaystore.lu\/index.php\/produit\/fractal-design-north-xl-rc-charcoal-black-tg-dark-boitier-plein-tour-airflow-avec-3-ventilateurs-140mm-pwm-boitier-compatible-carte-mere-inverse-usb-type-c-design-elegant-en-bois-charcoal-black\/","og_site_name":"ProPlaystore","article_modified_time":"2025-08-18T20:02:23+00:00","og_image":[{"width":679,"height":744,"url":"https:\/\/proplaystore.lu\/wp-content\/uploads\/2025\/08\/71Np5MTwMbL._AC_SX679_.jpg","type":"image\/jpeg"}],"twitter_card":"summary_large_image","twitter_misc":{"Est. reading time":"1 minute"},"schema":{"@context":"https:\/\/schema.org","@graph":[{"@type":"WebPage","@id":"https:\/\/proplaystore.lu\/index.php\/produit\/fractal-design-north-xl-rc-charcoal-black-tg-dark-boitier-plein-tour-airflow-avec-3-ventilateurs-140mm-pwm-boitier-compatible-carte-mere-inverse-usb-type-c-design-elegant-en-bois-charcoal-black\/","url":"https:\/\/proplaystore.lu\/index.php\/produit\/fractal-design-north-xl-rc-charcoal-black-tg-dark-boitier-plein-tour-airflow-avec-3-ventilateurs-140mm-pwm-boitier-compatible-carte-mere-inverse-usb-type-c-design-elegant-en-bois-charcoal-black\/","name":"Fractal Design North XL RC Charcoal Black TG Dark - Bo\u00eetier Plein Tour Airflow Avec 3 Ventilateurs 140mm PWM- Bo\u00eetier Compatible Carte M\u00e8re Invers\u00e9 - USB Type-C - Design \u00c9l\u00e9gant en Bois Charcoal Black - ProPlaystore","isPartOf":{"@id":"https:\/\/proplaystore.lu\/#website"},"primaryImageOfPage":{"@id":"https:\/\/proplaystore.lu\/index.php\/produit\/fractal-design-north-xl-rc-charcoal-black-tg-dark-boitier-plein-tour-airflow-avec-3-ventilateurs-140mm-pwm-boitier-compatible-carte-mere-inverse-usb-type-c-design-elegant-en-bois-charcoal-black\/#primaryimage"},"image":{"@id":"https:\/\/proplaystore.lu\/index.php\/produit\/fractal-design-north-xl-rc-charcoal-black-tg-dark-boitier-plein-tour-airflow-avec-3-ventilateurs-140mm-pwm-boitier-compatible-carte-mere-inverse-usb-type-c-design-elegant-en-bois-charcoal-black\/#primaryimage"},"thumbnailUrl":"https:\/\/proplaystore.lu\/wp-content\/uploads\/2025\/08\/71Np5MTwMbL._AC_SX679_.jpg","datePublished":"2025-08-17T22:24:00+00:00","dateModified":"2025-08-18T20:02:23+00:00","breadcrumb":{"@id":"https:\/\/proplaystore.lu\/index.php\/produit\/fractal-design-north-xl-rc-charcoal-black-tg-dark-boitier-plein-tour-airflow-avec-3-ventilateurs-140mm-pwm-boitier-compatible-carte-mere-inverse-usb-type-c-design-elegant-en-bois-charcoal-black\/#breadcrumb"},"inLanguage":"en-US","potentialAction":[{"@type":"ReadAction","target":["https:\/\/proplaystore.lu\/index.php\/produit\/fractal-design-north-xl-rc-charcoal-black-tg-dark-boitier-plein-tour-airflow-avec-3-ventilateurs-140mm-pwm-boitier-compatible-carte-mere-inverse-usb-type-c-design-elegant-en-bois-charcoal-black\/"]}]},{"@type":"ImageObject","inLanguage":"en-US","@id":"https:\/\/proplaystore.lu\/index.php\/produit\/fractal-design-north-xl-rc-charcoal-black-tg-dark-boitier-plein-tour-airflow-avec-3-ventilateurs-140mm-pwm-boitier-compatible-carte-mere-inverse-usb-type-c-design-elegant-en-bois-charcoal-black\/#primaryimage","url":"https:\/\/proplaystore.lu\/wp-content\/uploads\/2025\/08\/71Np5MTwMbL._AC_SX679_.jpg","contentUrl":"https:\/\/proplaystore.lu\/wp-content\/uploads\/2025\/08\/71Np5MTwMbL._AC_SX679_.jpg","width":679,"height":744},{"@type":"BreadcrumbList","@id":"https:\/\/proplaystore.lu\/index.php\/produit\/fractal-design-north-xl-rc-charcoal-black-tg-dark-boitier-plein-tour-airflow-avec-3-ventilateurs-140mm-pwm-boitier-compatible-carte-mere-inverse-usb-type-c-design-elegant-en-bois-charcoal-black\/#breadcrumb","itemListElement":[{"@type":"ListItem","position":1,"name":"Accueil","item":"https:\/\/proplaystore.lu\/"},{"@type":"ListItem","position":2,"name":"Shop","item":"https:\/\/proplaystore.lu\/index.php\/shop\/"},{"@type":"ListItem","position":3,"name":"Fractal Design North XL RC Charcoal Black TG Dark &#8211; Bo\u00eetier Plein Tour Airflow Avec 3 Ventilateurs 140mm PWM- Bo\u00eetier Compatible Carte M\u00e8re Invers\u00e9 &#8211; USB Type-C &#8211; Design \u00c9l\u00e9gant en Bois Charcoal Black"}]},{"@type":"WebSite","@id":"https:\/\/proplaystore.lu\/#website","url":"https:\/\/proplaystore.lu\/","name":"ProPlaystore","description":"proplaysre","potentialAction":[{"@type":"SearchAction","target":{"@type":"EntryPoint","urlTemplate":"https:\/\/proplaystore.lu\/?s={search_term_string}"},"query-input":{"@type":"PropertyValueSpecification","valueRequired":true,"valueName":"search_term_string"}}],"inLanguage":"en-US"}]}},"_links":{"self":[{"href":"https:\/\/proplaystore.lu\/index.php\/wp-json\/wp\/v2\/product\/7866","targetHints":{"allow":["GET"]}}],"collection":[{"href":"https:\/\/proplaystore.lu\/index.php\/wp-json\/wp\/v2\/product"}],"about":[{"href":"https:\/\/proplaystore.lu\/index.php\/wp-json\/wp\/v2\/types\/product"}],"replies":[{"embeddable":true,"href":"https:\/\/proplaystore.lu\/index.php\/wp-json\/wp\/v2\/comments?post=7866"}],"wp:featuredmedia":[{"embeddable":true,"href":"https:\/\/proplaystore.lu\/index.php\/wp-json\/wp\/v2\/media\/7874"}],"wp:attachment":[{"href":"https:\/\/proplaystore.lu\/index.php\/wp-json\/wp\/v2\/media?parent=7866"}],"wp:term":[{"taxonomy":"product_brand","embeddable":true,"href":"https:\/\/proplaystore.lu\/index.php\/wp-json\/wp\/v2\/product_brand?post=7866"},{"taxonomy":"product_cat","embeddable":true,"href":"https:\/\/proplaystore.lu\/index.php\/wp-json\/wp\/v2\/product_cat?post=7866"},{"taxonomy":"product_tag","embeddable":true,"href":"https:\/\/proplaystore.lu\/index.php\/wp-json\/wp\/v2\/product_tag?post=7866"}],"curies":[{"name":"wp","href":"https:\/\/api.w.org\/{rel}","templated":true}]}}