{"id":7966,"date":"2025-08-20T15:56:56","date_gmt":"2025-08-20T15:56:56","guid":{"rendered":"https:\/\/proplaystore.lu\/?post_type=product&#038;p=7966"},"modified":"2025-08-20T16:05:19","modified_gmt":"2025-08-20T16:05:19","slug":"msi-carte-mere-de-jeu-mpg-b550-gaming-plus-atx-amd-am4-ddr4-m-2-usb-3-2-gen-2-hdmi-atx-carte-mere-de-jeu-processeurs-amd-ryzen-5000","status":"publish","type":"product","link":"https:\/\/proplaystore.lu\/index.php\/produit\/msi-carte-mere-de-jeu-mpg-b550-gaming-plus-atx-amd-am4-ddr4-m-2-usb-3-2-gen-2-hdmi-atx-carte-mere-de-jeu-processeurs-amd-ryzen-5000\/","title":{"rendered":"MSI Carte m\u00e8re de jeu MPG B550 Gaming Plus (ATX), AMD AM4, DDR4 M.2, USB 3.2 Gen 2, HDMI ATX, carte m\u00e8re de jeu, processeurs AMD Ryzen\u2122 5000"},"content":{"rendered":"<h2 data-start=\"1558\" data-end=\"1580\"><strong data-start=\"1561\" data-end=\"1580\">Fiche technique<\/strong><\/h2>\n<table class=\"a-normal a-spacing-micro\" role=\"list\">\n<tbody>\n<tr class=\"a-spacing-small po-brand\" role=\"listitem\">\n<td class=\"a-span3\" role=\"presentation\"><span class=\"a-size-base a-text-bold\">Marque<\/span><\/td>\n<td class=\"a-span9\" role=\"presentation\"><span class=\"a-size-base po-break-word\">MSI<\/span><\/td>\n<\/tr>\n<tr class=\"a-spacing-small po-cpu_model.socket\" role=\"listitem\">\n<td class=\"a-span3\" role=\"presentation\"><span class=\"a-size-base a-text-bold\">Socket du CPU<\/span><\/td>\n<td class=\"a-span9\" role=\"presentation\"><span class=\"a-size-base po-break-word\">Socket AM4<\/span><\/td>\n<\/tr>\n<tr class=\"a-spacing-small po-compatible_devices\" role=\"listitem\">\n<td class=\"a-span3\" role=\"presentation\"><span class=\"a-size-base a-text-bold\">Appareils compatibles<\/span><\/td>\n<td class=\"a-span9\" role=\"presentation\"><span class=\"a-size-base po-break-word\">Ordinateur personnel<\/span><\/td>\n<\/tr>\n<tr class=\"a-spacing-small po-ram_memory.technology\" role=\"listitem\">\n<td class=\"a-span3\" role=\"presentation\"><span class=\"a-size-base a-text-bold\">Technologie de m\u00e9moire RAM<\/span><\/td>\n<td class=\"a-span9\" role=\"presentation\"><span class=\"a-size-base po-break-word\">DDR4<\/span><\/td>\n<\/tr>\n<tr class=\"a-spacing-small po-compatible_processor_types\" role=\"listitem\">\n<td class=\"a-span3\" role=\"presentation\"><span class=\"a-size-base a-text-bold\">Processeurs compatibles<\/span><\/td>\n<td class=\"a-span9\" role=\"presentation\"><span class=\"a-size-base po-break-word\">Ryzen (Socket AM4)<\/span><\/td>\n<\/tr>\n<tr class=\"a-spacing-small po-chipset_type\" role=\"listitem\">\n<td class=\"a-span3\" role=\"presentation\"><span class=\"a-size-base a-text-bold\">Type de chipset<\/span><\/td>\n<td class=\"a-span9\" role=\"presentation\"><span class=\"a-size-base po-break-word\">AMD B550<\/span><\/td>\n<\/tr>\n<tr class=\"a-spacing-small po-memory_clock_speed\" role=\"listitem\">\n<td class=\"a-span3\" role=\"presentation\"><span class=\"a-size-base a-text-bold\">Vitesse d&#8217;horloge de m\u00e9moire<\/span><\/td>\n<td class=\"a-span9\" role=\"presentation\"><span class=\"a-size-base po-break-word\">4400 MHz<\/span><\/td>\n<\/tr>\n<tr class=\"a-spacing-small po-platform\" role=\"listitem\">\n<td class=\"a-span3\" role=\"presentation\"><span class=\"a-size-base a-text-bold\">Plateforme<\/span><\/td>\n<td class=\"a-span9\" role=\"presentation\"><span class=\"a-size-base po-break-word\">Windows 10<\/span><\/td>\n<\/tr>\n<tr class=\"a-spacing-small po-model_name\" role=\"listitem\">\n<td class=\"a-span3\" role=\"presentation\"><span class=\"a-size-base a-text-bold\">Nom de mod\u00e8le<\/span><\/td>\n<td class=\"a-span9\" role=\"presentation\"><span class=\"a-size-base po-break-word\">MPG B550 Gaming Plus<\/span><\/td>\n<\/tr>\n<tr class=\"a-spacing-small po-cpu_model.family\" role=\"listitem\">\n<td class=\"a-span3\" role=\"presentation\"><span class=\"a-size-base a-text-bold\">Mod\u00e8le du\u00a0CPU<\/span><\/td>\n<td class=\"a-span9\" role=\"presentation\"><span class=\"a-size-base po-break-word\">Autres<\/span><\/td>\n<\/tr>\n<\/tbody>\n<\/table>\n<p>&nbsp;<\/p>\n<p>&nbsp;<\/p>\n<p>&nbsp;<\/p>\n<p>&nbsp;<\/p>\n<p>&nbsp;<\/p>\n<p>&nbsp;<\/p>\n<p>&nbsp;<\/p>\n<p>&nbsp;<\/p>\n<p>&nbsp;<\/p>\n<p>&nbsp;<\/p>\n<p>&nbsp;<\/p>\n","protected":false},"excerpt":{"rendered":"<ul class=\"a-unordered-list a-vertical a-spacing-mini\">\n<li class=\"a-spacing-mini\"><span class=\"a-list-item\">Compatible avec les processeurs AMD Ryzen de 3e g\u00e9n\u00e9ration et les futurs processeurs AMD Ryzen avec mise \u00e0 jour du BIOS<\/span><\/li>\n<li class=\"a-spacing-mini\"><span class=\"a-list-item\">Supporte la m\u00e9moire DDR4, jusqu&#8217;\u00e0 4400 (OC) MHz<\/span><\/li>\n<li class=\"a-spacing-mini\"><span class=\"a-list-item\">Exp\u00e9rience de jeu PCIe 4.0 ultrarapide, Lightning Gen 4 x4 M.2 avec M.2 Shield Frozr, AMD Turbo USB 3.2 GEN 2<\/span><\/li>\n<li class=\"a-spacing-mini\"><span class=\"a-list-item\">Conception d&#8217;alimentation am\u00e9lior\u00e9e Core Boost, circuit int\u00e9gr\u00e9 PWM num\u00e9rique, PCB en cuivre de 2 oz d&#8217;\u00e9paisseur, DDR4 Boost<\/span><\/li>\n<li class=\"a-spacing-mini\"><span class=\"a-list-item\">L&#8217;excellente technologie de refroidissement, le dissipateur thermique avanc\u00e9 et le M.2 Shield Frozr garantissent des temp\u00e9ratures basses malgr\u00e9 des performances extr\u00eames<\/span><\/li>\n<li class=\"a-spacing-mini\"><span class=\"a-list-item\">Obturateur E\/S pr\u00e9install\u00e9 pour une meilleure protection contre les interf\u00e9rences \u00e9lectromagn\u00e9tiques et une installation facile<\/span><\/li>\n<li class=\"a-spacing-mini\"><span class=\"a-list-item\">Bouton Flash du BIOS avec fonction ClearCMOS optimis\u00e9e : le BIOS peut \u00eatre facilement r\u00e9initialis\u00e9 \u00e0 l&#8217;\u00e9tat d&#8217;usine en quelques secondes \u00e0 l&#8217;aide d&#8217;une cl\u00e9 USB<\/span><\/li>\n<\/ul>\n","protected":false},"featured_media":7969,"comment_status":"open","ping_status":"closed","template":"","meta":[],"product_brand":[],"product_cat":[66],"product_tag":[83,79],"class_list":{"0":"post-7966","1":"product","2":"type-product","3":"status-publish","4":"has-post-thumbnail","6":"product_cat-carte-mere","7":"product_tag-amd","8":"product_tag-carte-mere","10":"first","11":"instock","12":"shipping-taxable","13":"purchasable","14":"product-type-simple"},"yoast_head":"<!-- This site is optimized with the Yoast SEO plugin v26.4 - https:\/\/yoast.com\/wordpress\/plugins\/seo\/ -->\n<title>MSI Carte m\u00e8re de jeu MPG B550 Gaming Plus (ATX), AMD AM4, DDR4 M.2, USB 3.2 Gen 2, HDMI ATX, carte m\u00e8re de jeu, processeurs AMD Ryzen\u2122 5000 - ProPlaystore<\/title>\n<meta name=\"robots\" content=\"index, follow, max-snippet:-1, max-image-preview:large, max-video-preview:-1\" \/>\n<link rel=\"canonical\" href=\"https:\/\/proplaystore.lu\/index.php\/produit\/msi-carte-mere-de-jeu-mpg-b550-gaming-plus-atx-amd-am4-ddr4-m-2-usb-3-2-gen-2-hdmi-atx-carte-mere-de-jeu-processeurs-amd-ryzen-5000\/\" \/>\n<meta property=\"og:locale\" content=\"en_US\" \/>\n<meta property=\"og:type\" content=\"article\" \/>\n<meta property=\"og:title\" content=\"MSI Carte m\u00e8re de jeu MPG B550 Gaming Plus (ATX), AMD AM4, DDR4 M.2, USB 3.2 Gen 2, HDMI ATX, carte m\u00e8re de jeu, processeurs AMD Ryzen\u2122 5000 - ProPlaystore\" \/>\n<meta property=\"og:description\" content=\"Compatible avec les processeurs AMD Ryzen de 3e g\u00e9n\u00e9ration et les futurs processeurs AMD Ryzen avec mise \u00e0 jour du BIOS  Supporte la m\u00e9moire DDR4, jusqu&#039;\u00e0 4400 (OC) MHz  Exp\u00e9rience de jeu PCIe 4.0 ultrarapide, Lightning Gen 4 x4 M.2 avec M.2 Shield Frozr, AMD Turbo USB 3.2 GEN 2  Conception d&#039;alimentation am\u00e9lior\u00e9e Core Boost, circuit int\u00e9gr\u00e9 PWM num\u00e9rique, PCB en cuivre de 2 oz d&#039;\u00e9paisseur, DDR4 Boost  L&#039;excellente technologie de refroidissement, le dissipateur thermique avanc\u00e9 et le M.2 Shield Frozr garantissent des temp\u00e9ratures basses malgr\u00e9 des performances extr\u00eames  Obturateur E\/S pr\u00e9install\u00e9 pour une meilleure protection contre les interf\u00e9rences \u00e9lectromagn\u00e9tiques et une installation facile  Bouton Flash du BIOS avec fonction ClearCMOS optimis\u00e9e : le BIOS peut \u00eatre facilement r\u00e9initialis\u00e9 \u00e0 l&#039;\u00e9tat d&#039;usine en quelques secondes \u00e0 l&#039;aide d&#039;une cl\u00e9 USB\" \/>\n<meta property=\"og:url\" content=\"https:\/\/proplaystore.lu\/index.php\/produit\/msi-carte-mere-de-jeu-mpg-b550-gaming-plus-atx-amd-am4-ddr4-m-2-usb-3-2-gen-2-hdmi-atx-carte-mere-de-jeu-processeurs-amd-ryzen-5000\/\" \/>\n<meta property=\"og:site_name\" content=\"ProPlaystore\" \/>\n<meta property=\"article:modified_time\" content=\"2025-08-20T16:05:19+00:00\" \/>\n<meta property=\"og:image\" content=\"https:\/\/proplaystore.lu\/wp-content\/uploads\/2025\/08\/61hPyxPlRjL._AC_SX679_.jpg\" \/>\n\t<meta property=\"og:image:width\" content=\"679\" \/>\n\t<meta property=\"og:image:height\" content=\"487\" \/>\n\t<meta property=\"og:image:type\" content=\"image\/jpeg\" \/>\n<meta name=\"twitter:card\" content=\"summary_large_image\" \/>\n<meta name=\"twitter:label1\" content=\"Est. reading time\" \/>\n\t<meta name=\"twitter:data1\" content=\"1 minute\" \/>\n<script type=\"application\/ld+json\" class=\"yoast-schema-graph\">{\"@context\":\"https:\/\/schema.org\",\"@graph\":[{\"@type\":\"WebPage\",\"@id\":\"https:\/\/proplaystore.lu\/index.php\/produit\/msi-carte-mere-de-jeu-mpg-b550-gaming-plus-atx-amd-am4-ddr4-m-2-usb-3-2-gen-2-hdmi-atx-carte-mere-de-jeu-processeurs-amd-ryzen-5000\/\",\"url\":\"https:\/\/proplaystore.lu\/index.php\/produit\/msi-carte-mere-de-jeu-mpg-b550-gaming-plus-atx-amd-am4-ddr4-m-2-usb-3-2-gen-2-hdmi-atx-carte-mere-de-jeu-processeurs-amd-ryzen-5000\/\",\"name\":\"MSI Carte m\u00e8re de jeu MPG B550 Gaming Plus (ATX), AMD AM4, DDR4 M.2, USB 3.2 Gen 2, HDMI ATX, carte m\u00e8re de jeu, processeurs AMD Ryzen\u2122 5000 - ProPlaystore\",\"isPartOf\":{\"@id\":\"https:\/\/proplaystore.lu\/#website\"},\"primaryImageOfPage\":{\"@id\":\"https:\/\/proplaystore.lu\/index.php\/produit\/msi-carte-mere-de-jeu-mpg-b550-gaming-plus-atx-amd-am4-ddr4-m-2-usb-3-2-gen-2-hdmi-atx-carte-mere-de-jeu-processeurs-amd-ryzen-5000\/#primaryimage\"},\"image\":{\"@id\":\"https:\/\/proplaystore.lu\/index.php\/produit\/msi-carte-mere-de-jeu-mpg-b550-gaming-plus-atx-amd-am4-ddr4-m-2-usb-3-2-gen-2-hdmi-atx-carte-mere-de-jeu-processeurs-amd-ryzen-5000\/#primaryimage\"},\"thumbnailUrl\":\"https:\/\/proplaystore.lu\/wp-content\/uploads\/2025\/08\/61hPyxPlRjL._AC_SX679_.jpg\",\"datePublished\":\"2025-08-20T15:56:56+00:00\",\"dateModified\":\"2025-08-20T16:05:19+00:00\",\"breadcrumb\":{\"@id\":\"https:\/\/proplaystore.lu\/index.php\/produit\/msi-carte-mere-de-jeu-mpg-b550-gaming-plus-atx-amd-am4-ddr4-m-2-usb-3-2-gen-2-hdmi-atx-carte-mere-de-jeu-processeurs-amd-ryzen-5000\/#breadcrumb\"},\"inLanguage\":\"en-US\",\"potentialAction\":[{\"@type\":\"ReadAction\",\"target\":[\"https:\/\/proplaystore.lu\/index.php\/produit\/msi-carte-mere-de-jeu-mpg-b550-gaming-plus-atx-amd-am4-ddr4-m-2-usb-3-2-gen-2-hdmi-atx-carte-mere-de-jeu-processeurs-amd-ryzen-5000\/\"]}]},{\"@type\":\"ImageObject\",\"inLanguage\":\"en-US\",\"@id\":\"https:\/\/proplaystore.lu\/index.php\/produit\/msi-carte-mere-de-jeu-mpg-b550-gaming-plus-atx-amd-am4-ddr4-m-2-usb-3-2-gen-2-hdmi-atx-carte-mere-de-jeu-processeurs-amd-ryzen-5000\/#primaryimage\",\"url\":\"https:\/\/proplaystore.lu\/wp-content\/uploads\/2025\/08\/61hPyxPlRjL._AC_SX679_.jpg\",\"contentUrl\":\"https:\/\/proplaystore.lu\/wp-content\/uploads\/2025\/08\/61hPyxPlRjL._AC_SX679_.jpg\",\"width\":679,\"height\":487},{\"@type\":\"BreadcrumbList\",\"@id\":\"https:\/\/proplaystore.lu\/index.php\/produit\/msi-carte-mere-de-jeu-mpg-b550-gaming-plus-atx-amd-am4-ddr4-m-2-usb-3-2-gen-2-hdmi-atx-carte-mere-de-jeu-processeurs-amd-ryzen-5000\/#breadcrumb\",\"itemListElement\":[{\"@type\":\"ListItem\",\"position\":1,\"name\":\"Accueil\",\"item\":\"https:\/\/proplaystore.lu\/\"},{\"@type\":\"ListItem\",\"position\":2,\"name\":\"Shop\",\"item\":\"https:\/\/proplaystore.lu\/index.php\/shop\/\"},{\"@type\":\"ListItem\",\"position\":3,\"name\":\"MSI Carte m\u00e8re de jeu MPG B550 Gaming Plus (ATX), AMD AM4, DDR4 M.2, USB 3.2 Gen 2, HDMI ATX, carte m\u00e8re de jeu, processeurs AMD Ryzen\u2122 5000\"}]},{\"@type\":\"WebSite\",\"@id\":\"https:\/\/proplaystore.lu\/#website\",\"url\":\"https:\/\/proplaystore.lu\/\",\"name\":\"ProPlaystore\",\"description\":\"proplaysre\",\"potentialAction\":[{\"@type\":\"SearchAction\",\"target\":{\"@type\":\"EntryPoint\",\"urlTemplate\":\"https:\/\/proplaystore.lu\/?s={search_term_string}\"},\"query-input\":{\"@type\":\"PropertyValueSpecification\",\"valueRequired\":true,\"valueName\":\"search_term_string\"}}],\"inLanguage\":\"en-US\"}]}<\/script>\n<!-- \/ Yoast SEO plugin. -->","yoast_head_json":{"title":"MSI Carte m\u00e8re de jeu MPG B550 Gaming Plus (ATX), AMD AM4, DDR4 M.2, USB 3.2 Gen 2, HDMI ATX, carte m\u00e8re de jeu, processeurs AMD Ryzen\u2122 5000 - ProPlaystore","robots":{"index":"index","follow":"follow","max-snippet":"max-snippet:-1","max-image-preview":"max-image-preview:large","max-video-preview":"max-video-preview:-1"},"canonical":"https:\/\/proplaystore.lu\/index.php\/produit\/msi-carte-mere-de-jeu-mpg-b550-gaming-plus-atx-amd-am4-ddr4-m-2-usb-3-2-gen-2-hdmi-atx-carte-mere-de-jeu-processeurs-amd-ryzen-5000\/","og_locale":"en_US","og_type":"article","og_title":"MSI Carte m\u00e8re de jeu MPG B550 Gaming Plus (ATX), AMD AM4, DDR4 M.2, USB 3.2 Gen 2, HDMI ATX, carte m\u00e8re de jeu, processeurs AMD Ryzen\u2122 5000 - ProPlaystore","og_description":"Compatible avec les processeurs AMD Ryzen de 3e g\u00e9n\u00e9ration et les futurs processeurs AMD Ryzen avec mise \u00e0 jour du BIOS  Supporte la m\u00e9moire DDR4, jusqu'\u00e0 4400 (OC) MHz  Exp\u00e9rience de jeu PCIe 4.0 ultrarapide, Lightning Gen 4 x4 M.2 avec M.2 Shield Frozr, AMD Turbo USB 3.2 GEN 2  Conception d'alimentation am\u00e9lior\u00e9e Core Boost, circuit int\u00e9gr\u00e9 PWM num\u00e9rique, PCB en cuivre de 2 oz d'\u00e9paisseur, DDR4 Boost  L'excellente technologie de refroidissement, le dissipateur thermique avanc\u00e9 et le M.2 Shield Frozr garantissent des temp\u00e9ratures basses malgr\u00e9 des performances extr\u00eames  Obturateur E\/S pr\u00e9install\u00e9 pour une meilleure protection contre les interf\u00e9rences \u00e9lectromagn\u00e9tiques et une installation facile  Bouton Flash du BIOS avec fonction ClearCMOS optimis\u00e9e : le BIOS peut \u00eatre facilement r\u00e9initialis\u00e9 \u00e0 l'\u00e9tat d'usine en quelques secondes \u00e0 l'aide d'une cl\u00e9 USB","og_url":"https:\/\/proplaystore.lu\/index.php\/produit\/msi-carte-mere-de-jeu-mpg-b550-gaming-plus-atx-amd-am4-ddr4-m-2-usb-3-2-gen-2-hdmi-atx-carte-mere-de-jeu-processeurs-amd-ryzen-5000\/","og_site_name":"ProPlaystore","article_modified_time":"2025-08-20T16:05:19+00:00","og_image":[{"width":679,"height":487,"url":"https:\/\/proplaystore.lu\/wp-content\/uploads\/2025\/08\/61hPyxPlRjL._AC_SX679_.jpg","type":"image\/jpeg"}],"twitter_card":"summary_large_image","twitter_misc":{"Est. reading time":"1 minute"},"schema":{"@context":"https:\/\/schema.org","@graph":[{"@type":"WebPage","@id":"https:\/\/proplaystore.lu\/index.php\/produit\/msi-carte-mere-de-jeu-mpg-b550-gaming-plus-atx-amd-am4-ddr4-m-2-usb-3-2-gen-2-hdmi-atx-carte-mere-de-jeu-processeurs-amd-ryzen-5000\/","url":"https:\/\/proplaystore.lu\/index.php\/produit\/msi-carte-mere-de-jeu-mpg-b550-gaming-plus-atx-amd-am4-ddr4-m-2-usb-3-2-gen-2-hdmi-atx-carte-mere-de-jeu-processeurs-amd-ryzen-5000\/","name":"MSI Carte m\u00e8re de jeu MPG B550 Gaming Plus (ATX), AMD AM4, DDR4 M.2, USB 3.2 Gen 2, HDMI ATX, carte m\u00e8re de jeu, processeurs AMD Ryzen\u2122 5000 - ProPlaystore","isPartOf":{"@id":"https:\/\/proplaystore.lu\/#website"},"primaryImageOfPage":{"@id":"https:\/\/proplaystore.lu\/index.php\/produit\/msi-carte-mere-de-jeu-mpg-b550-gaming-plus-atx-amd-am4-ddr4-m-2-usb-3-2-gen-2-hdmi-atx-carte-mere-de-jeu-processeurs-amd-ryzen-5000\/#primaryimage"},"image":{"@id":"https:\/\/proplaystore.lu\/index.php\/produit\/msi-carte-mere-de-jeu-mpg-b550-gaming-plus-atx-amd-am4-ddr4-m-2-usb-3-2-gen-2-hdmi-atx-carte-mere-de-jeu-processeurs-amd-ryzen-5000\/#primaryimage"},"thumbnailUrl":"https:\/\/proplaystore.lu\/wp-content\/uploads\/2025\/08\/61hPyxPlRjL._AC_SX679_.jpg","datePublished":"2025-08-20T15:56:56+00:00","dateModified":"2025-08-20T16:05:19+00:00","breadcrumb":{"@id":"https:\/\/proplaystore.lu\/index.php\/produit\/msi-carte-mere-de-jeu-mpg-b550-gaming-plus-atx-amd-am4-ddr4-m-2-usb-3-2-gen-2-hdmi-atx-carte-mere-de-jeu-processeurs-amd-ryzen-5000\/#breadcrumb"},"inLanguage":"en-US","potentialAction":[{"@type":"ReadAction","target":["https:\/\/proplaystore.lu\/index.php\/produit\/msi-carte-mere-de-jeu-mpg-b550-gaming-plus-atx-amd-am4-ddr4-m-2-usb-3-2-gen-2-hdmi-atx-carte-mere-de-jeu-processeurs-amd-ryzen-5000\/"]}]},{"@type":"ImageObject","inLanguage":"en-US","@id":"https:\/\/proplaystore.lu\/index.php\/produit\/msi-carte-mere-de-jeu-mpg-b550-gaming-plus-atx-amd-am4-ddr4-m-2-usb-3-2-gen-2-hdmi-atx-carte-mere-de-jeu-processeurs-amd-ryzen-5000\/#primaryimage","url":"https:\/\/proplaystore.lu\/wp-content\/uploads\/2025\/08\/61hPyxPlRjL._AC_SX679_.jpg","contentUrl":"https:\/\/proplaystore.lu\/wp-content\/uploads\/2025\/08\/61hPyxPlRjL._AC_SX679_.jpg","width":679,"height":487},{"@type":"BreadcrumbList","@id":"https:\/\/proplaystore.lu\/index.php\/produit\/msi-carte-mere-de-jeu-mpg-b550-gaming-plus-atx-amd-am4-ddr4-m-2-usb-3-2-gen-2-hdmi-atx-carte-mere-de-jeu-processeurs-amd-ryzen-5000\/#breadcrumb","itemListElement":[{"@type":"ListItem","position":1,"name":"Accueil","item":"https:\/\/proplaystore.lu\/"},{"@type":"ListItem","position":2,"name":"Shop","item":"https:\/\/proplaystore.lu\/index.php\/shop\/"},{"@type":"ListItem","position":3,"name":"MSI Carte m\u00e8re de jeu MPG B550 Gaming Plus (ATX), AMD AM4, DDR4 M.2, USB 3.2 Gen 2, HDMI ATX, carte m\u00e8re de jeu, processeurs AMD Ryzen\u2122 5000"}]},{"@type":"WebSite","@id":"https:\/\/proplaystore.lu\/#website","url":"https:\/\/proplaystore.lu\/","name":"ProPlaystore","description":"proplaysre","potentialAction":[{"@type":"SearchAction","target":{"@type":"EntryPoint","urlTemplate":"https:\/\/proplaystore.lu\/?s={search_term_string}"},"query-input":{"@type":"PropertyValueSpecification","valueRequired":true,"valueName":"search_term_string"}}],"inLanguage":"en-US"}]}},"_links":{"self":[{"href":"https:\/\/proplaystore.lu\/index.php\/wp-json\/wp\/v2\/product\/7966","targetHints":{"allow":["GET"]}}],"collection":[{"href":"https:\/\/proplaystore.lu\/index.php\/wp-json\/wp\/v2\/product"}],"about":[{"href":"https:\/\/proplaystore.lu\/index.php\/wp-json\/wp\/v2\/types\/product"}],"replies":[{"embeddable":true,"href":"https:\/\/proplaystore.lu\/index.php\/wp-json\/wp\/v2\/comments?post=7966"}],"wp:featuredmedia":[{"embeddable":true,"href":"https:\/\/proplaystore.lu\/index.php\/wp-json\/wp\/v2\/media\/7969"}],"wp:attachment":[{"href":"https:\/\/proplaystore.lu\/index.php\/wp-json\/wp\/v2\/media?parent=7966"}],"wp:term":[{"taxonomy":"product_brand","embeddable":true,"href":"https:\/\/proplaystore.lu\/index.php\/wp-json\/wp\/v2\/product_brand?post=7966"},{"taxonomy":"product_cat","embeddable":true,"href":"https:\/\/proplaystore.lu\/index.php\/wp-json\/wp\/v2\/product_cat?post=7966"},{"taxonomy":"product_tag","embeddable":true,"href":"https:\/\/proplaystore.lu\/index.php\/wp-json\/wp\/v2\/product_tag?post=7966"}],"curies":[{"name":"wp","href":"https:\/\/api.w.org\/{rel}","templated":true}]}}