{"id":8065,"date":"2025-08-22T21:29:09","date_gmt":"2025-08-22T21:29:09","guid":{"rendered":"https:\/\/proplaystore.lu\/?post_type=product&#038;p=8065"},"modified":"2025-08-22T21:30:40","modified_gmt":"2025-08-22T21:30:40","slug":"mars-gaming-mc-fusionm-boitier-gaming-micro-atx-fenetre-laterale-et-facade-verre-trempe-courbe-continu-mini-tour-pc-double-chambre-support-refroidissement-liquide-espace-interne-optimise-blanc","status":"publish","type":"product","link":"https:\/\/proplaystore.lu\/index.php\/produit\/mars-gaming-mc-fusionm-boitier-gaming-micro-atx-fenetre-laterale-et-facade-verre-trempe-courbe-continu-mini-tour-pc-double-chambre-support-refroidissement-liquide-espace-interne-optimise-blanc\/","title":{"rendered":"Mars Gaming MC-FUSIONM, Bo\u00eetier Gaming Micro-ATX, Fen\u00eatre Lat\u00e9rale et Fa\u00e7ade Verre Tremp\u00e9 Courb\u00e9 Continu, Mini-Tour PC Double Chambre, Support Refroidissement Liquide, Espace Interne Optimis\u00e9, Blanc"},"content":{"rendered":"<h2 data-start=\"1558\" data-end=\"1580\"><strong data-start=\"1561\" data-end=\"1580\">Fiche technique<\/strong><\/h2>\n<table class=\"a-normal a-spacing-micro\" role=\"list\">\n<tbody>\n<tr class=\"a-spacing-small po-brand\" role=\"listitem\">\n<td class=\"a-span3\" role=\"presentation\"><span class=\"a-size-base a-text-bold\">Marque<\/span><\/td>\n<td class=\"a-span9\" role=\"presentation\"><span class=\"a-size-base po-break-word\">Mars Gaming<\/span><\/td>\n<\/tr>\n<tr class=\"a-spacing-small po-supported_motherboard\" role=\"listitem\">\n<td class=\"a-span3\" role=\"presentation\"><span class=\"a-size-base a-text-bold\">Compatibilit\u00e9 de la carte m\u00e8re<\/span><\/td>\n<td class=\"a-span9\" role=\"presentation\"><span class=\"a-size-base po-break-word\">Micro ATX, Mini ITX<\/span><\/td>\n<\/tr>\n<tr class=\"a-spacing-small po-case.type\" role=\"listitem\">\n<td class=\"a-span3\" role=\"presentation\"><span class=\"a-size-base a-text-bold\">Type de cas<\/span><\/td>\n<td class=\"a-span9\" role=\"presentation\"><span class=\"a-size-base po-break-word\">Tour<\/span><\/td>\n<\/tr>\n<tr class=\"a-spacing-small po-recommended_uses_for_product\" role=\"listitem\">\n<td class=\"a-span3\" role=\"presentation\"><span class=\"a-size-base a-text-bold\">Usages recommand\u00e9s pour le produit<\/span><\/td>\n<td class=\"a-span9\" role=\"presentation\"><span class=\"a-size-base po-break-word\">Jeu<\/span><\/td>\n<\/tr>\n<tr class=\"a-spacing-small po-color\" role=\"listitem\">\n<td class=\"a-span3\" role=\"presentation\"><span class=\"a-size-base a-text-bold\">Couleur<\/span><\/td>\n<td class=\"a-span9\" role=\"presentation\"><span class=\"a-size-base po-break-word\">Blanc<\/span><\/td>\n<\/tr>\n<tr class=\"a-spacing-small po-material\" role=\"listitem\">\n<td class=\"a-span3\" role=\"presentation\"><span class=\"a-size-base a-text-bold\">Mat\u00e9riau<\/span><\/td>\n<td class=\"a-span9\" role=\"presentation\"><span class=\"a-size-base po-break-word\">Verre tremp\u00e9<\/span><\/td>\n<\/tr>\n<tr class=\"a-spacing-small po-power_supply_mounting_type\" role=\"listitem\">\n<td class=\"a-span3\" role=\"presentation\"><span class=\"a-size-base a-text-bold\">Type de fixation de l&#8217;alimentation<\/span><\/td>\n<td class=\"a-span9\" role=\"presentation\"><span class=\"a-size-base po-break-word\">Montage inf\u00e9rieur<\/span><\/td>\n<\/tr>\n<tr class=\"a-spacing-small po-cooling_method\" role=\"listitem\">\n<td class=\"a-span3\" role=\"presentation\"><span class=\"a-size-base a-text-bold\">M\u00e9thode de refroidissement<\/span><\/td>\n<td class=\"a-span9\" role=\"presentation\"><span class=\"a-size-base po-break-word\">Air, Eau<\/span><\/td>\n<\/tr>\n<tr class=\"a-spacing-small po-model_name\" role=\"listitem\">\n<td class=\"a-span3\" role=\"presentation\"><span class=\"a-size-base a-text-bold\">Nom de mod\u00e8le<\/span><\/td>\n<td class=\"a-span9\" role=\"presentation\"><span class=\"a-size-base po-break-word\">MCFUSIONMW<\/span><\/td>\n<\/tr>\n<tr class=\"a-spacing-small po-light_color\" role=\"listitem\">\n<td class=\"a-span3\" role=\"presentation\"><span class=\"a-size-base a-text-bold\">Couleur de la lumi\u00e8re<\/span><\/td>\n<td class=\"a-span9\" role=\"presentation\"><span class=\"a-size-base po-break-word\">Blanc<\/span><\/td>\n<\/tr>\n<\/tbody>\n<\/table>\n<p>&nbsp;<\/p>\n<p>&nbsp;<\/p>\n<p>&nbsp;<\/p>\n<p>&nbsp;<\/p>\n<p>&nbsp;<\/p>\n","protected":false},"excerpt":{"rendered":"<ul class=\"a-unordered-list a-vertical a-spacing-mini\">\n<li class=\"a-spacing-mini\"><span class=\"a-list-item\">VERRE COURB\u00c9 CONTINU : La Mini-tour Micro-ATX MC-FUSIONM de Mars Gaming a \u00e9t\u00e9 con\u00e7ue avec un verre courb\u00e9 continu exclusif; Ce double panneau avant-gardiste met en valeur l&#8217;\u00e9clairage int\u00e9rieur sous tous les angles, combinant protection et esth\u00e9tique gaming avanc\u00e9e<\/span><\/li>\n<li class=\"a-spacing-mini\"><span class=\"a-list-item\">REFROIDISSEMENT HAUTE PERFORMANCE : Le bo\u00eetier PC MC-FUSIONM peut accueillir jusqu&#8217;\u00e0 9 ventilateurs et des syst\u00e8mes de refroidissement liquide allant jusqu&#8217;\u00e0 360mm; De plus, ses panneaux lat\u00e9raux, inf\u00e9rieurs et sup\u00e9rieurs en grille renforcent la circulation de l&#8217;air et garantissent une gestion thermique optimale<\/span><\/li>\n<li class=\"a-spacing-mini\"><span class=\"a-list-item\">STRUCTURE DOUBLE CHAMBRE : Le ch\u00e2ssis PC MC-FUSIONM est dot\u00e9 d&#8217;un design \u00e0 double chambre qui s\u00e9pare l&#8217;alimentation et les disques durs dans un compartiment lat\u00e9ral cach\u00e9; Cette configuration optimise le flux d&#8217;air et maximise l&#8217;espace interne pour un setup organis\u00e9 et thermiquement efficace<\/span><\/li>\n<li class=\"a-spacing-mini\"><span class=\"a-list-item\">\u00c9DITION CUSTOM : Con\u00e7u pour les gamers exigeants, le bo\u00eetier Micro-ATX MC-FUSIONM, sans composants pr\u00e9install\u00e9s, offre un contr\u00f4le total permettant de personnaliser chaque d\u00e9tail selon votre style; Il dispose \u00e9galement d&#8217;une connectivit\u00e9 \u00e9tendue gr\u00e2ce \u00e0 ses ports USB 3.0 x1, USB 2.0 x2 et connecteurs audio et microphone HD<\/span><\/li>\n<li class=\"a-spacing-mini\"><span class=\"a-list-item\">ESPACE INTERNE OPTIMIS\u00c9 : Le bo\u00eetier gaming MC-FUSIONM est compatible avec les cartes m\u00e8res Micro-ATX et Mini-ITX, prend en charge les cartes graphiques jusqu&#8217;\u00e0 445mm de long, 150mm de large et les dissipateurs jusqu&#8217;\u00e0 160mm de haut; Il offre \u00e9galement une capacit\u00e9 pour 1 HDD 3.5&#8243;, 2 SSD 2.5&#8243;, 5 slots d&#8217;extension et un syst\u00e8me de gestion de c\u00e2blage interne<\/span><\/li>\n<li class=\"a-spacing-mini\"><\/li>\n<\/ul>\n","protected":false},"featured_media":8070,"comment_status":"open","ping_status":"closed","template":"","meta":[],"product_brand":[],"product_cat":[71],"product_tag":[75],"class_list":{"0":"post-8065","1":"product","2":"type-product","3":"status-publish","4":"has-post-thumbnail","6":"product_cat-boitier","7":"product_tag-case","9":"first","10":"instock","11":"shipping-taxable","12":"purchasable","13":"product-type-simple"},"yoast_head":"<!-- This site is optimized with the Yoast SEO plugin v26.4 - https:\/\/yoast.com\/wordpress\/plugins\/seo\/ -->\n<title>Mars Gaming MC-FUSIONM, Bo\u00eetier Gaming Micro-ATX, Fen\u00eatre Lat\u00e9rale et Fa\u00e7ade Verre Tremp\u00e9 Courb\u00e9 Continu, Mini-Tour PC Double Chambre, Support Refroidissement Liquide, Espace Interne Optimis\u00e9, Blanc - ProPlaystore<\/title>\n<meta name=\"robots\" content=\"index, follow, max-snippet:-1, max-image-preview:large, max-video-preview:-1\" \/>\n<link rel=\"canonical\" href=\"https:\/\/proplaystore.lu\/index.php\/produit\/mars-gaming-mc-fusionm-boitier-gaming-micro-atx-fenetre-laterale-et-facade-verre-trempe-courbe-continu-mini-tour-pc-double-chambre-support-refroidissement-liquide-espace-interne-optimise-blanc\/\" \/>\n<meta property=\"og:locale\" content=\"en_US\" \/>\n<meta property=\"og:type\" content=\"article\" \/>\n<meta property=\"og:title\" content=\"Mars Gaming MC-FUSIONM, Bo\u00eetier Gaming Micro-ATX, Fen\u00eatre Lat\u00e9rale et Fa\u00e7ade Verre Tremp\u00e9 Courb\u00e9 Continu, Mini-Tour PC Double Chambre, Support Refroidissement Liquide, Espace Interne Optimis\u00e9, Blanc - ProPlaystore\" \/>\n<meta property=\"og:description\" content=\"VERRE COURB\u00c9 CONTINU : La Mini-tour Micro-ATX MC-FUSIONM de Mars Gaming a \u00e9t\u00e9 con\u00e7ue avec un verre courb\u00e9 continu exclusif; Ce double panneau avant-gardiste met en valeur l&#039;\u00e9clairage int\u00e9rieur sous tous les angles, combinant protection et esth\u00e9tique gaming avanc\u00e9e  REFROIDISSEMENT HAUTE PERFORMANCE : Le bo\u00eetier PC MC-FUSIONM peut accueillir jusqu&#039;\u00e0 9 ventilateurs et des syst\u00e8mes de refroidissement liquide allant jusqu&#039;\u00e0 360mm; De plus, ses panneaux lat\u00e9raux, inf\u00e9rieurs et sup\u00e9rieurs en grille renforcent la circulation de l&#039;air et garantissent une gestion thermique optimale  STRUCTURE DOUBLE CHAMBRE : Le ch\u00e2ssis PC MC-FUSIONM est dot\u00e9 d&#039;un design \u00e0 double chambre qui s\u00e9pare l&#039;alimentation et les disques durs dans un compartiment lat\u00e9ral cach\u00e9; Cette configuration optimise le flux d&#039;air et maximise l&#039;espace interne pour un setup organis\u00e9 et thermiquement efficace  \u00c9DITION CUSTOM : Con\u00e7u pour les gamers exigeants, le bo\u00eetier Micro-ATX MC-FUSIONM, sans composants pr\u00e9install\u00e9s, offre un contr\u00f4le total permettant de personnaliser chaque d\u00e9tail selon votre style; Il dispose \u00e9galement d&#039;une connectivit\u00e9 \u00e9tendue gr\u00e2ce \u00e0 ses ports USB 3.0 x1, USB 2.0 x2 et connecteurs audio et microphone HD  ESPACE INTERNE OPTIMIS\u00c9 : Le bo\u00eetier gaming MC-FUSIONM est compatible avec les cartes m\u00e8res Micro-ATX et Mini-ITX, prend en charge les cartes graphiques jusqu&#039;\u00e0 445mm de long, 150mm de large et les dissipateurs jusqu&#039;\u00e0 160mm de haut; Il offre \u00e9galement une capacit\u00e9 pour 1 HDD 3.5&quot;, 2 SSD 2.5&quot;, 5 slots d&#039;extension et un syst\u00e8me de gestion de c\u00e2blage interne\" \/>\n<meta property=\"og:url\" content=\"https:\/\/proplaystore.lu\/index.php\/produit\/mars-gaming-mc-fusionm-boitier-gaming-micro-atx-fenetre-laterale-et-facade-verre-trempe-courbe-continu-mini-tour-pc-double-chambre-support-refroidissement-liquide-espace-interne-optimise-blanc\/\" \/>\n<meta property=\"og:site_name\" content=\"ProPlaystore\" \/>\n<meta property=\"article:modified_time\" content=\"2025-08-22T21:30:40+00:00\" \/>\n<meta property=\"og:image\" content=\"https:\/\/proplaystore.lu\/wp-content\/uploads\/2025\/08\/71Ye3JCi73L._AC_SX679_.jpg\" \/>\n\t<meta property=\"og:image:width\" content=\"679\" \/>\n\t<meta property=\"og:image:height\" content=\"682\" \/>\n\t<meta property=\"og:image:type\" content=\"image\/jpeg\" \/>\n<meta name=\"twitter:card\" content=\"summary_large_image\" \/>\n<meta name=\"twitter:label1\" content=\"Est. reading time\" \/>\n\t<meta name=\"twitter:data1\" content=\"1 minute\" \/>\n<script type=\"application\/ld+json\" class=\"yoast-schema-graph\">{\"@context\":\"https:\/\/schema.org\",\"@graph\":[{\"@type\":\"WebPage\",\"@id\":\"https:\/\/proplaystore.lu\/index.php\/produit\/mars-gaming-mc-fusionm-boitier-gaming-micro-atx-fenetre-laterale-et-facade-verre-trempe-courbe-continu-mini-tour-pc-double-chambre-support-refroidissement-liquide-espace-interne-optimise-blanc\/\",\"url\":\"https:\/\/proplaystore.lu\/index.php\/produit\/mars-gaming-mc-fusionm-boitier-gaming-micro-atx-fenetre-laterale-et-facade-verre-trempe-courbe-continu-mini-tour-pc-double-chambre-support-refroidissement-liquide-espace-interne-optimise-blanc\/\",\"name\":\"Mars Gaming MC-FUSIONM, Bo\u00eetier Gaming Micro-ATX, Fen\u00eatre Lat\u00e9rale et Fa\u00e7ade Verre Tremp\u00e9 Courb\u00e9 Continu, Mini-Tour PC Double Chambre, Support Refroidissement Liquide, Espace Interne Optimis\u00e9, Blanc - ProPlaystore\",\"isPartOf\":{\"@id\":\"https:\/\/proplaystore.lu\/#website\"},\"primaryImageOfPage\":{\"@id\":\"https:\/\/proplaystore.lu\/index.php\/produit\/mars-gaming-mc-fusionm-boitier-gaming-micro-atx-fenetre-laterale-et-facade-verre-trempe-courbe-continu-mini-tour-pc-double-chambre-support-refroidissement-liquide-espace-interne-optimise-blanc\/#primaryimage\"},\"image\":{\"@id\":\"https:\/\/proplaystore.lu\/index.php\/produit\/mars-gaming-mc-fusionm-boitier-gaming-micro-atx-fenetre-laterale-et-facade-verre-trempe-courbe-continu-mini-tour-pc-double-chambre-support-refroidissement-liquide-espace-interne-optimise-blanc\/#primaryimage\"},\"thumbnailUrl\":\"https:\/\/proplaystore.lu\/wp-content\/uploads\/2025\/08\/71Ye3JCi73L._AC_SX679_.jpg\",\"datePublished\":\"2025-08-22T21:29:09+00:00\",\"dateModified\":\"2025-08-22T21:30:40+00:00\",\"breadcrumb\":{\"@id\":\"https:\/\/proplaystore.lu\/index.php\/produit\/mars-gaming-mc-fusionm-boitier-gaming-micro-atx-fenetre-laterale-et-facade-verre-trempe-courbe-continu-mini-tour-pc-double-chambre-support-refroidissement-liquide-espace-interne-optimise-blanc\/#breadcrumb\"},\"inLanguage\":\"en-US\",\"potentialAction\":[{\"@type\":\"ReadAction\",\"target\":[\"https:\/\/proplaystore.lu\/index.php\/produit\/mars-gaming-mc-fusionm-boitier-gaming-micro-atx-fenetre-laterale-et-facade-verre-trempe-courbe-continu-mini-tour-pc-double-chambre-support-refroidissement-liquide-espace-interne-optimise-blanc\/\"]}]},{\"@type\":\"ImageObject\",\"inLanguage\":\"en-US\",\"@id\":\"https:\/\/proplaystore.lu\/index.php\/produit\/mars-gaming-mc-fusionm-boitier-gaming-micro-atx-fenetre-laterale-et-facade-verre-trempe-courbe-continu-mini-tour-pc-double-chambre-support-refroidissement-liquide-espace-interne-optimise-blanc\/#primaryimage\",\"url\":\"https:\/\/proplaystore.lu\/wp-content\/uploads\/2025\/08\/71Ye3JCi73L._AC_SX679_.jpg\",\"contentUrl\":\"https:\/\/proplaystore.lu\/wp-content\/uploads\/2025\/08\/71Ye3JCi73L._AC_SX679_.jpg\",\"width\":679,\"height\":682},{\"@type\":\"BreadcrumbList\",\"@id\":\"https:\/\/proplaystore.lu\/index.php\/produit\/mars-gaming-mc-fusionm-boitier-gaming-micro-atx-fenetre-laterale-et-facade-verre-trempe-courbe-continu-mini-tour-pc-double-chambre-support-refroidissement-liquide-espace-interne-optimise-blanc\/#breadcrumb\",\"itemListElement\":[{\"@type\":\"ListItem\",\"position\":1,\"name\":\"Accueil\",\"item\":\"https:\/\/proplaystore.lu\/\"},{\"@type\":\"ListItem\",\"position\":2,\"name\":\"Shop\",\"item\":\"https:\/\/proplaystore.lu\/index.php\/shop\/\"},{\"@type\":\"ListItem\",\"position\":3,\"name\":\"Mars Gaming MC-FUSIONM, Bo\u00eetier Gaming Micro-ATX, Fen\u00eatre Lat\u00e9rale et Fa\u00e7ade Verre Tremp\u00e9 Courb\u00e9 Continu, Mini-Tour PC Double Chambre, Support Refroidissement Liquide, Espace Interne Optimis\u00e9, Blanc\"}]},{\"@type\":\"WebSite\",\"@id\":\"https:\/\/proplaystore.lu\/#website\",\"url\":\"https:\/\/proplaystore.lu\/\",\"name\":\"ProPlaystore\",\"description\":\"proplaysre\",\"potentialAction\":[{\"@type\":\"SearchAction\",\"target\":{\"@type\":\"EntryPoint\",\"urlTemplate\":\"https:\/\/proplaystore.lu\/?s={search_term_string}\"},\"query-input\":{\"@type\":\"PropertyValueSpecification\",\"valueRequired\":true,\"valueName\":\"search_term_string\"}}],\"inLanguage\":\"en-US\"}]}<\/script>\n<!-- \/ Yoast SEO plugin. -->","yoast_head_json":{"title":"Mars Gaming MC-FUSIONM, Bo\u00eetier Gaming Micro-ATX, Fen\u00eatre Lat\u00e9rale et Fa\u00e7ade Verre Tremp\u00e9 Courb\u00e9 Continu, Mini-Tour PC Double Chambre, Support Refroidissement Liquide, Espace Interne Optimis\u00e9, Blanc - ProPlaystore","robots":{"index":"index","follow":"follow","max-snippet":"max-snippet:-1","max-image-preview":"max-image-preview:large","max-video-preview":"max-video-preview:-1"},"canonical":"https:\/\/proplaystore.lu\/index.php\/produit\/mars-gaming-mc-fusionm-boitier-gaming-micro-atx-fenetre-laterale-et-facade-verre-trempe-courbe-continu-mini-tour-pc-double-chambre-support-refroidissement-liquide-espace-interne-optimise-blanc\/","og_locale":"en_US","og_type":"article","og_title":"Mars Gaming MC-FUSIONM, Bo\u00eetier Gaming Micro-ATX, Fen\u00eatre Lat\u00e9rale et Fa\u00e7ade Verre Tremp\u00e9 Courb\u00e9 Continu, Mini-Tour PC Double Chambre, Support Refroidissement Liquide, Espace Interne Optimis\u00e9, Blanc - ProPlaystore","og_description":"VERRE COURB\u00c9 CONTINU : La Mini-tour Micro-ATX MC-FUSIONM de Mars Gaming a \u00e9t\u00e9 con\u00e7ue avec un verre courb\u00e9 continu exclusif; Ce double panneau avant-gardiste met en valeur l'\u00e9clairage int\u00e9rieur sous tous les angles, combinant protection et esth\u00e9tique gaming avanc\u00e9e  REFROIDISSEMENT HAUTE PERFORMANCE : Le bo\u00eetier PC MC-FUSIONM peut accueillir jusqu'\u00e0 9 ventilateurs et des syst\u00e8mes de refroidissement liquide allant jusqu'\u00e0 360mm; De plus, ses panneaux lat\u00e9raux, inf\u00e9rieurs et sup\u00e9rieurs en grille renforcent la circulation de l'air et garantissent une gestion thermique optimale  STRUCTURE DOUBLE CHAMBRE : Le ch\u00e2ssis PC MC-FUSIONM est dot\u00e9 d'un design \u00e0 double chambre qui s\u00e9pare l'alimentation et les disques durs dans un compartiment lat\u00e9ral cach\u00e9; Cette configuration optimise le flux d'air et maximise l'espace interne pour un setup organis\u00e9 et thermiquement efficace  \u00c9DITION CUSTOM : Con\u00e7u pour les gamers exigeants, le bo\u00eetier Micro-ATX MC-FUSIONM, sans composants pr\u00e9install\u00e9s, offre un contr\u00f4le total permettant de personnaliser chaque d\u00e9tail selon votre style; Il dispose \u00e9galement d'une connectivit\u00e9 \u00e9tendue gr\u00e2ce \u00e0 ses ports USB 3.0 x1, USB 2.0 x2 et connecteurs audio et microphone HD  ESPACE INTERNE OPTIMIS\u00c9 : Le bo\u00eetier gaming MC-FUSIONM est compatible avec les cartes m\u00e8res Micro-ATX et Mini-ITX, prend en charge les cartes graphiques jusqu'\u00e0 445mm de long, 150mm de large et les dissipateurs jusqu'\u00e0 160mm de haut; Il offre \u00e9galement une capacit\u00e9 pour 1 HDD 3.5\", 2 SSD 2.5\", 5 slots d'extension et un syst\u00e8me de gestion de c\u00e2blage interne","og_url":"https:\/\/proplaystore.lu\/index.php\/produit\/mars-gaming-mc-fusionm-boitier-gaming-micro-atx-fenetre-laterale-et-facade-verre-trempe-courbe-continu-mini-tour-pc-double-chambre-support-refroidissement-liquide-espace-interne-optimise-blanc\/","og_site_name":"ProPlaystore","article_modified_time":"2025-08-22T21:30:40+00:00","og_image":[{"width":679,"height":682,"url":"https:\/\/proplaystore.lu\/wp-content\/uploads\/2025\/08\/71Ye3JCi73L._AC_SX679_.jpg","type":"image\/jpeg"}],"twitter_card":"summary_large_image","twitter_misc":{"Est. reading time":"1 minute"},"schema":{"@context":"https:\/\/schema.org","@graph":[{"@type":"WebPage","@id":"https:\/\/proplaystore.lu\/index.php\/produit\/mars-gaming-mc-fusionm-boitier-gaming-micro-atx-fenetre-laterale-et-facade-verre-trempe-courbe-continu-mini-tour-pc-double-chambre-support-refroidissement-liquide-espace-interne-optimise-blanc\/","url":"https:\/\/proplaystore.lu\/index.php\/produit\/mars-gaming-mc-fusionm-boitier-gaming-micro-atx-fenetre-laterale-et-facade-verre-trempe-courbe-continu-mini-tour-pc-double-chambre-support-refroidissement-liquide-espace-interne-optimise-blanc\/","name":"Mars Gaming MC-FUSIONM, Bo\u00eetier Gaming Micro-ATX, Fen\u00eatre Lat\u00e9rale et Fa\u00e7ade Verre Tremp\u00e9 Courb\u00e9 Continu, Mini-Tour PC Double Chambre, Support Refroidissement Liquide, Espace Interne Optimis\u00e9, Blanc - ProPlaystore","isPartOf":{"@id":"https:\/\/proplaystore.lu\/#website"},"primaryImageOfPage":{"@id":"https:\/\/proplaystore.lu\/index.php\/produit\/mars-gaming-mc-fusionm-boitier-gaming-micro-atx-fenetre-laterale-et-facade-verre-trempe-courbe-continu-mini-tour-pc-double-chambre-support-refroidissement-liquide-espace-interne-optimise-blanc\/#primaryimage"},"image":{"@id":"https:\/\/proplaystore.lu\/index.php\/produit\/mars-gaming-mc-fusionm-boitier-gaming-micro-atx-fenetre-laterale-et-facade-verre-trempe-courbe-continu-mini-tour-pc-double-chambre-support-refroidissement-liquide-espace-interne-optimise-blanc\/#primaryimage"},"thumbnailUrl":"https:\/\/proplaystore.lu\/wp-content\/uploads\/2025\/08\/71Ye3JCi73L._AC_SX679_.jpg","datePublished":"2025-08-22T21:29:09+00:00","dateModified":"2025-08-22T21:30:40+00:00","breadcrumb":{"@id":"https:\/\/proplaystore.lu\/index.php\/produit\/mars-gaming-mc-fusionm-boitier-gaming-micro-atx-fenetre-laterale-et-facade-verre-trempe-courbe-continu-mini-tour-pc-double-chambre-support-refroidissement-liquide-espace-interne-optimise-blanc\/#breadcrumb"},"inLanguage":"en-US","potentialAction":[{"@type":"ReadAction","target":["https:\/\/proplaystore.lu\/index.php\/produit\/mars-gaming-mc-fusionm-boitier-gaming-micro-atx-fenetre-laterale-et-facade-verre-trempe-courbe-continu-mini-tour-pc-double-chambre-support-refroidissement-liquide-espace-interne-optimise-blanc\/"]}]},{"@type":"ImageObject","inLanguage":"en-US","@id":"https:\/\/proplaystore.lu\/index.php\/produit\/mars-gaming-mc-fusionm-boitier-gaming-micro-atx-fenetre-laterale-et-facade-verre-trempe-courbe-continu-mini-tour-pc-double-chambre-support-refroidissement-liquide-espace-interne-optimise-blanc\/#primaryimage","url":"https:\/\/proplaystore.lu\/wp-content\/uploads\/2025\/08\/71Ye3JCi73L._AC_SX679_.jpg","contentUrl":"https:\/\/proplaystore.lu\/wp-content\/uploads\/2025\/08\/71Ye3JCi73L._AC_SX679_.jpg","width":679,"height":682},{"@type":"BreadcrumbList","@id":"https:\/\/proplaystore.lu\/index.php\/produit\/mars-gaming-mc-fusionm-boitier-gaming-micro-atx-fenetre-laterale-et-facade-verre-trempe-courbe-continu-mini-tour-pc-double-chambre-support-refroidissement-liquide-espace-interne-optimise-blanc\/#breadcrumb","itemListElement":[{"@type":"ListItem","position":1,"name":"Accueil","item":"https:\/\/proplaystore.lu\/"},{"@type":"ListItem","position":2,"name":"Shop","item":"https:\/\/proplaystore.lu\/index.php\/shop\/"},{"@type":"ListItem","position":3,"name":"Mars Gaming MC-FUSIONM, Bo\u00eetier Gaming Micro-ATX, Fen\u00eatre Lat\u00e9rale et Fa\u00e7ade Verre Tremp\u00e9 Courb\u00e9 Continu, Mini-Tour PC Double Chambre, Support Refroidissement Liquide, Espace Interne Optimis\u00e9, Blanc"}]},{"@type":"WebSite","@id":"https:\/\/proplaystore.lu\/#website","url":"https:\/\/proplaystore.lu\/","name":"ProPlaystore","description":"proplaysre","potentialAction":[{"@type":"SearchAction","target":{"@type":"EntryPoint","urlTemplate":"https:\/\/proplaystore.lu\/?s={search_term_string}"},"query-input":{"@type":"PropertyValueSpecification","valueRequired":true,"valueName":"search_term_string"}}],"inLanguage":"en-US"}]}},"_links":{"self":[{"href":"https:\/\/proplaystore.lu\/index.php\/wp-json\/wp\/v2\/product\/8065","targetHints":{"allow":["GET"]}}],"collection":[{"href":"https:\/\/proplaystore.lu\/index.php\/wp-json\/wp\/v2\/product"}],"about":[{"href":"https:\/\/proplaystore.lu\/index.php\/wp-json\/wp\/v2\/types\/product"}],"replies":[{"embeddable":true,"href":"https:\/\/proplaystore.lu\/index.php\/wp-json\/wp\/v2\/comments?post=8065"}],"wp:featuredmedia":[{"embeddable":true,"href":"https:\/\/proplaystore.lu\/index.php\/wp-json\/wp\/v2\/media\/8070"}],"wp:attachment":[{"href":"https:\/\/proplaystore.lu\/index.php\/wp-json\/wp\/v2\/media?parent=8065"}],"wp:term":[{"taxonomy":"product_brand","embeddable":true,"href":"https:\/\/proplaystore.lu\/index.php\/wp-json\/wp\/v2\/product_brand?post=8065"},{"taxonomy":"product_cat","embeddable":true,"href":"https:\/\/proplaystore.lu\/index.php\/wp-json\/wp\/v2\/product_cat?post=8065"},{"taxonomy":"product_tag","embeddable":true,"href":"https:\/\/proplaystore.lu\/index.php\/wp-json\/wp\/v2\/product_tag?post=8065"}],"curies":[{"name":"wp","href":"https:\/\/api.w.org\/{rel}","templated":true}]}}