{"id":8087,"date":"2025-08-22T21:39:47","date_gmt":"2025-08-22T21:39:47","guid":{"rendered":"https:\/\/proplaystore.lu\/?post_type=product&#038;p=8087"},"modified":"2025-08-22T21:41:21","modified_gmt":"2025-08-22T21:41:21","slug":"mars-gaming-mc-3tcore-boitier-gaming-custom-atx-triple-verre-trempe-amovible-double-camera-semi-tour-compatible-avec-cartes-meres-a-connecteurs-inverses-support-refroidissement-liquide-noir","status":"publish","type":"product","link":"https:\/\/proplaystore.lu\/index.php\/produit\/mars-gaming-mc-3tcore-boitier-gaming-custom-atx-triple-verre-trempe-amovible-double-camera-semi-tour-compatible-avec-cartes-meres-a-connecteurs-inverses-support-refroidissement-liquide-noir\/","title":{"rendered":"Mars Gaming MC-3TCORE, Bo\u00eetier Gaming Custom ATX, Triple Verre Tremp\u00e9 Amovible, Double Cam\u00e9ra, Semi-Tour Compatible avec Cartes-m\u00e8res \u00e0 Connecteurs Invers\u00e9s, Support Refroidissement Liquide, Noir"},"content":{"rendered":"<h2 data-start=\"1558\" data-end=\"1580\"><strong data-start=\"1561\" data-end=\"1580\">Fiche technique<\/strong><\/h2>\n<table class=\"a-normal a-spacing-micro\" role=\"list\">\n<tbody>\n<tr class=\"a-spacing-small po-brand\" role=\"listitem\">\n<td class=\"a-span3\" role=\"presentation\"><span class=\"a-size-base a-text-bold\">Marque<\/span><\/td>\n<td class=\"a-span9\" role=\"presentation\"><span class=\"a-size-base po-break-word\">Mars Gaming<\/span><\/td>\n<\/tr>\n<tr class=\"a-spacing-small po-supported_motherboard\" role=\"listitem\">\n<td class=\"a-span3\" role=\"presentation\"><span class=\"a-size-base a-text-bold\">Compatibilit\u00e9 de la carte m\u00e8re<\/span><\/td>\n<td class=\"a-span9\" role=\"presentation\"><span class=\"a-size-base po-break-word\">ATX \/ MicroATX \/ Mini-ITX<\/span><\/td>\n<\/tr>\n<tr class=\"a-spacing-small po-case.type\" role=\"listitem\">\n<td class=\"a-span3\" role=\"presentation\"><span class=\"a-size-base a-text-bold\">Type de cas<\/span><\/td>\n<td class=\"a-span9\" role=\"presentation\"><span class=\"a-size-base po-break-word\">Tour m\u00e9dian<\/span><\/td>\n<\/tr>\n<tr class=\"a-spacing-small po-recommended_uses_for_product\" role=\"listitem\">\n<td class=\"a-span3\" role=\"presentation\"><span class=\"a-size-base a-text-bold\">Usages recommand\u00e9s pour le produit<\/span><\/td>\n<td class=\"a-span9\" role=\"presentation\"><span class=\"a-size-base po-break-word\">Jeu<\/span><\/td>\n<\/tr>\n<tr class=\"a-spacing-small po-color\" role=\"listitem\">\n<td class=\"a-span3\" role=\"presentation\"><span class=\"a-size-base a-text-bold\">Couleur<\/span><\/td>\n<td class=\"a-span9\" role=\"presentation\"><span class=\"a-size-base po-break-word\">Noir<\/span><\/td>\n<\/tr>\n<tr class=\"a-spacing-small po-material\" role=\"listitem\">\n<td class=\"a-span3\" role=\"presentation\"><span class=\"a-size-base a-text-bold\">Mat\u00e9riau<\/span><\/td>\n<td class=\"a-span9\" role=\"presentation\"><span class=\"a-size-base po-break-word\">Verre tremp\u00e9<\/span><\/td>\n<\/tr>\n<tr class=\"a-spacing-small po-power_supply_mounting_type\" role=\"listitem\">\n<td class=\"a-span3\" role=\"presentation\"><span class=\"a-size-base a-text-bold\">Type de fixation de l&#8217;alimentation<\/span><\/td>\n<td class=\"a-span9\" role=\"presentation\"><span class=\"a-size-base po-break-word\">Montage arri\u00e8re<\/span><\/td>\n<\/tr>\n<tr class=\"a-spacing-small po-cooling_method\" role=\"listitem\">\n<td class=\"a-span3\" role=\"presentation\"><span class=\"a-size-base a-text-bold\">M\u00e9thode de refroidissement<\/span><\/td>\n<td class=\"a-span9\" role=\"presentation\"><span class=\"a-size-base po-break-word\">Air<\/span><\/td>\n<\/tr>\n<tr class=\"a-spacing-small po-model_name\" role=\"listitem\">\n<td class=\"a-span3\" role=\"presentation\"><span class=\"a-size-base a-text-bold\">Nom de mod\u00e8le<\/span><\/td>\n<td class=\"a-span9\" role=\"presentation\"><span class=\"a-size-base po-break-word\">MC3TCORE<\/span><\/td>\n<\/tr>\n<tr class=\"a-spacing-small po-fan_size\" role=\"listitem\">\n<td class=\"a-span3\" role=\"presentation\"><span class=\"a-size-base a-text-bold\">Taille du ventilateur<\/span><\/td>\n<td class=\"a-span9\" role=\"presentation\"><span class=\"a-size-base po-break-word\">1.2E+2 Millim\u00e8tre<\/span><\/td>\n<\/tr>\n<\/tbody>\n<\/table>\n<p>&nbsp;<\/p>\n<p>&nbsp;<\/p>\n<p>&nbsp;<\/p>\n<p>&nbsp;<\/p>\n<p>&nbsp;<\/p>\n<p>&nbsp;<\/p>\n<p>&nbsp;<\/p>\n","protected":false},"excerpt":{"rendered":"<ul class=\"a-unordered-list a-vertical a-spacing-mini\">\n<li class=\"a-spacing-mini\"><span class=\"a-list-item\">ESIGN PERSONNALIS\u00c9 AVEC TRIPLE VITRAGE TEMP\u00c9R\u00c9 : Le bo\u00eetier ATX MC-3TCORE vous permet de construire votre PC sans limites gr\u00e2ce \u00e0 son concept personnalis\u00e9, sans extras d&#8217;usine inutiles, offrant une libert\u00e9 totale pour le personnaliser selon vos pr\u00e9f\u00e9rences ; De plus, il offre une vue panoramique spectaculaire gr\u00e2ce \u00e0 ses trois panneaux amovibles en verre tremp\u00e9, \u00e0 travers son syst\u00e8me d&#8217;ancrage sans vis<\/span><\/li>\n<li class=\"a-spacing-mini\"><span class=\"a-list-item\">DOUBLE CHAMBRE C\u00d4T\u00c9 : La structure \u00e0 double chambre c\u00f4t\u00e9 du MC-3TCORE maximise l&#8217;espace interne, optimisant la distribution des composants et le refroidissement ; il comprend \u00e9galement 7 emplacements d&#8217;extension, un support pour les cartes graphiques jusqu&#8217;\u00e0 410 mm de long et un espace pour 2 disques durs de 3,5&#8243; et jusqu&#8217;\u00e0 3 disques durs SSD de 2,5&#8243;<\/span><\/li>\n<li class=\"a-spacing-mini\"><span class=\"a-list-item\">REFROIDISSEMENT OPTIMIS\u00c9 : \u00c9quip\u00e9 de panneaux lat\u00e9raux et sup\u00e9rieurs en mesh, le bo\u00eetier de jeu MC-3TCORE peut accueillir jusqu&#8217;\u00e0 10 ventilateurs de 120 mm, des syst\u00e8mes de refroidissement liquide jusqu&#8217;\u00e0 360 mm sur le panneau sup\u00e9rieur et peut accueillir des refroidisseurs de CPU d&#8217;une hauteur maximale de 161 mm<\/span><\/li>\n<li class=\"a-spacing-mini\"><span class=\"a-list-item\">COMPATIBILIT\u00c9 AVEC LA CARTE M\u00c8RE \u00c0 CONNEXION INVERSE : Le bo\u00eetier MC-3TCORE est compatible avec les cartes m\u00e8res ATX \u00e0 connexion arri\u00e8re ; cette conception innovante de la connexion de la carte m\u00e8re am\u00e9liore le flux d&#8217;air et le refroidissement, facilitant une gestion des c\u00e2bles plus efficace et mieux organis\u00e9e<\/span><\/li>\n<li class=\"a-spacing-mini\"><span class=\"a-list-item\">CONNECTIVIT\u00c9 ET FONCTIONNALIT\u00c9 : Le bo\u00eetier MC-3TCORE assure une connectivit\u00e9 ultra-rapide pour tous vos p\u00e9riph\u00e9riques gr\u00e2ce \u00e0 ses connexions USB 3.0, USB 2.0, USB-C, microphone et audio HD ; il est \u00e9galement dot\u00e9 d&#8217;un filtre \u00e0 poussi\u00e8re magn\u00e9tique sup\u00e9rieur et inf\u00e9rieur et d&#8217;un syst\u00e8me de gestion interne des c\u00e2bles compatible avec les cartes m\u00e8res back-pluggable<\/span><\/li>\n<\/ul>\n","protected":false},"featured_media":8092,"comment_status":"open","ping_status":"closed","template":"","meta":[],"product_brand":[],"product_cat":[71],"product_tag":[75],"class_list":{"0":"post-8087","1":"product","2":"type-product","3":"status-publish","4":"has-post-thumbnail","6":"product_cat-boitier","7":"product_tag-case","9":"first","10":"instock","11":"shipping-taxable","12":"purchasable","13":"product-type-simple"},"yoast_head":"<!-- This site is optimized with the Yoast SEO plugin v26.4 - https:\/\/yoast.com\/wordpress\/plugins\/seo\/ -->\n<title>Mars Gaming MC-3TCORE, Bo\u00eetier Gaming Custom ATX, Triple Verre Tremp\u00e9 Amovible, Double Cam\u00e9ra, Semi-Tour Compatible avec Cartes-m\u00e8res \u00e0 Connecteurs Invers\u00e9s, Support Refroidissement Liquide, Noir - ProPlaystore<\/title>\n<meta name=\"robots\" content=\"index, follow, max-snippet:-1, max-image-preview:large, max-video-preview:-1\" \/>\n<link rel=\"canonical\" href=\"https:\/\/proplaystore.lu\/index.php\/produit\/mars-gaming-mc-3tcore-boitier-gaming-custom-atx-triple-verre-trempe-amovible-double-camera-semi-tour-compatible-avec-cartes-meres-a-connecteurs-inverses-support-refroidissement-liquide-noir\/\" \/>\n<meta property=\"og:locale\" content=\"en_US\" \/>\n<meta property=\"og:type\" content=\"article\" \/>\n<meta property=\"og:title\" content=\"Mars Gaming MC-3TCORE, Bo\u00eetier Gaming Custom ATX, Triple Verre Tremp\u00e9 Amovible, Double Cam\u00e9ra, Semi-Tour Compatible avec Cartes-m\u00e8res \u00e0 Connecteurs Invers\u00e9s, Support Refroidissement Liquide, Noir - ProPlaystore\" \/>\n<meta property=\"og:description\" content=\"ESIGN PERSONNALIS\u00c9 AVEC TRIPLE VITRAGE TEMP\u00c9R\u00c9 : Le bo\u00eetier ATX MC-3TCORE vous permet de construire votre PC sans limites gr\u00e2ce \u00e0 son concept personnalis\u00e9, sans extras d&#039;usine inutiles, offrant une libert\u00e9 totale pour le personnaliser selon vos pr\u00e9f\u00e9rences ; De plus, il offre une vue panoramique spectaculaire gr\u00e2ce \u00e0 ses trois panneaux amovibles en verre tremp\u00e9, \u00e0 travers son syst\u00e8me d&#039;ancrage sans vis  DOUBLE CHAMBRE C\u00d4T\u00c9 : La structure \u00e0 double chambre c\u00f4t\u00e9 du MC-3TCORE maximise l&#039;espace interne, optimisant la distribution des composants et le refroidissement ; il comprend \u00e9galement 7 emplacements d&#039;extension, un support pour les cartes graphiques jusqu&#039;\u00e0 410 mm de long et un espace pour 2 disques durs de 3,5&quot; et jusqu&#039;\u00e0 3 disques durs SSD de 2,5&quot;  REFROIDISSEMENT OPTIMIS\u00c9 : \u00c9quip\u00e9 de panneaux lat\u00e9raux et sup\u00e9rieurs en mesh, le bo\u00eetier de jeu MC-3TCORE peut accueillir jusqu&#039;\u00e0 10 ventilateurs de 120 mm, des syst\u00e8mes de refroidissement liquide jusqu&#039;\u00e0 360 mm sur le panneau sup\u00e9rieur et peut accueillir des refroidisseurs de CPU d&#039;une hauteur maximale de 161 mm  COMPATIBILIT\u00c9 AVEC LA CARTE M\u00c8RE \u00c0 CONNEXION INVERSE : Le bo\u00eetier MC-3TCORE est compatible avec les cartes m\u00e8res ATX \u00e0 connexion arri\u00e8re ; cette conception innovante de la connexion de la carte m\u00e8re am\u00e9liore le flux d&#039;air et le refroidissement, facilitant une gestion des c\u00e2bles plus efficace et mieux organis\u00e9e  CONNECTIVIT\u00c9 ET FONCTIONNALIT\u00c9 : Le bo\u00eetier MC-3TCORE assure une connectivit\u00e9 ultra-rapide pour tous vos p\u00e9riph\u00e9riques gr\u00e2ce \u00e0 ses connexions USB 3.0, USB 2.0, USB-C, microphone et audio HD ; il est \u00e9galement dot\u00e9 d&#039;un filtre \u00e0 poussi\u00e8re magn\u00e9tique sup\u00e9rieur et inf\u00e9rieur et d&#039;un syst\u00e8me de gestion interne des c\u00e2bles compatible avec les cartes m\u00e8res back-pluggable\" \/>\n<meta property=\"og:url\" content=\"https:\/\/proplaystore.lu\/index.php\/produit\/mars-gaming-mc-3tcore-boitier-gaming-custom-atx-triple-verre-trempe-amovible-double-camera-semi-tour-compatible-avec-cartes-meres-a-connecteurs-inverses-support-refroidissement-liquide-noir\/\" \/>\n<meta property=\"og:site_name\" content=\"ProPlaystore\" \/>\n<meta property=\"article:modified_time\" content=\"2025-08-22T21:41:21+00:00\" \/>\n<meta property=\"og:image\" content=\"https:\/\/proplaystore.lu\/wp-content\/uploads\/2025\/08\/71Qm3Deh3pL._AC_SX679_.jpg\" \/>\n\t<meta property=\"og:image:width\" content=\"679\" \/>\n\t<meta property=\"og:image:height\" content=\"727\" \/>\n\t<meta property=\"og:image:type\" content=\"image\/jpeg\" \/>\n<meta name=\"twitter:card\" content=\"summary_large_image\" \/>\n<meta name=\"twitter:label1\" content=\"Est. reading time\" \/>\n\t<meta name=\"twitter:data1\" content=\"1 minute\" \/>\n<script type=\"application\/ld+json\" class=\"yoast-schema-graph\">{\"@context\":\"https:\/\/schema.org\",\"@graph\":[{\"@type\":\"WebPage\",\"@id\":\"https:\/\/proplaystore.lu\/index.php\/produit\/mars-gaming-mc-3tcore-boitier-gaming-custom-atx-triple-verre-trempe-amovible-double-camera-semi-tour-compatible-avec-cartes-meres-a-connecteurs-inverses-support-refroidissement-liquide-noir\/\",\"url\":\"https:\/\/proplaystore.lu\/index.php\/produit\/mars-gaming-mc-3tcore-boitier-gaming-custom-atx-triple-verre-trempe-amovible-double-camera-semi-tour-compatible-avec-cartes-meres-a-connecteurs-inverses-support-refroidissement-liquide-noir\/\",\"name\":\"Mars Gaming MC-3TCORE, Bo\u00eetier Gaming Custom ATX, Triple Verre Tremp\u00e9 Amovible, Double Cam\u00e9ra, Semi-Tour Compatible avec Cartes-m\u00e8res \u00e0 Connecteurs Invers\u00e9s, Support Refroidissement Liquide, Noir - ProPlaystore\",\"isPartOf\":{\"@id\":\"https:\/\/proplaystore.lu\/#website\"},\"primaryImageOfPage\":{\"@id\":\"https:\/\/proplaystore.lu\/index.php\/produit\/mars-gaming-mc-3tcore-boitier-gaming-custom-atx-triple-verre-trempe-amovible-double-camera-semi-tour-compatible-avec-cartes-meres-a-connecteurs-inverses-support-refroidissement-liquide-noir\/#primaryimage\"},\"image\":{\"@id\":\"https:\/\/proplaystore.lu\/index.php\/produit\/mars-gaming-mc-3tcore-boitier-gaming-custom-atx-triple-verre-trempe-amovible-double-camera-semi-tour-compatible-avec-cartes-meres-a-connecteurs-inverses-support-refroidissement-liquide-noir\/#primaryimage\"},\"thumbnailUrl\":\"https:\/\/proplaystore.lu\/wp-content\/uploads\/2025\/08\/71Qm3Deh3pL._AC_SX679_.jpg\",\"datePublished\":\"2025-08-22T21:39:47+00:00\",\"dateModified\":\"2025-08-22T21:41:21+00:00\",\"breadcrumb\":{\"@id\":\"https:\/\/proplaystore.lu\/index.php\/produit\/mars-gaming-mc-3tcore-boitier-gaming-custom-atx-triple-verre-trempe-amovible-double-camera-semi-tour-compatible-avec-cartes-meres-a-connecteurs-inverses-support-refroidissement-liquide-noir\/#breadcrumb\"},\"inLanguage\":\"en-US\",\"potentialAction\":[{\"@type\":\"ReadAction\",\"target\":[\"https:\/\/proplaystore.lu\/index.php\/produit\/mars-gaming-mc-3tcore-boitier-gaming-custom-atx-triple-verre-trempe-amovible-double-camera-semi-tour-compatible-avec-cartes-meres-a-connecteurs-inverses-support-refroidissement-liquide-noir\/\"]}]},{\"@type\":\"ImageObject\",\"inLanguage\":\"en-US\",\"@id\":\"https:\/\/proplaystore.lu\/index.php\/produit\/mars-gaming-mc-3tcore-boitier-gaming-custom-atx-triple-verre-trempe-amovible-double-camera-semi-tour-compatible-avec-cartes-meres-a-connecteurs-inverses-support-refroidissement-liquide-noir\/#primaryimage\",\"url\":\"https:\/\/proplaystore.lu\/wp-content\/uploads\/2025\/08\/71Qm3Deh3pL._AC_SX679_.jpg\",\"contentUrl\":\"https:\/\/proplaystore.lu\/wp-content\/uploads\/2025\/08\/71Qm3Deh3pL._AC_SX679_.jpg\",\"width\":679,\"height\":727},{\"@type\":\"BreadcrumbList\",\"@id\":\"https:\/\/proplaystore.lu\/index.php\/produit\/mars-gaming-mc-3tcore-boitier-gaming-custom-atx-triple-verre-trempe-amovible-double-camera-semi-tour-compatible-avec-cartes-meres-a-connecteurs-inverses-support-refroidissement-liquide-noir\/#breadcrumb\",\"itemListElement\":[{\"@type\":\"ListItem\",\"position\":1,\"name\":\"Accueil\",\"item\":\"https:\/\/proplaystore.lu\/\"},{\"@type\":\"ListItem\",\"position\":2,\"name\":\"Shop\",\"item\":\"https:\/\/proplaystore.lu\/index.php\/shop\/\"},{\"@type\":\"ListItem\",\"position\":3,\"name\":\"Mars Gaming MC-3TCORE, Bo\u00eetier Gaming Custom ATX, Triple Verre Tremp\u00e9 Amovible, Double Cam\u00e9ra, Semi-Tour Compatible avec Cartes-m\u00e8res \u00e0 Connecteurs Invers\u00e9s, Support Refroidissement Liquide, Noir\"}]},{\"@type\":\"WebSite\",\"@id\":\"https:\/\/proplaystore.lu\/#website\",\"url\":\"https:\/\/proplaystore.lu\/\",\"name\":\"ProPlaystore\",\"description\":\"proplaysre\",\"potentialAction\":[{\"@type\":\"SearchAction\",\"target\":{\"@type\":\"EntryPoint\",\"urlTemplate\":\"https:\/\/proplaystore.lu\/?s={search_term_string}\"},\"query-input\":{\"@type\":\"PropertyValueSpecification\",\"valueRequired\":true,\"valueName\":\"search_term_string\"}}],\"inLanguage\":\"en-US\"}]}<\/script>\n<!-- \/ Yoast SEO plugin. -->","yoast_head_json":{"title":"Mars Gaming MC-3TCORE, Bo\u00eetier Gaming Custom ATX, Triple Verre Tremp\u00e9 Amovible, Double Cam\u00e9ra, Semi-Tour Compatible avec Cartes-m\u00e8res \u00e0 Connecteurs Invers\u00e9s, Support Refroidissement Liquide, Noir - ProPlaystore","robots":{"index":"index","follow":"follow","max-snippet":"max-snippet:-1","max-image-preview":"max-image-preview:large","max-video-preview":"max-video-preview:-1"},"canonical":"https:\/\/proplaystore.lu\/index.php\/produit\/mars-gaming-mc-3tcore-boitier-gaming-custom-atx-triple-verre-trempe-amovible-double-camera-semi-tour-compatible-avec-cartes-meres-a-connecteurs-inverses-support-refroidissement-liquide-noir\/","og_locale":"en_US","og_type":"article","og_title":"Mars Gaming MC-3TCORE, Bo\u00eetier Gaming Custom ATX, Triple Verre Tremp\u00e9 Amovible, Double Cam\u00e9ra, Semi-Tour Compatible avec Cartes-m\u00e8res \u00e0 Connecteurs Invers\u00e9s, Support Refroidissement Liquide, Noir - ProPlaystore","og_description":"ESIGN PERSONNALIS\u00c9 AVEC TRIPLE VITRAGE TEMP\u00c9R\u00c9 : Le bo\u00eetier ATX MC-3TCORE vous permet de construire votre PC sans limites gr\u00e2ce \u00e0 son concept personnalis\u00e9, sans extras d'usine inutiles, offrant une libert\u00e9 totale pour le personnaliser selon vos pr\u00e9f\u00e9rences ; De plus, il offre une vue panoramique spectaculaire gr\u00e2ce \u00e0 ses trois panneaux amovibles en verre tremp\u00e9, \u00e0 travers son syst\u00e8me d'ancrage sans vis  DOUBLE CHAMBRE C\u00d4T\u00c9 : La structure \u00e0 double chambre c\u00f4t\u00e9 du MC-3TCORE maximise l'espace interne, optimisant la distribution des composants et le refroidissement ; il comprend \u00e9galement 7 emplacements d'extension, un support pour les cartes graphiques jusqu'\u00e0 410 mm de long et un espace pour 2 disques durs de 3,5\" et jusqu'\u00e0 3 disques durs SSD de 2,5\"  REFROIDISSEMENT OPTIMIS\u00c9 : \u00c9quip\u00e9 de panneaux lat\u00e9raux et sup\u00e9rieurs en mesh, le bo\u00eetier de jeu MC-3TCORE peut accueillir jusqu'\u00e0 10 ventilateurs de 120 mm, des syst\u00e8mes de refroidissement liquide jusqu'\u00e0 360 mm sur le panneau sup\u00e9rieur et peut accueillir des refroidisseurs de CPU d'une hauteur maximale de 161 mm  COMPATIBILIT\u00c9 AVEC LA CARTE M\u00c8RE \u00c0 CONNEXION INVERSE : Le bo\u00eetier MC-3TCORE est compatible avec les cartes m\u00e8res ATX \u00e0 connexion arri\u00e8re ; cette conception innovante de la connexion de la carte m\u00e8re am\u00e9liore le flux d'air et le refroidissement, facilitant une gestion des c\u00e2bles plus efficace et mieux organis\u00e9e  CONNECTIVIT\u00c9 ET FONCTIONNALIT\u00c9 : Le bo\u00eetier MC-3TCORE assure une connectivit\u00e9 ultra-rapide pour tous vos p\u00e9riph\u00e9riques gr\u00e2ce \u00e0 ses connexions USB 3.0, USB 2.0, USB-C, microphone et audio HD ; il est \u00e9galement dot\u00e9 d'un filtre \u00e0 poussi\u00e8re magn\u00e9tique sup\u00e9rieur et inf\u00e9rieur et d'un syst\u00e8me de gestion interne des c\u00e2bles compatible avec les cartes m\u00e8res back-pluggable","og_url":"https:\/\/proplaystore.lu\/index.php\/produit\/mars-gaming-mc-3tcore-boitier-gaming-custom-atx-triple-verre-trempe-amovible-double-camera-semi-tour-compatible-avec-cartes-meres-a-connecteurs-inverses-support-refroidissement-liquide-noir\/","og_site_name":"ProPlaystore","article_modified_time":"2025-08-22T21:41:21+00:00","og_image":[{"width":679,"height":727,"url":"https:\/\/proplaystore.lu\/wp-content\/uploads\/2025\/08\/71Qm3Deh3pL._AC_SX679_.jpg","type":"image\/jpeg"}],"twitter_card":"summary_large_image","twitter_misc":{"Est. reading time":"1 minute"},"schema":{"@context":"https:\/\/schema.org","@graph":[{"@type":"WebPage","@id":"https:\/\/proplaystore.lu\/index.php\/produit\/mars-gaming-mc-3tcore-boitier-gaming-custom-atx-triple-verre-trempe-amovible-double-camera-semi-tour-compatible-avec-cartes-meres-a-connecteurs-inverses-support-refroidissement-liquide-noir\/","url":"https:\/\/proplaystore.lu\/index.php\/produit\/mars-gaming-mc-3tcore-boitier-gaming-custom-atx-triple-verre-trempe-amovible-double-camera-semi-tour-compatible-avec-cartes-meres-a-connecteurs-inverses-support-refroidissement-liquide-noir\/","name":"Mars Gaming MC-3TCORE, Bo\u00eetier Gaming Custom ATX, Triple Verre Tremp\u00e9 Amovible, Double Cam\u00e9ra, Semi-Tour Compatible avec Cartes-m\u00e8res \u00e0 Connecteurs Invers\u00e9s, Support Refroidissement Liquide, Noir - ProPlaystore","isPartOf":{"@id":"https:\/\/proplaystore.lu\/#website"},"primaryImageOfPage":{"@id":"https:\/\/proplaystore.lu\/index.php\/produit\/mars-gaming-mc-3tcore-boitier-gaming-custom-atx-triple-verre-trempe-amovible-double-camera-semi-tour-compatible-avec-cartes-meres-a-connecteurs-inverses-support-refroidissement-liquide-noir\/#primaryimage"},"image":{"@id":"https:\/\/proplaystore.lu\/index.php\/produit\/mars-gaming-mc-3tcore-boitier-gaming-custom-atx-triple-verre-trempe-amovible-double-camera-semi-tour-compatible-avec-cartes-meres-a-connecteurs-inverses-support-refroidissement-liquide-noir\/#primaryimage"},"thumbnailUrl":"https:\/\/proplaystore.lu\/wp-content\/uploads\/2025\/08\/71Qm3Deh3pL._AC_SX679_.jpg","datePublished":"2025-08-22T21:39:47+00:00","dateModified":"2025-08-22T21:41:21+00:00","breadcrumb":{"@id":"https:\/\/proplaystore.lu\/index.php\/produit\/mars-gaming-mc-3tcore-boitier-gaming-custom-atx-triple-verre-trempe-amovible-double-camera-semi-tour-compatible-avec-cartes-meres-a-connecteurs-inverses-support-refroidissement-liquide-noir\/#breadcrumb"},"inLanguage":"en-US","potentialAction":[{"@type":"ReadAction","target":["https:\/\/proplaystore.lu\/index.php\/produit\/mars-gaming-mc-3tcore-boitier-gaming-custom-atx-triple-verre-trempe-amovible-double-camera-semi-tour-compatible-avec-cartes-meres-a-connecteurs-inverses-support-refroidissement-liquide-noir\/"]}]},{"@type":"ImageObject","inLanguage":"en-US","@id":"https:\/\/proplaystore.lu\/index.php\/produit\/mars-gaming-mc-3tcore-boitier-gaming-custom-atx-triple-verre-trempe-amovible-double-camera-semi-tour-compatible-avec-cartes-meres-a-connecteurs-inverses-support-refroidissement-liquide-noir\/#primaryimage","url":"https:\/\/proplaystore.lu\/wp-content\/uploads\/2025\/08\/71Qm3Deh3pL._AC_SX679_.jpg","contentUrl":"https:\/\/proplaystore.lu\/wp-content\/uploads\/2025\/08\/71Qm3Deh3pL._AC_SX679_.jpg","width":679,"height":727},{"@type":"BreadcrumbList","@id":"https:\/\/proplaystore.lu\/index.php\/produit\/mars-gaming-mc-3tcore-boitier-gaming-custom-atx-triple-verre-trempe-amovible-double-camera-semi-tour-compatible-avec-cartes-meres-a-connecteurs-inverses-support-refroidissement-liquide-noir\/#breadcrumb","itemListElement":[{"@type":"ListItem","position":1,"name":"Accueil","item":"https:\/\/proplaystore.lu\/"},{"@type":"ListItem","position":2,"name":"Shop","item":"https:\/\/proplaystore.lu\/index.php\/shop\/"},{"@type":"ListItem","position":3,"name":"Mars Gaming MC-3TCORE, Bo\u00eetier Gaming Custom ATX, Triple Verre Tremp\u00e9 Amovible, Double Cam\u00e9ra, Semi-Tour Compatible avec Cartes-m\u00e8res \u00e0 Connecteurs Invers\u00e9s, Support Refroidissement Liquide, Noir"}]},{"@type":"WebSite","@id":"https:\/\/proplaystore.lu\/#website","url":"https:\/\/proplaystore.lu\/","name":"ProPlaystore","description":"proplaysre","potentialAction":[{"@type":"SearchAction","target":{"@type":"EntryPoint","urlTemplate":"https:\/\/proplaystore.lu\/?s={search_term_string}"},"query-input":{"@type":"PropertyValueSpecification","valueRequired":true,"valueName":"search_term_string"}}],"inLanguage":"en-US"}]}},"_links":{"self":[{"href":"https:\/\/proplaystore.lu\/index.php\/wp-json\/wp\/v2\/product\/8087","targetHints":{"allow":["GET"]}}],"collection":[{"href":"https:\/\/proplaystore.lu\/index.php\/wp-json\/wp\/v2\/product"}],"about":[{"href":"https:\/\/proplaystore.lu\/index.php\/wp-json\/wp\/v2\/types\/product"}],"replies":[{"embeddable":true,"href":"https:\/\/proplaystore.lu\/index.php\/wp-json\/wp\/v2\/comments?post=8087"}],"wp:featuredmedia":[{"embeddable":true,"href":"https:\/\/proplaystore.lu\/index.php\/wp-json\/wp\/v2\/media\/8092"}],"wp:attachment":[{"href":"https:\/\/proplaystore.lu\/index.php\/wp-json\/wp\/v2\/media?parent=8087"}],"wp:term":[{"taxonomy":"product_brand","embeddable":true,"href":"https:\/\/proplaystore.lu\/index.php\/wp-json\/wp\/v2\/product_brand?post=8087"},{"taxonomy":"product_cat","embeddable":true,"href":"https:\/\/proplaystore.lu\/index.php\/wp-json\/wp\/v2\/product_cat?post=8087"},{"taxonomy":"product_tag","embeddable":true,"href":"https:\/\/proplaystore.lu\/index.php\/wp-json\/wp\/v2\/product_tag?post=8087"}],"curies":[{"name":"wp","href":"https:\/\/api.w.org\/{rel}","templated":true}]}}